Warning: file(http://www.wunderground.com/climate/extremes.asp): failed to open stream: HTTP request failed! HTTP/1.0 500 Internal Server Error in /homepages/6/d330860172/htdocs/usaextremes.php on line 55

Warning: implode(): Invalid arguments passed in /homepages/6/d330860172/htdocs/usaextremes.php on line 55

NOAA Style Climate Reports for Lebanon, TN

NOAA style reports

NOAA-style Climate Reports

2018: Jan | Feb | Mar | Apr | May | Jun | Jul | Aug | Sep | Oct | Nov | Dec 
2017: Jan | Feb | Mar | Apr | May | Jun | Jul | Aug | Sep | Oct | Nov | Dec 
2016: Jan | Feb | Mar | Apr | May | Jun | Jul | Aug | Sep | Oct | Nov | Dec 
2015: Jan | Feb | Mar | Apr | May | Jun | Jul | Aug | Sep | Oct | Nov | Dec 
2014: Jan | Feb | Mar | Apr | May | Jun | Jul | Aug | Sep | Oct | Nov | Dec 
2013: Jan | Feb | Mar | Apr | May | Jun | Jul | Aug | Sep | Oct | Nov | Dec 
2012: Jan | Feb | Mar | Apr | May | Jun | Jul | Aug | Sep | Oct | Nov | Dec 
2011: Jan | Feb | Mar | Apr | May | Jun | Jul | Aug | Sep | Oct | Nov | Dec 
2010: Jan | Feb | Mar | Apr | May | Jun | Jul | Aug | Sep | Oct | Nov | Dec 
2009: Jan | Feb | Mar | Apr | May | Jun | Jul | Aug | Sep | Oct | Nov | Dec 
2008: Jan | Feb | Mar | Apr | May | Jun | Jul | Aug | Sep | Oct | Nov | Dec 
2007: Jan | Feb | Mar | Apr | May | Jun | Jul | Aug | Sep | Oct | Nov | Dec 
2006: Jan | Feb | Mar | Apr | May | Jun | Jul | Aug | Sep | Oct | Nov | Dec 
2005: Jan | Feb | Mar | Apr | May | Jun | Jul | Aug | Sep | Oct | Nov | Dec 
2004: Jan | Feb | Mar | Apr | May | Jun | Jul | Aug | Sep | Oct | Nov | Dec 
2003: Jan | Feb | Mar | Apr | May | Jun | Jul | Aug | Sep | Oct | Nov | Dec 
2002: Jan | Feb | Mar | Apr | May | Jun | Jul | Aug | Sep | Oct | Nov | Dec 
2001: Jan | Feb | Mar | Apr | May | Jun | Jul | Aug | Sep | Oct | Nov | Dec 
2000: Jan | Feb | Mar | Apr | May | Jun | Jul | Aug | Sep | Oct | Nov | Dec 
1999: Jan | Feb | Mar | Apr | May | Jun | Jul | Aug | Sep | Oct | Nov | Dec 
1998: Jan | Feb | Mar | Apr | May | Jun | Jul | Aug | Sep | Oct | Nov | Dec 
1997: Jan | Feb | Mar | Apr | May | Jun | Jul | Aug | Sep | Oct | Nov | Dec 
1996: Jan | Feb | Mar | Apr | May | Jun | Jul | Aug | Sep | Oct | Nov | Dec 
1995: Jan | Feb | Mar | Apr | May | Jun | Jul | Aug | Sep | Oct | Nov | Dec 

Report for 2018 02
MONTHLY CLIMATOLOGICAL SUMMARY for FEB. 2018 NAME: HornSpri CITY: Lebanon STATE: TN ELEV: 612 ft LAT: 36 14' 05" N LONG: 86 22' 55" W TEMPERATURE (F), RAIN (in), WIND SPEED (mph) HEAT COOL AVG MEAN DEG DEG WIND DOM DAY TEMP HIGH TIME LOW TIME DAYS DAYS RAIN SPEED HIGH TIME DIR ------------------------------------------------------------------------------------ 1 39.9 53.4 11:33 26.4 23:59 25.1 0.0 0.29 5.0 23.0 21:50 NW 2 24.5 31.2 14:53 17.8 7:38 40.5 0.0 0.00 3.5 20.0 7:31 NW 3 34.8 49.1 16:17 20.4 5:48 30.3 0.0 0.02 2.4 20.0 23:05 SSE 4 38.3 48.6 15:36 28.0 23:58 26.7 0.0 0.69 3.7 27.0 20:52 WNW 5 31.2 39.1 16:36 23.3 6:58 33.8 0.0 0.00 2.6 17.0 0:39 E 6 37.9 43.5 14:48 32.3 0:01 27.1 0.0 0.68 1.5 10.0 11:23 NE 7 38.6 48.0 2:45 29.2 23:21 26.4 0.0 0.97 0.7 13.0 12:55 NW 8 34.2 46.4 16:12 22.0 6:33 30.8 0.0 0.00 0.1 6.0 0:08 NNE 9 46.5 64.9 14:42 28.0 7:07 18.5 0.0 0.00 2.3 17.0 13:06 S 10 54.5 59.6 23:33 49.5 2:03 10.5 0.0 2.44 0.6 9.0 3:19 S 11 47.4 62.4 10:17 32.4 23:59 17.6 0.0 0.54 0.0 1.0 13:53 W 12 34.8 38.0 21:16 31.7 3:46 30.2 0.0 0.00 0.0 0.0 --- --- 13 50.1 62.8 16:03 37.4 0:45 14.9 0.0 0.00 0.0 0.0 --- --- 14 58.7 62.1 23:51 55.3 1:38 6.3 0.0 0.39 0.0 0.0 --- --- 15 68.8 75.5 16:23 62.1 0:01 0.0 3.8 0.00 0.0 0.0 --- --- 16 55.5 69.5 0:04 41.4 23:40 9.5 0.0 0.28 3.1 24.0 9:25 SSW 17 43.3 46.8 20:03 39.9 2:20 21.7 0.0 1.20 0.1 7.0 3:38 NE 18 47.8 60.5 15:22 35.0 6:41 17.3 0.0 0.00 0.0 0.0 --- --- 19 20 21 22 23 24 25 26 27 28 ------------------------------------------------------------------------------------- 43.7 75.5 15 17.8 2 387.1 3.8 7.50 1.4 27.0 4 NW Max >= 90.0: 0 Max <= 32.0: 1 Min <= 32.0: 9 Min <= 0.0: 0 Max Rain: 2.44 ON 02/10/18 Days of Rain: 10 (>.01 in) 9 (>.1 in) 2 (>1 in) Heat Base: 65.0 Cool Base: 65.0 Method: (High + Low) / 2