NOAA Style Climate Reports for Lebanon, TN

NOAA style reports

NOAA-style Climate Reports

2017: Jan | Feb | Mar | Apr | May | Jun | Jul | Aug | Sep | Oct | Nov | Dec 
2016: Jan | Feb | Mar | Apr | May | Jun | Jul | Aug | Sep | Oct | Nov | Dec 
2015: Jan | Feb | Mar | Apr | May | Jun | Jul | Aug | Sep | Oct | Nov | Dec 
2014: Jan | Feb | Mar | Apr | May | Jun | Jul | Aug | Sep | Oct | Nov | Dec 
2013: Jan | Feb | Mar | Apr | May | Jun | Jul | Aug | Sep | Oct | Nov | Dec 
2012: Jan | Feb | Mar | Apr | May | Jun | Jul | Aug | Sep | Oct | Nov | Dec 
2011: Jan | Feb | Mar | Apr | May | Jun | Jul | Aug | Sep | Oct | Nov | Dec 
2010: Jan | Feb | Mar | Apr | May | Jun | Jul | Aug | Sep | Oct | Nov | Dec 
2009: Jan | Feb | Mar | Apr | May | Jun | Jul | Aug | Sep | Oct | Nov | Dec 
2008: Jan | Feb | Mar | Apr | May | Jun | Jul | Aug | Sep | Oct | Nov | Dec 
2007: Jan | Feb | Mar | Apr | May | Jun | Jul | Aug | Sep | Oct | Nov | Dec 
2006: Jan | Feb | Mar | Apr | May | Jun | Jul | Aug | Sep | Oct | Nov | Dec 
2005: Jan | Feb | Mar | Apr | May | Jun | Jul | Aug | Sep | Oct | Nov | Dec 
2004: Jan | Feb | Mar | Apr | May | Jun | Jul | Aug | Sep | Oct | Nov | Dec 
2003: Jan | Feb | Mar | Apr | May | Jun | Jul | Aug | Sep | Oct | Nov | Dec 
2002: Jan | Feb | Mar | Apr | May | Jun | Jul | Aug | Sep | Oct | Nov | Dec 
2001: Jan | Feb | Mar | Apr | May | Jun | Jul | Aug | Sep | Oct | Nov | Dec 
2000: Jan | Feb | Mar | Apr | May | Jun | Jul | Aug | Sep | Oct | Nov | Dec 
1999: Jan | Feb | Mar | Apr | May | Jun | Jul | Aug | Sep | Oct | Nov | Dec 
1998: Jan | Feb | Mar | Apr | May | Jun | Jul | Aug | Sep | Oct | Nov | Dec 
1997: Jan | Feb | Mar | Apr | May | Jun | Jul | Aug | Sep | Oct | Nov | Dec 
1996: Jan | Feb | Mar | Apr | May | Jun | Jul | Aug | Sep | Oct | Nov | Dec 
1995: Jan | Feb | Mar | Apr | May | Jun | Jul | Aug | Sep | Oct | Nov | Dec 

Report for 2017 04
MONTHLY CLIMATOLOGICAL SUMMARY for APR. 2017 NAME: HornSpri CITY: Lebanon STATE: TN ELEV: 612 ft LAT: 36 14' 05" N LONG: 86 22' 55" W TEMPERATURE (F), RAIN (in), WIND SPEED (mph) HEAT COOL AVG MEAN DEG DEG WIND DOM DAY TEMP HIGH TIME LOW TIME DAYS DAYS RAIN SPEED HIGH TIME DIR ------------------------------------------------------------------------------------ 1 53.5 60.7 17:38 46.3 23:59 11.5 0.0 0.00 2.6 12.0 9:13 NNW 2 61.9 81.9 17:16 41.9 7:05 3.1 0.0 0.00 1.3 11.0 17:26 ENE 3 66.1 72.5 17:14 59.7 10:05 0.0 1.1 0.17 5.4 28.0 00:00 S 4 69.3 80.4 16:04 58.2 6:44 0.0 4.3 0.01 3.6 27.0 1:28 SW 5 67.7 82.1 15:41 53.3 23:58 0.0 2.7 0.00 6.9 36.0 18:08 S 6 49.8 57.2 17:52 42.4 6:13 15.2 0.0 0.09 8.1 31.0 15:08 WSW 7 51.8 61.8 16:18 41.9 7:02 13.2 0.0 0.00 3.9 23.0 11:41 W 8 54.3 71.8 16:00 36.8 6:56 10.7 0.0 0.00 0.7 11.0 16:14 ESE 9 61.3 78.8 16:22 43.8 6:39 3.7 0.0 0.00 3.1 18.0 15:23 S 10 69.9 79.1 17:23 60.7 6:45 0.0 4.9 0.00 4.5 21.0 10:26 S 11 69.2 79.3 13:04 59.1 23:54 0.0 4.2 0.13 3.1 23.0 19:26 S 12 65.4 79.4 15:36 51.4 7:10 0.0 0.4 0.01 1.5 16.0 0:22 NNE 13 65.9 85.3 16:39 46.4 6:44 0.0 0.9 0.00 0.8 11.0 13:38 ENE 14 70.3 89.2 15:14 51.4 6:28 0.0 5.3 0.00 0.7 12.0 16:14 SW 15 75.0 83.4 14:10 66.6 6:33 0.0 10.0 0.00 3.0 19.0 16:18 S 16 73.1 82.9 15:34 63.2 6:57 0.0 8.1 0.21 2.8 19.0 13:03 S 17 70.4 79.0 14:18 61.8 00:00 0.0 5.4 0.77 1.0 13.0 18:00 NW 18 69.1 76.7 14:01 61.5 4:26 0.0 4.1 0.73 0.7 13.0 19:01 ESE 19 73.1 82.7 16:48 63.4 0:20 0.0 8.1 0.01 1.6 19.0 16:44 SSW 20 75.4 85.4 15:36 65.3 6:20 0.0 10.4 0.02 2.6 21.0 13:52 SSW 21 67.7 72.8 12:56 62.5 23:59 0.0 2.7 0.56 0.9 11.0 10:53 NW 22 57.3 62.5 0:01 52.0 21:01 7.8 0.0 2.02 2.8 21.0 7:59 NE 23 51.4 53.0 00:00 49.8 4:40 13.6 0.0 0.46 3.3 17.0 18:32 NNW 24 60.7 68.5 17:19 52.9 0:01 4.3 0.0 0.00 1.3 10.0 8:47 NNW 25 64.8 77.9 17:31 51.8 6:40 0.2 0.0 0.00 0.4 8.0 10:28 WSW 26 71.4 82.8 15:24 60.1 5:12 0.0 6.4 0.00 1.8 13.0 12:51 SSE 27 63.0 73.0 0:51 53.1 23:58 2.0 0.0 0.29 3.0 19.0 10:14 SW 28 66.9 81.7 17:14 52.1 4:02 0.0 1.9 0.00 1.6 15.0 10:39 SSE 29 75.9 77.7 0:16 74.1 6:17 0.0 10.9 0.00 1.1 11.0 0:06 S 30 ------------------------------------------------------------------------------------- 65.2 89.2 14 36.8 8 85.1 91.6 5.48 2.6 36.0 5 S Max >= 90.0: 0 Max <= 32.0: 0 Min <= 32.0: 0 Min <= 0.0: 0 Max Rain: 2.02 ON 04/22/17 Days of Rain: 11 (>.01 in) 9 (>.1 in) 1 (>1 in) Heat Base: 65.0 Cool Base: 65.0 Method: (High + Low) / 2