NOAA Style Climate Reports for Lebanon, TN

NOAA style reports

NOAA-style Climate Reports

2017: Jan | Feb | Mar | Apr | May | Jun | Jul | Aug | Sep | Oct | Nov | Dec 
2016: Jan | Feb | Mar | Apr | May | Jun | Jul | Aug | Sep | Oct | Nov | Dec 
2015: Jan | Feb | Mar | Apr | May | Jun | Jul | Aug | Sep | Oct | Nov | Dec 
2014: Jan | Feb | Mar | Apr | May | Jun | Jul | Aug | Sep | Oct | Nov | Dec 
2013: Jan | Feb | Mar | Apr | May | Jun | Jul | Aug | Sep | Oct | Nov | Dec 
2012: Jan | Feb | Mar | Apr | May | Jun | Jul | Aug | Sep | Oct | Nov | Dec 
2011: Jan | Feb | Mar | Apr | May | Jun | Jul | Aug | Sep | Oct | Nov | Dec 
2010: Jan | Feb | Mar | Apr | May | Jun | Jul | Aug | Sep | Oct | Nov | Dec 
2009: Jan | Feb | Mar | Apr | May | Jun | Jul | Aug | Sep | Oct | Nov | Dec 
2008: Jan | Feb | Mar | Apr | May | Jun | Jul | Aug | Sep | Oct | Nov | Dec 
2007: Jan | Feb | Mar | Apr | May | Jun | Jul | Aug | Sep | Oct | Nov | Dec 
2006: Jan | Feb | Mar | Apr | May | Jun | Jul | Aug | Sep | Oct | Nov | Dec 
2005: Jan | Feb | Mar | Apr | May | Jun | Jul | Aug | Sep | Oct | Nov | Dec 
2004: Jan | Feb | Mar | Apr | May | Jun | Jul | Aug | Sep | Oct | Nov | Dec 
2003: Jan | Feb | Mar | Apr | May | Jun | Jul | Aug | Sep | Oct | Nov | Dec 
2002: Jan | Feb | Mar | Apr | May | Jun | Jul | Aug | Sep | Oct | Nov | Dec 
2001: Jan | Feb | Mar | Apr | May | Jun | Jul | Aug | Sep | Oct | Nov | Dec 
2000: Jan | Feb | Mar | Apr | May | Jun | Jul | Aug | Sep | Oct | Nov | Dec 
1999: Jan | Feb | Mar | Apr | May | Jun | Jul | Aug | Sep | Oct | Nov | Dec 
1998: Jan | Feb | Mar | Apr | May | Jun | Jul | Aug | Sep | Oct | Nov | Dec 
1997: Jan | Feb | Mar | Apr | May | Jun | Jul | Aug | Sep | Oct | Nov | Dec 
1996: Jan | Feb | Mar | Apr | May | Jun | Jul | Aug | Sep | Oct | Nov | Dec 
1995: Jan | Feb | Mar | Apr | May | Jun | Jul | Aug | Sep | Oct | Nov | Dec 

Report for 2017 06
MONTHLY CLIMATOLOGICAL SUMMARY for JUN. 2017 NAME: HornSpri CITY: Lebanon STATE: TN ELEV: 612 ft LAT: 36 14' 05" N LONG: 86 22' 55" W TEMPERATURE (F), RAIN (in), WIND SPEED (mph) HEAT COOL AVG MEAN DEG DEG WIND DOM DAY TEMP HIGH TIME LOW TIME DAYS DAYS RAIN SPEED HIGH TIME DIR ------------------------------------------------------------------------------------ 1 74.7 86.3 16:39 63.1 2:21 0.0 9.7 0.00 0.7 10.0 2:28 SW 2 76.1 89.0 15:19 63.2 5:43 0.0 11.1 0.00 0.7 9.0 11:29 NE 3 76.9 90.2 15:43 63.7 6:02 0.0 11.9 0.00 1.4 10.0 11:02 ENE 4 74.6 82.7 16:26 66.6 7:15 0.0 9.6 0.39 0.3 7.0 12:36 SW 5 71.4 74.7 17:43 68.1 23:50 0.0 6.4 1.18 0.5 12.0 10:18 SW 6 72.3 79.5 13:18 65.1 00:00 0.0 7.3 0.01 1.3 13.0 15:57 NNE 7 66.9 79.5 13:29 54.3 6:13 0.0 1.9 0.00 2.3 18.0 13:19 N 8 66.4 77.9 15:16 54.9 5:45 0.0 1.4 0.00 1.4 13.0 11:39 NNW 9 68.2 84.2 16:25 52.2 6:04 0.0 3.2 0.00 0.4 8.0 15:42 NNW 10 72.1 86.3 16:18 57.8 5:25 0.0 7.1 0.00 0.9 15.0 12:40 SW 11 78.8 90.0 14:43 67.5 6:20 0.0 13.8 0.00 0.5 12.0 12:58 SSW 12 83.1 92.4 16:14 73.7 6:02 0.0 18.1 0.00 0.4 10.0 14:20 SW 13 83.1 93.6 15:35 72.7 5:58 0.0 18.1 0.02 0.6 12.0 13:33 SW 14 82.3 93.7 16:43 71.0 4:46 0.0 17.3 0.01 0.9 13.0 10:15 SW 15 76.7 85.7 11:05 67.7 12:52 0.0 11.7 0.80 0.6 36.0 11:13 SW 16 77.7 87.3 17:20 68.1 1:22 0.0 12.7 0.00 0.6 10.0 12:02 SW 17 79.4 91.0 15:28 67.8 4:05 0.0 14.4 0.00 0.9 11.0 14:13 SW 18 79.3 89.2 12:52 69.5 23:42 0.0 14.3 1.57 0.9 28.0 13:42 SW 19 75.6 85.5 16:24 65.7 23:57 0.0 10.6 0.00 1.4 14.0 16:28 SW 20 75.6 89.2 16:00 62.0 5:42 0.0 10.6 0.00 0.1 7.0 14:10 NW 21 78.8 88.2 15:05 69.4 5:53 0.0 13.8 0.00 0.2 10.0 12:31 SW 22 74.9 79.0 17:33 70.9 8:09 0.0 9.9 0.69 1.2 15.0 12:47 ESE 23 80.2 85.4 11:46 74.9 5:42 0.0 15.2 0.54 2.5 25.0 16:36 SW 24 73.3 76.6 0:26 69.9 6:52 0.0 8.3 0.00 0.8 9.0 2:11 WNW 25 26 27 28 29 30 ------------------------------------------------------------------------------------- 75.8 93.7 14 52.2 9 0.0 258.4 5.21 0.9 36.0 15 SW Max >= 90.0: 6 Max <= 32.0: 0 Min <= 32.0: 0 Min <= 0.0: 0 Max Rain: 1.57 ON 06/18/17 Days of Rain: 7 (>.01 in) 6 (>.1 in) 2 (>1 in) Heat Base: 65.0 Cool Base: 65.0 Method: (High + Low) / 2