Warning: file(http://www.wunderground.com/climate/extremes.asp): failed to open stream: HTTP request failed! HTTP/1.0 500 Internal Server Error in /homepages/6/d330860172/htdocs/usaextremes.php on line 55

Warning: implode(): Invalid arguments passed in /homepages/6/d330860172/htdocs/usaextremes.php on line 55

NOAA Style Climate Reports for Lebanon, TN

NOAA style reports

NOAA-style Climate Reports

2018: Jan | Feb | Mar | Apr | May | Jun | Jul | Aug | Sep | Oct | Nov | Dec 
2017: Jan | Feb | Mar | Apr | May | Jun | Jul | Aug | Sep | Oct | Nov | Dec 
2016: Jan | Feb | Mar | Apr | May | Jun | Jul | Aug | Sep | Oct | Nov | Dec 
2015: Jan | Feb | Mar | Apr | May | Jun | Jul | Aug | Sep | Oct | Nov | Dec 
2014: Jan | Feb | Mar | Apr | May | Jun | Jul | Aug | Sep | Oct | Nov | Dec 
2013: Jan | Feb | Mar | Apr | May | Jun | Jul | Aug | Sep | Oct | Nov | Dec 
2012: Jan | Feb | Mar | Apr | May | Jun | Jul | Aug | Sep | Oct | Nov | Dec 
2011: Jan | Feb | Mar | Apr | May | Jun | Jul | Aug | Sep | Oct | Nov | Dec 
2010: Jan | Feb | Mar | Apr | May | Jun | Jul | Aug | Sep | Oct | Nov | Dec 
2009: Jan | Feb | Mar | Apr | May | Jun | Jul | Aug | Sep | Oct | Nov | Dec 
2008: Jan | Feb | Mar | Apr | May | Jun | Jul | Aug | Sep | Oct | Nov | Dec 
2007: Jan | Feb | Mar | Apr | May | Jun | Jul | Aug | Sep | Oct | Nov | Dec 
2006: Jan | Feb | Mar | Apr | May | Jun | Jul | Aug | Sep | Oct | Nov | Dec 
2005: Jan | Feb | Mar | Apr | May | Jun | Jul | Aug | Sep | Oct | Nov | Dec 
2004: Jan | Feb | Mar | Apr | May | Jun | Jul | Aug | Sep | Oct | Nov | Dec 
2003: Jan | Feb | Mar | Apr | May | Jun | Jul | Aug | Sep | Oct | Nov | Dec 
2002: Jan | Feb | Mar | Apr | May | Jun | Jul | Aug | Sep | Oct | Nov | Dec 
2001: Jan | Feb | Mar | Apr | May | Jun | Jul | Aug | Sep | Oct | Nov | Dec 
2000: Jan | Feb | Mar | Apr | May | Jun | Jul | Aug | Sep | Oct | Nov | Dec 
1999: Jan | Feb | Mar | Apr | May | Jun | Jul | Aug | Sep | Oct | Nov | Dec 
1998: Jan | Feb | Mar | Apr | May | Jun | Jul | Aug | Sep | Oct | Nov | Dec 
1997: Jan | Feb | Mar | Apr | May | Jun | Jul | Aug | Sep | Oct | Nov | Dec 
1996: Jan | Feb | Mar | Apr | May | Jun | Jul | Aug | Sep | Oct | Nov | Dec 
1995: Jan | Feb | Mar | Apr | May | Jun | Jul | Aug | Sep | Oct | Nov | Dec 

Report for 1995 07
MONTHLY CLIMATOLOGICAL SUMMARY for JUL. 1995 NAME: HornSpri CITY: Lebanon STATE: TN ELEV: 612 ft LAT: 36 14' 05" N LONG: 86 22' 55" W TEMPERATURE (F), RAIN (in), WIND SPEED (mph) HEAT COOL AVG MEAN DEG DEG WIND DOM DAY TEMP HIGH TIME LOW TIME DAYS DAYS RAIN SPEED HIGH TIME DIR ------------------------------------------------------------------------------------ 1 75.5 88.0 0:08 63.0 0:08 0.0 10.5 2.25 --- --- --- --- 2 70.0 82.0 0:08 58.0 0:08 0.0 5.0 0.00 --- --- --- --- 3 71.5 83.0 0:08 60.0 0:08 0.0 6.5 0.00 --- --- --- --- 4 74.5 87.0 0:08 62.0 0:08 0.0 9.5 0.05 --- --- --- --- 5 79.5 91.0 0:08 68.0 0:08 0.0 14.5 0.62 --- --- --- --- 6 78.0 89.0 0:08 67.0 0:08 0.0 13.0 0.02 --- --- --- --- 7 75.0 87.0 0:08 63.0 0:08 0.0 10.0 0.00 --- --- --- --- 8 75.0 88.0 0:08 62.0 0:08 0.0 10.0 0.00 --- --- --- --- 9 75.5 88.0 0:08 63.0 0:08 0.0 10.5 0.00 --- --- --- --- 10 77.5 90.0 0:08 65.0 0:08 0.0 12.5 0.01 --- --- --- --- 11 79.5 92.0 0:08 67.0 0:08 0.0 14.5 0.00 --- --- --- --- 12 81.5 95.0 0:08 68.0 0:08 0.0 16.5 0.00 --- --- --- --- 13 83.0 97.0 0:08 69.0 0:08 0.0 18.0 0.00 --- --- --- --- 14 84.5 98.0 0:08 71.0 0:08 0.0 19.5 0.00 --- --- --- --- 15 85.0 98.0 0:08 72.0 0:08 0.0 20.0 0.00 --- --- --- --- 16 82.5 95.0 0:08 70.0 0:08 0.0 17.5 0.00 --- --- --- --- 17 83.5 95.0 0:08 72.0 0:08 0.0 18.5 0.00 --- --- --- --- 18 19 75.0 90.0 0:08 60.0 0:08 0.0 10.0 0.00 --- --- --- --- 20 76.0 90.0 0:08 62.0 0:08 0.0 11.0 0.00 --- --- --- --- 21 22 81.0 91.0 0:08 71.0 0:08 0.0 16.0 0.08 --- --- --- --- 23 81.5 93.0 0:08 70.0 0:08 0.0 16.5 0.64 --- --- --- --- 24 80.5 92.0 0:08 69.0 0:08 0.0 15.5 0.10 --- --- --- --- 25 80.0 92.0 0:08 68.0 0:08 0.0 15.0 0.44 --- --- --- --- 26 79.5 91.0 0:08 68.0 0:08 0.0 14.5 0.00 --- --- --- --- 27 81.0 93.0 0:08 69.0 0:08 0.0 16.0 1.64 --- --- --- --- 28 78.0 85.0 0:08 71.0 0:08 0.0 13.0 0.05 --- --- --- --- 29 77.5 87.0 0:08 68.0 0:08 0.0 12.5 0.00 --- --- --- --- 30 82.0 93.0 0:08 71.0 0:08 0.0 17.0 0.00 --- --- --- --- 31 81.5 93.0 0:08 70.0 0:08 0.0 16.5 0.03 --- --- --- --- ------------------------------------------------------------------------------------- 78.8 98.0 14 58.0 2 0.0 400.0 5.93 --- --- --- --- Max >= 90.0: 19 Max <= 32.0: 0 Min <= 32.0: 0 Min <= 0.0: 0 Max Rain: 2.25 ON 07/01/95 Days of Rain: 11 (>.01 in) 5 (>.1 in) 2 (>1 in) Heat Base: 65.0 Cool Base: 65.0 Method: (High + Low) / 2