Warning: file(http://www.wunderground.com/climate/extremes.asp): failed to open stream: HTTP request failed! HTTP/1.0 500 Internal Server Error in /homepages/6/d330860172/htdocs/usaextremes.php on line 55

Warning: implode(): Invalid arguments passed in /homepages/6/d330860172/htdocs/usaextremes.php on line 55

NOAA Style Climate Reports for Lebanon, TN

NOAA style reports

NOAA-style Climate Reports

2018: Jan | Feb | Mar | Apr | May | Jun | Jul | Aug | Sep | Oct | Nov | Dec 
2017: Jan | Feb | Mar | Apr | May | Jun | Jul | Aug | Sep | Oct | Nov | Dec 
2016: Jan | Feb | Mar | Apr | May | Jun | Jul | Aug | Sep | Oct | Nov | Dec 
2015: Jan | Feb | Mar | Apr | May | Jun | Jul | Aug | Sep | Oct | Nov | Dec 
2014: Jan | Feb | Mar | Apr | May | Jun | Jul | Aug | Sep | Oct | Nov | Dec 
2013: Jan | Feb | Mar | Apr | May | Jun | Jul | Aug | Sep | Oct | Nov | Dec 
2012: Jan | Feb | Mar | Apr | May | Jun | Jul | Aug | Sep | Oct | Nov | Dec 
2011: Jan | Feb | Mar | Apr | May | Jun | Jul | Aug | Sep | Oct | Nov | Dec 
2010: Jan | Feb | Mar | Apr | May | Jun | Jul | Aug | Sep | Oct | Nov | Dec 
2009: Jan | Feb | Mar | Apr | May | Jun | Jul | Aug | Sep | Oct | Nov | Dec 
2008: Jan | Feb | Mar | Apr | May | Jun | Jul | Aug | Sep | Oct | Nov | Dec 
2007: Jan | Feb | Mar | Apr | May | Jun | Jul | Aug | Sep | Oct | Nov | Dec 
2006: Jan | Feb | Mar | Apr | May | Jun | Jul | Aug | Sep | Oct | Nov | Dec 
2005: Jan | Feb | Mar | Apr | May | Jun | Jul | Aug | Sep | Oct | Nov | Dec 
2004: Jan | Feb | Mar | Apr | May | Jun | Jul | Aug | Sep | Oct | Nov | Dec 
2003: Jan | Feb | Mar | Apr | May | Jun | Jul | Aug | Sep | Oct | Nov | Dec 
2002: Jan | Feb | Mar | Apr | May | Jun | Jul | Aug | Sep | Oct | Nov | Dec 
2001: Jan | Feb | Mar | Apr | May | Jun | Jul | Aug | Sep | Oct | Nov | Dec 
2000: Jan | Feb | Mar | Apr | May | Jun | Jul | Aug | Sep | Oct | Nov | Dec 
1999: Jan | Feb | Mar | Apr | May | Jun | Jul | Aug | Sep | Oct | Nov | Dec 
1998: Jan | Feb | Mar | Apr | May | Jun | Jul | Aug | Sep | Oct | Nov | Dec 
1997: Jan | Feb | Mar | Apr | May | Jun | Jul | Aug | Sep | Oct | Nov | Dec 
1996: Jan | Feb | Mar | Apr | May | Jun | Jul | Aug | Sep | Oct | Nov | Dec 
1995: Jan | Feb | Mar | Apr | May | Jun | Jul | Aug | Sep | Oct | Nov | Dec 

Report for 1995 08
MONTHLY CLIMATOLOGICAL SUMMARY for AUG. 1995 NAME: HornSpri CITY: Lebanon STATE: TN ELEV: 612 ft LAT: 36 14' 05" N LONG: 86 22' 55" W TEMPERATURE (F), RAIN (in), WIND SPEED (mph) HEAT COOL AVG MEAN DEG DEG WIND DOM DAY TEMP HIGH TIME LOW TIME DAYS DAYS RAIN SPEED HIGH TIME DIR ------------------------------------------------------------------------------------ 1 82.0 95.0 0:08 69.0 0:08 0.0 17.0 0.00 --- --- --- --- 2 81.0 95.0 0:08 67.0 0:08 0.0 16.0 0.55 --- --- --- --- 3 80.5 94.0 0:08 67.0 0:08 0.0 15.5 0.00 --- --- --- --- 4 78.5 88.0 0:08 69.0 0:08 0.0 13.5 0.00 --- --- --- --- 5 82.5 92.0 0:08 73.0 0:08 0.0 17.5 0.04 --- --- --- --- 6 75.0 79.0 0:08 71.0 0:08 0.0 10.0 1.39 --- --- --- --- 7 81.0 89.0 0:08 73.0 0:08 0.0 16.0 0.11 --- --- --- --- 8 81.5 91.0 0:08 72.0 0:08 0.0 16.5 0.35 --- --- --- --- 9 77.5 88.0 0:08 67.0 0:08 0.0 12.5 0.05 --- --- --- --- 10 79.0 88.0 0:08 70.0 0:08 0.0 14.0 0.09 --- --- --- --- 11 81.0 92.0 0:08 70.0 0:08 0.0 16.0 0.00 --- --- --- --- 12 82.5 94.0 0:08 71.0 0:08 0.0 17.5 0.00 --- --- --- --- 13 82.5 95.0 0:08 70.0 0:08 0.0 17.5 0.00 --- --- --- --- 14 83.0 95.0 0:08 71.0 0:08 0.0 18.0 0.00 --- --- --- --- 15 84.5 97.0 0:08 72.0 0:08 0.0 19.5 0.00 --- --- --- --- 16 85.5 97.0 0:08 74.0 0:08 0.0 20.5 0.00 --- --- --- --- 17 85.5 97.0 0:08 74.0 0:08 0.0 20.5 0.00 --- --- --- --- 18 84.5 96.0 0:08 73.0 0:08 0.0 19.5 0.00 --- --- --- --- 19 83.0 95.0 0:08 71.0 0:08 0.0 18.0 0.15 --- --- --- --- 20 21 82.0 94.0 0:08 70.0 0:08 0.0 17.0 0.07 --- --- --- --- 22 80.5 91.0 0:08 70.0 0:08 0.0 15.5 0.00 --- --- --- --- 23 74.0 90.0 0:08 58.0 0:08 0.0 9.0 0.00 --- --- --- --- 24 75.0 91.0 0:08 59.0 0:08 0.0 10.0 0.00 --- --- --- --- 25 78.5 93.0 0:08 64.0 0:08 0.0 13.5 0.00 --- --- --- --- 26 80.0 94.0 0:08 66.0 0:08 0.0 15.0 0.00 --- --- --- --- 27 81.5 92.0 0:08 71.0 0:08 0.0 16.5 0.00 --- --- --- --- 28 81.0 94.0 0:08 68.0 0:08 0.0 16.0 0.00 --- --- --- --- 29 79.0 93.0 0:08 65.0 0:08 0.0 14.0 0.00 --- --- --- --- 30 80.5 96.0 0:08 65.0 0:08 0.0 15.5 0.00 --- --- --- --- 31 84.0 100.0 0:08 68.0 0:08 0.0 19.0 0.00 --- --- --- --- ------------------------------------------------------------------------------------- 80.9 100.0 31 58.0 23 0.0 476.5 2.80 --- --- --- --- Max >= 90.0: 25 Max <= 32.0: 0 Min <= 32.0: 0 Min <= 0.0: 0 Max Rain: 1.39 ON 08/06/95 Days of Rain: 9 (>.01 in) 5 (>.1 in) 1 (>1 in) Heat Base: 65.0 Cool Base: 65.0 Method: (High + Low) / 2