Warning: file(http://www.wunderground.com/climate/extremes.asp): failed to open stream: HTTP request failed! HTTP/1.0 500 Internal Server Error in /homepages/6/d330860172/htdocs/usaextremes.php on line 55

Warning: implode(): Invalid arguments passed in /homepages/6/d330860172/htdocs/usaextremes.php on line 55

NOAA Style Climate Reports for Lebanon, TN

NOAA style reports

NOAA-style Climate Reports

2018: Jan | Feb | Mar | Apr | May | Jun | Jul | Aug | Sep | Oct | Nov | Dec 
2017: Jan | Feb | Mar | Apr | May | Jun | Jul | Aug | Sep | Oct | Nov | Dec 
2016: Jan | Feb | Mar | Apr | May | Jun | Jul | Aug | Sep | Oct | Nov | Dec 
2015: Jan | Feb | Mar | Apr | May | Jun | Jul | Aug | Sep | Oct | Nov | Dec 
2014: Jan | Feb | Mar | Apr | May | Jun | Jul | Aug | Sep | Oct | Nov | Dec 
2013: Jan | Feb | Mar | Apr | May | Jun | Jul | Aug | Sep | Oct | Nov | Dec 
2012: Jan | Feb | Mar | Apr | May | Jun | Jul | Aug | Sep | Oct | Nov | Dec 
2011: Jan | Feb | Mar | Apr | May | Jun | Jul | Aug | Sep | Oct | Nov | Dec 
2010: Jan | Feb | Mar | Apr | May | Jun | Jul | Aug | Sep | Oct | Nov | Dec 
2009: Jan | Feb | Mar | Apr | May | Jun | Jul | Aug | Sep | Oct | Nov | Dec 
2008: Jan | Feb | Mar | Apr | May | Jun | Jul | Aug | Sep | Oct | Nov | Dec 
2007: Jan | Feb | Mar | Apr | May | Jun | Jul | Aug | Sep | Oct | Nov | Dec 
2006: Jan | Feb | Mar | Apr | May | Jun | Jul | Aug | Sep | Oct | Nov | Dec 
2005: Jan | Feb | Mar | Apr | May | Jun | Jul | Aug | Sep | Oct | Nov | Dec 
2004: Jan | Feb | Mar | Apr | May | Jun | Jul | Aug | Sep | Oct | Nov | Dec 
2003: Jan | Feb | Mar | Apr | May | Jun | Jul | Aug | Sep | Oct | Nov | Dec 
2002: Jan | Feb | Mar | Apr | May | Jun | Jul | Aug | Sep | Oct | Nov | Dec 
2001: Jan | Feb | Mar | Apr | May | Jun | Jul | Aug | Sep | Oct | Nov | Dec 
2000: Jan | Feb | Mar | Apr | May | Jun | Jul | Aug | Sep | Oct | Nov | Dec 
1999: Jan | Feb | Mar | Apr | May | Jun | Jul | Aug | Sep | Oct | Nov | Dec 
1998: Jan | Feb | Mar | Apr | May | Jun | Jul | Aug | Sep | Oct | Nov | Dec 
1997: Jan | Feb | Mar | Apr | May | Jun | Jul | Aug | Sep | Oct | Nov | Dec 
1996: Jan | Feb | Mar | Apr | May | Jun | Jul | Aug | Sep | Oct | Nov | Dec 
1995: Jan | Feb | Mar | Apr | May | Jun | Jul | Aug | Sep | Oct | Nov | Dec 

Report for 1995 09
MONTHLY CLIMATOLOGICAL SUMMARY for SEP. 1995 NAME: HornSpri CITY: Lebanon STATE: TN ELEV: 612 ft LAT: 36 14' 05" N LONG: 86 22' 55" W TEMPERATURE (F), RAIN (in), WIND SPEED (mph) HEAT COOL AVG MEAN DEG DEG WIND DOM DAY TEMP HIGH TIME LOW TIME DAYS DAYS RAIN SPEED HIGH TIME DIR ------------------------------------------------------------------------------------ 1 84.0 99.0 0:08 69.0 0:08 0.0 19.0 0.00 --- --- --- --- 2 75.0 95.0 0:08 55.0 0:08 0.0 10.0 0.00 --- --- --- --- 3 67.5 85.0 0:08 50.0 0:08 0.0 2.5 0.00 --- --- --- --- 4 69.5 89.0 0:08 50.0 0:08 0.0 4.5 0.00 --- --- --- --- 5 6 73.5 92.0 0:08 55.0 0:08 0.0 8.5 0.00 --- --- --- --- 7 73.0 92.0 0:08 54.0 0:08 0.0 8.0 0.00 --- --- --- --- 8 72.5 91.0 0:08 54.0 0:08 0.0 7.5 0.00 --- --- --- --- 9 75.5 92.0 0:08 59.0 0:08 0.0 10.5 0.00 --- --- --- --- 10 69.5 74.0 0:08 65.0 0:08 0.0 4.5 0.00 --- --- --- --- 11 70.5 82.0 0:08 59.0 0:08 0.0 5.5 0.00 --- --- --- --- 12 76.0 93.0 0:08 59.0 0:08 0.0 11.0 0.12 --- --- --- --- 13 76.5 86.0 0:08 67.0 0:08 0.0 11.5 2.56 --- --- --- --- 14 71.0 77.0 0:08 65.0 0:08 0.0 6.0 0.64 --- --- --- --- 15 75.5 88.0 0:08 63.0 0:08 0.0 10.5 0.00 --- --- --- --- 16 74.5 86.0 0:08 63.0 0:08 0.0 9.5 0.01 --- --- --- --- 17 70.0 74.0 0:08 66.0 0:08 0.0 5.0 0.85 --- --- --- --- 18 67.5 80.0 0:08 55.0 0:08 0.0 2.5 0.00 --- --- --- --- 19 62.5 75.0 0:08 50.0 0:08 2.5 0.0 0.00 --- --- --- --- 20 68.0 85.0 0:08 51.0 0:08 0.0 3.0 0.02 --- --- --- --- 21 22 65.5 80.0 0:08 51.0 0:08 0.0 0.5 0.01 --- --- --- --- 23 24 56.5 69.0 0:08 44.0 0:08 8.5 0.0 0.00 --- --- --- --- 25 60.5 73.0 0:08 48.0 0:08 4.5 0.0 0.00 --- --- --- --- 26 63.0 73.0 0:08 53.0 0:08 2.0 0.0 0.35 --- --- --- --- 27 28 60.0 74.0 0:08 46.0 0:08 5.0 0.0 0.00 --- --- --- --- 29 62.5 80.0 0:08 45.0 0:08 2.5 0.0 0.00 --- --- --- --- 30 66.0 82.0 0:08 50.0 0:08 0.0 1.0 0.00 --- --- --- --- ------------------------------------------------------------------------------------- 69.5 99.0 1 44.0 24 25.0 141.0 4.56 --- --- --- --- Max >= 90.0: 7 Max <= 32.0: 0 Min <= 32.0: 0 Min <= 0.0: 0 Max Rain: 2.56 ON 09/13/95 Days of Rain: 6 (>.01 in) 5 (>.1 in) 1 (>1 in) Heat Base: 65.0 Cool Base: 65.0 Method: (High + Low) / 2