Warning: file(http://www.wunderground.com/climate/extremes.asp): failed to open stream: HTTP request failed! HTTP/1.0 500 Internal Server Error in /homepages/6/d330860172/htdocs/usaextremes.php on line 55

Warning: implode(): Invalid arguments passed in /homepages/6/d330860172/htdocs/usaextremes.php on line 55

NOAA Style Climate Reports for Lebanon, TN

NOAA style reports

NOAA-style Climate Reports

2018: Jan | Feb | Mar | Apr | May | Jun | Jul | Aug | Sep | Oct | Nov | Dec 
2017: Jan | Feb | Mar | Apr | May | Jun | Jul | Aug | Sep | Oct | Nov | Dec 
2016: Jan | Feb | Mar | Apr | May | Jun | Jul | Aug | Sep | Oct | Nov | Dec 
2015: Jan | Feb | Mar | Apr | May | Jun | Jul | Aug | Sep | Oct | Nov | Dec 
2014: Jan | Feb | Mar | Apr | May | Jun | Jul | Aug | Sep | Oct | Nov | Dec 
2013: Jan | Feb | Mar | Apr | May | Jun | Jul | Aug | Sep | Oct | Nov | Dec 
2012: Jan | Feb | Mar | Apr | May | Jun | Jul | Aug | Sep | Oct | Nov | Dec 
2011: Jan | Feb | Mar | Apr | May | Jun | Jul | Aug | Sep | Oct | Nov | Dec 
2010: Jan | Feb | Mar | Apr | May | Jun | Jul | Aug | Sep | Oct | Nov | Dec 
2009: Jan | Feb | Mar | Apr | May | Jun | Jul | Aug | Sep | Oct | Nov | Dec 
2008: Jan | Feb | Mar | Apr | May | Jun | Jul | Aug | Sep | Oct | Nov | Dec 
2007: Jan | Feb | Mar | Apr | May | Jun | Jul | Aug | Sep | Oct | Nov | Dec 
2006: Jan | Feb | Mar | Apr | May | Jun | Jul | Aug | Sep | Oct | Nov | Dec 
2005: Jan | Feb | Mar | Apr | May | Jun | Jul | Aug | Sep | Oct | Nov | Dec 
2004: Jan | Feb | Mar | Apr | May | Jun | Jul | Aug | Sep | Oct | Nov | Dec 
2003: Jan | Feb | Mar | Apr | May | Jun | Jul | Aug | Sep | Oct | Nov | Dec 
2002: Jan | Feb | Mar | Apr | May | Jun | Jul | Aug | Sep | Oct | Nov | Dec 
2001: Jan | Feb | Mar | Apr | May | Jun | Jul | Aug | Sep | Oct | Nov | Dec 
2000: Jan | Feb | Mar | Apr | May | Jun | Jul | Aug | Sep | Oct | Nov | Dec 
1999: Jan | Feb | Mar | Apr | May | Jun | Jul | Aug | Sep | Oct | Nov | Dec 
1998: Jan | Feb | Mar | Apr | May | Jun | Jul | Aug | Sep | Oct | Nov | Dec 
1997: Jan | Feb | Mar | Apr | May | Jun | Jul | Aug | Sep | Oct | Nov | Dec 
1996: Jan | Feb | Mar | Apr | May | Jun | Jul | Aug | Sep | Oct | Nov | Dec 
1995: Jan | Feb | Mar | Apr | May | Jun | Jul | Aug | Sep | Oct | Nov | Dec 

Report for 1995 10
MONTHLY CLIMATOLOGICAL SUMMARY for OCT. 1995 NAME: HornSpri CITY: Lebanon STATE: TN ELEV: 612 ft LAT: 36 14' 05" N LONG: 86 22' 55" W TEMPERATURE (F), RAIN (in), WIND SPEED (mph) HEAT COOL AVG MEAN DEG DEG WIND DOM DAY TEMP HIGH TIME LOW TIME DAYS DAYS RAIN SPEED HIGH TIME DIR ------------------------------------------------------------------------------------ 1 66.0 82.0 0:08 50.0 0:08 0.0 1.0 0.00 --- --- --- --- 2 69.5 84.0 0:08 55.0 0:08 0.0 4.5 0.00 --- --- --- --- 3 74.0 82.0 0:08 66.0 0:08 0.0 9.0 0.05 --- --- --- --- 4 66.5 70.0 0:08 63.0 0:08 0.0 1.5 0.88 --- --- --- --- 5 67.5 72.0 0:08 63.0 0:08 0.0 2.5 3.46 --- --- --- --- 6 71.0 80.0 0:08 62.0 0:08 0.0 6.0 0.49 --- --- --- --- 7 62.0 76.0 0:08 48.0 0:08 3.0 0.0 0.00 --- --- --- --- 8 54.5 69.0 0:08 40.0 0:08 10.5 0.0 0.00 --- --- --- --- 9 56.0 71.0 0:08 41.0 0:08 9.0 0.0 0.00 --- --- --- --- 10 58.5 76.0 0:08 41.0 0:08 6.5 0.0 0.00 --- --- --- --- 11 62.0 79.0 0:08 45.0 0:08 3.0 0.0 0.00 --- --- --- --- 12 63.5 80.0 0:08 47.0 0:08 1.5 0.0 0.00 --- --- --- --- 13 65.5 83.0 0:08 48.0 0:08 0.0 0.5 0.00 --- --- --- --- 14 65.0 75.0 0:08 55.0 0:08 0.0 0.0 0.20 --- --- --- --- 15 48.0 62.0 0:08 34.0 0:08 17.0 0.0 0.00 --- --- --- --- 16 51.0 68.0 0:08 34.0 0:08 14.0 0.0 0.00 --- --- --- --- 17 51.5 69.0 0:08 34.0 0:08 13.5 0.0 0.00 --- --- --- --- 18 55.0 76.0 0:08 34.0 0:08 10.0 0.0 0.00 --- --- --- --- 19 59.0 78.0 0:08 40.0 0:08 6.0 0.0 0.00 --- --- --- --- 20 61.5 79.0 0:08 44.0 0:08 3.5 0.0 0.37 --- --- --- --- 21 51.0 62.0 0:08 40.0 0:08 14.0 0.0 0.12 --- --- --- --- 22 46.5 61.0 0:08 32.0 0:08 18.5 0.0 0.00 --- --- --- --- 23 52.5 73.0 0:08 32.0 0:08 12.5 0.0 0.00 --- --- --- --- 24 57.5 76.0 0:08 39.0 0:08 7.5 0.0 0.21 --- --- --- --- 25 49.0 66.0 0:08 32.0 0:08 16.0 0.0 0.00 --- --- --- --- 26 48.0 64.0 0:08 32.0 0:08 17.0 0.0 0.00 --- --- --- --- 27 54.0 64.0 0:08 44.0 0:08 11.0 0.0 1.43 --- --- --- --- 28 56.0 62.0 0:08 50.0 0:08 9.0 0.0 0.40 --- --- --- --- 29 46.5 61.0 0:08 32.0 0:08 18.5 0.0 0.00 --- --- --- --- 30 47.0 62.0 0:08 32.0 0:08 18.0 0.0 0.00 --- --- --- --- 31 50.5 63.0 0:08 38.0 0:08 14.5 0.0 0.00 --- --- --- --- ------------------------------------------------------------------------------------- 57.6 84.0 2 32.0 22 254.0 25.0 7.61 --- --- --- --- Max >= 90.0: 0 Max <= 32.0: 0 Min <= 32.0: 6 Min <= 0.0: 0 Max Rain: 3.46 ON 10/05/95 Days of Rain: 10 (>.01 in) 9 (>.1 in) 2 (>1 in) Heat Base: 65.0 Cool Base: 65.0 Method: (High + Low) / 2