Warning: file(http://www.wunderground.com/climate/extremes.asp): failed to open stream: HTTP request failed! HTTP/1.0 500 Internal Server Error in /homepages/6/d330860172/htdocs/usaextremes.php on line 55

Warning: implode(): Invalid arguments passed in /homepages/6/d330860172/htdocs/usaextremes.php on line 55

NOAA Style Climate Reports for Lebanon, TN

NOAA style reports

NOAA-style Climate Reports

2018: Jan | Feb | Mar | Apr | May | Jun | Jul | Aug | Sep | Oct | Nov | Dec 
2017: Jan | Feb | Mar | Apr | May | Jun | Jul | Aug | Sep | Oct | Nov | Dec 
2016: Jan | Feb | Mar | Apr | May | Jun | Jul | Aug | Sep | Oct | Nov | Dec 
2015: Jan | Feb | Mar | Apr | May | Jun | Jul | Aug | Sep | Oct | Nov | Dec 
2014: Jan | Feb | Mar | Apr | May | Jun | Jul | Aug | Sep | Oct | Nov | Dec 
2013: Jan | Feb | Mar | Apr | May | Jun | Jul | Aug | Sep | Oct | Nov | Dec 
2012: Jan | Feb | Mar | Apr | May | Jun | Jul | Aug | Sep | Oct | Nov | Dec 
2011: Jan | Feb | Mar | Apr | May | Jun | Jul | Aug | Sep | Oct | Nov | Dec 
2010: Jan | Feb | Mar | Apr | May | Jun | Jul | Aug | Sep | Oct | Nov | Dec 
2009: Jan | Feb | Mar | Apr | May | Jun | Jul | Aug | Sep | Oct | Nov | Dec 
2008: Jan | Feb | Mar | Apr | May | Jun | Jul | Aug | Sep | Oct | Nov | Dec 
2007: Jan | Feb | Mar | Apr | May | Jun | Jul | Aug | Sep | Oct | Nov | Dec 
2006: Jan | Feb | Mar | Apr | May | Jun | Jul | Aug | Sep | Oct | Nov | Dec 
2005: Jan | Feb | Mar | Apr | May | Jun | Jul | Aug | Sep | Oct | Nov | Dec 
2004: Jan | Feb | Mar | Apr | May | Jun | Jul | Aug | Sep | Oct | Nov | Dec 
2003: Jan | Feb | Mar | Apr | May | Jun | Jul | Aug | Sep | Oct | Nov | Dec 
2002: Jan | Feb | Mar | Apr | May | Jun | Jul | Aug | Sep | Oct | Nov | Dec 
2001: Jan | Feb | Mar | Apr | May | Jun | Jul | Aug | Sep | Oct | Nov | Dec 
2000: Jan | Feb | Mar | Apr | May | Jun | Jul | Aug | Sep | Oct | Nov | Dec 
1999: Jan | Feb | Mar | Apr | May | Jun | Jul | Aug | Sep | Oct | Nov | Dec 
1998: Jan | Feb | Mar | Apr | May | Jun | Jul | Aug | Sep | Oct | Nov | Dec 
1997: Jan | Feb | Mar | Apr | May | Jun | Jul | Aug | Sep | Oct | Nov | Dec 
1996: Jan | Feb | Mar | Apr | May | Jun | Jul | Aug | Sep | Oct | Nov | Dec 
1995: Jan | Feb | Mar | Apr | May | Jun | Jul | Aug | Sep | Oct | Nov | Dec 

Report for 1995 11
MONTHLY CLIMATOLOGICAL SUMMARY for NOV. 1995 NAME: HornSpri CITY: Lebanon STATE: TN ELEV: 612 ft LAT: 36 14' 05" N LONG: 86 22' 55" W TEMPERATURE (F), RAIN (in), WIND SPEED (mph) HEAT COOL AVG MEAN DEG DEG WIND DOM DAY TEMP HIGH TIME LOW TIME DAYS DAYS RAIN SPEED HIGH TIME DIR ------------------------------------------------------------------------------------ 1 58.0 66.0 0:08 50.0 0:08 7.0 0.0 0.00 --- --- --- --- 2 66.0 73.0 0:08 59.0 0:08 0.0 1.0 0.53 --- --- --- --- 3 58.5 77.0 0:08 40.0 0:08 6.5 0.0 0.80 --- --- --- --- 4 36.0 48.0 0:08 24.0 0:08 29.0 0.0 0.00 --- --- --- --- 5 33.0 46.0 0:08 20.0 0:08 32.0 0.0 0.00 --- --- --- --- 6 33.0 40.0 0:08 26.0 0:08 32.0 0.0 0.00 --- --- --- --- 7 42.5 58.0 0:08 27.0 0:08 22.5 0.0 2.02 --- --- --- --- 8 45.5 57.0 0:08 34.0 0:08 19.5 0.0 0.36 --- --- --- --- 9 33.0 42.0 0:08 24.0 0:08 32.0 0.0 0.00 --- --- --- --- 10 40.0 56.0 0:08 24.0 0:08 25.0 0.0 0.00 --- --- --- --- 11 53.5 63.0 0:08 44.0 0:08 11.5 0.0 0.95 --- --- --- --- 12 32.5 47.0 0:08 18.0 0:08 32.5 0.0 0.02 --- --- --- --- 13 32.0 45.0 0:08 19.0 0:08 33.0 0.0 0.00 --- --- --- --- 14 42.5 53.0 0:08 32.0 0:08 22.5 0.0 0.01 --- --- --- --- 15 28.5 38.0 0:08 19.0 0:08 36.5 0.0 0.00 --- --- --- --- 16 32.0 44.0 0:08 20.0 0:08 33.0 0.0 0.00 --- --- --- --- 17 36.5 47.0 0:08 26.0 0:08 28.5 0.0 0.00 --- --- --- --- 18 47.0 63.0 0:08 31.0 0:08 18.0 0.0 0.00 --- --- --- --- 19 47.5 66.0 0:08 29.0 0:08 17.5 0.0 0.00 --- --- --- --- 20 44.5 60.0 0:08 29.0 0:08 20.5 0.0 0.00 --- --- --- --- 21 48.5 67.0 0:08 30.0 0:08 16.5 0.0 0.00 --- --- --- --- 22 37.0 55.0 0:08 19.0 0:08 28.0 0.0 0.00 --- --- --- --- 23 36.0 53.0 0:08 19.0 0:08 29.0 0.0 0.02 --- --- --- --- 24 39.5 49.0 0:08 30.0 0:08 25.5 0.0 0.36 --- --- --- --- 25 34.5 48.0 0:08 21.0 0:08 30.5 0.0 0.00 --- --- --- --- 26 39.5 58.0 0:08 21.0 0:08 25.5 0.0 0.00 --- --- --- --- 27 50.5 69.0 0:08 32.0 0:08 14.5 0.0 0.00 --- --- --- --- 28 51.0 65.0 0:08 37.0 0:08 14.0 0.0 0.02 --- --- --- --- 29 37.0 42.0 0:08 32.0 0:08 28.0 0.0 0.01 --- --- --- --- 30 31.5 43.0 0:08 20.0 0:08 33.5 0.0 0.00 --- --- --- --- ------------------------------------------------------------------------------------- 41.6 77.0 3 18.0 12 704.0 1.0 5.10 --- --- --- --- Max >= 90.0: 0 Max <= 32.0: 0 Min <= 32.0: 24 Min <= 0.0: 0 Max Rain: 2.02 ON 11/07/95 Days of Rain: 9 (>.01 in) 6 (>.1 in) 1 (>1 in) Heat Base: 65.0 Cool Base: 65.0 Method: (High + Low) / 2