Warning: file(http://www.wunderground.com/climate/extremes.asp): failed to open stream: HTTP request failed! HTTP/1.0 500 Internal Server Error in /homepages/6/d330860172/htdocs/usaextremes.php on line 55

Warning: implode(): Invalid arguments passed in /homepages/6/d330860172/htdocs/usaextremes.php on line 55

NOAA Style Climate Reports for Lebanon, TN

NOAA style reports

NOAA-style Climate Reports

2018: Jan | Feb | Mar | Apr | May | Jun | Jul | Aug | Sep | Oct | Nov | Dec 
2017: Jan | Feb | Mar | Apr | May | Jun | Jul | Aug | Sep | Oct | Nov | Dec 
2016: Jan | Feb | Mar | Apr | May | Jun | Jul | Aug | Sep | Oct | Nov | Dec 
2015: Jan | Feb | Mar | Apr | May | Jun | Jul | Aug | Sep | Oct | Nov | Dec 
2014: Jan | Feb | Mar | Apr | May | Jun | Jul | Aug | Sep | Oct | Nov | Dec 
2013: Jan | Feb | Mar | Apr | May | Jun | Jul | Aug | Sep | Oct | Nov | Dec 
2012: Jan | Feb | Mar | Apr | May | Jun | Jul | Aug | Sep | Oct | Nov | Dec 
2011: Jan | Feb | Mar | Apr | May | Jun | Jul | Aug | Sep | Oct | Nov | Dec 
2010: Jan | Feb | Mar | Apr | May | Jun | Jul | Aug | Sep | Oct | Nov | Dec 
2009: Jan | Feb | Mar | Apr | May | Jun | Jul | Aug | Sep | Oct | Nov | Dec 
2008: Jan | Feb | Mar | Apr | May | Jun | Jul | Aug | Sep | Oct | Nov | Dec 
2007: Jan | Feb | Mar | Apr | May | Jun | Jul | Aug | Sep | Oct | Nov | Dec 
2006: Jan | Feb | Mar | Apr | May | Jun | Jul | Aug | Sep | Oct | Nov | Dec 
2005: Jan | Feb | Mar | Apr | May | Jun | Jul | Aug | Sep | Oct | Nov | Dec 
2004: Jan | Feb | Mar | Apr | May | Jun | Jul | Aug | Sep | Oct | Nov | Dec 
2003: Jan | Feb | Mar | Apr | May | Jun | Jul | Aug | Sep | Oct | Nov | Dec 
2002: Jan | Feb | Mar | Apr | May | Jun | Jul | Aug | Sep | Oct | Nov | Dec 
2001: Jan | Feb | Mar | Apr | May | Jun | Jul | Aug | Sep | Oct | Nov | Dec 
2000: Jan | Feb | Mar | Apr | May | Jun | Jul | Aug | Sep | Oct | Nov | Dec 
1999: Jan | Feb | Mar | Apr | May | Jun | Jul | Aug | Sep | Oct | Nov | Dec 
1998: Jan | Feb | Mar | Apr | May | Jun | Jul | Aug | Sep | Oct | Nov | Dec 
1997: Jan | Feb | Mar | Apr | May | Jun | Jul | Aug | Sep | Oct | Nov | Dec 
1996: Jan | Feb | Mar | Apr | May | Jun | Jul | Aug | Sep | Oct | Nov | Dec 
1995: Jan | Feb | Mar | Apr | May | Jun | Jul | Aug | Sep | Oct | Nov | Dec 

Report for 1995 12
MONTHLY CLIMATOLOGICAL SUMMARY for DEC. 1995 NAME: HornSpri CITY: Lebanon STATE: TN ELEV: 612 ft LAT: 36 14' 05" N LONG: 86 22' 55" W TEMPERATURE (F), RAIN (in), WIND SPEED (mph) HEAT COOL AVG MEAN DEG DEG WIND DOM DAY TEMP HIGH TIME LOW TIME DAYS DAYS RAIN SPEED HIGH TIME DIR ------------------------------------------------------------------------------------ 1 37.5 55.0 0:08 20.0 0:08 27.5 0.0 0.00 --- --- --- --- 2 48.5 67.0 0:08 30.0 0:08 16.5 0.0 0.00 --- --- --- --- 3 49.5 68.0 0:08 31.0 0:08 15.5 0.0 0.00 --- --- --- --- 4 48.0 65.0 0:08 31.0 0:08 17.0 0.0 0.54 --- --- --- --- 5 44.0 58.0 0:08 30.0 0:08 21.0 0.0 0.00 --- --- --- --- 6 48.0 62.0 0:08 34.0 0:08 17.0 0.0 0.00 --- --- --- --- 7 37.5 47.0 0:08 28.0 0:08 27.5 0.0 0.22 --- --- --- --- 8 30.5 42.0 0:08 19.0 0:08 34.5 0.0 0.00 --- --- --- --- 9 34.0 43.0 0:08 25.0 0:08 31.0 0.0 0.12 --- --- --- --- 10 15.5 26.0 0:08 5.0 0:08 49.5 0.0 0.00 --- --- --- --- 11 20.5 36.0 0:08 5.0 0:08 44.5 0.0 0.00 --- --- --- --- 12 26.0 40.0 0:08 12.0 0:08 39.0 0.0 0.00 --- --- --- --- 13 42.0 46.0 0:08 38.0 0:08 23.0 0.0 0.04 --- --- --- --- 14 54.0 64.0 0:08 44.0 0:08 11.0 0.0 0.00 --- --- --- --- 15 16 55.0 73.0 0:08 37.0 0:08 10.0 0.0 0.23 --- --- --- --- 17 46.5 58.0 0:08 35.0 0:08 18.5 0.0 0.00 --- --- --- --- 18 52.0 59.0 0:08 45.0 0:08 13.0 0.0 0.80 --- --- --- --- 19 54.0 59.0 0:08 49.0 0:08 11.0 0.0 0.61 --- --- --- --- 20 40.0 58.0 0:08 22.0 0:08 25.0 0.0 0.08 --- --- --- --- 21 27.0 36.0 0:08 18.0 0:08 38.0 0.0 0.00 --- --- --- --- 22 23 24 25 25.0 34.0 0:08 16.0 0:08 40.0 0.0 0.00 --- --- --- --- 26 27 31.5 42.0 0:08 21.0 0:08 33.5 0.0 0.00 --- --- --- --- 28 26.0 37.0 0:08 15.0 0:08 39.0 0.0 0.00 --- --- --- --- 29 23.5 31.0 0:08 16.0 0:08 41.5 0.0 0.00 --- --- --- --- 30 31.0 46.0 0:08 16.0 0:08 34.0 0.0 0.00 --- --- --- --- 31 35.5 54.0 0:08 17.0 0:08 29.5 0.0 0.21 --- --- --- --- ------------------------------------------------------------------------------------- 37.8 73.0 16 5.0 10 707.5 0.0 2.85 --- --- --- --- Max >= 90.0: 0 Max <= 32.0: 2 Min <= 32.0: 19 Min <= 0.0: 0 Max Rain: 0.80 ON 12/18/95 Days of Rain: 9 (>.01 in) 7 (>.1 in) 0 (>1 in) Heat Base: 65.0 Cool Base: 65.0 Method: (High + Low) / 2