Warning: file(http://www.wunderground.com/climate/extremes.asp): failed to open stream: HTTP request failed! HTTP/1.0 500 Internal Server Error in /homepages/6/d330860172/htdocs/usaextremes.php on line 55

Warning: implode(): Invalid arguments passed in /homepages/6/d330860172/htdocs/usaextremes.php on line 55

NOAA Style Climate Reports for Lebanon, TN

NOAA style reports

NOAA-style Climate Reports

2018: Jan | Feb | Mar | Apr | May | Jun | Jul | Aug | Sep | Oct | Nov | Dec 
2017: Jan | Feb | Mar | Apr | May | Jun | Jul | Aug | Sep | Oct | Nov | Dec 
2016: Jan | Feb | Mar | Apr | May | Jun | Jul | Aug | Sep | Oct | Nov | Dec 
2015: Jan | Feb | Mar | Apr | May | Jun | Jul | Aug | Sep | Oct | Nov | Dec 
2014: Jan | Feb | Mar | Apr | May | Jun | Jul | Aug | Sep | Oct | Nov | Dec 
2013: Jan | Feb | Mar | Apr | May | Jun | Jul | Aug | Sep | Oct | Nov | Dec 
2012: Jan | Feb | Mar | Apr | May | Jun | Jul | Aug | Sep | Oct | Nov | Dec 
2011: Jan | Feb | Mar | Apr | May | Jun | Jul | Aug | Sep | Oct | Nov | Dec 
2010: Jan | Feb | Mar | Apr | May | Jun | Jul | Aug | Sep | Oct | Nov | Dec 
2009: Jan | Feb | Mar | Apr | May | Jun | Jul | Aug | Sep | Oct | Nov | Dec 
2008: Jan | Feb | Mar | Apr | May | Jun | Jul | Aug | Sep | Oct | Nov | Dec 
2007: Jan | Feb | Mar | Apr | May | Jun | Jul | Aug | Sep | Oct | Nov | Dec 
2006: Jan | Feb | Mar | Apr | May | Jun | Jul | Aug | Sep | Oct | Nov | Dec 
2005: Jan | Feb | Mar | Apr | May | Jun | Jul | Aug | Sep | Oct | Nov | Dec 
2004: Jan | Feb | Mar | Apr | May | Jun | Jul | Aug | Sep | Oct | Nov | Dec 
2003: Jan | Feb | Mar | Apr | May | Jun | Jul | Aug | Sep | Oct | Nov | Dec 
2002: Jan | Feb | Mar | Apr | May | Jun | Jul | Aug | Sep | Oct | Nov | Dec 
2001: Jan | Feb | Mar | Apr | May | Jun | Jul | Aug | Sep | Oct | Nov | Dec 
2000: Jan | Feb | Mar | Apr | May | Jun | Jul | Aug | Sep | Oct | Nov | Dec 
1999: Jan | Feb | Mar | Apr | May | Jun | Jul | Aug | Sep | Oct | Nov | Dec 
1998: Jan | Feb | Mar | Apr | May | Jun | Jul | Aug | Sep | Oct | Nov | Dec 
1997: Jan | Feb | Mar | Apr | May | Jun | Jul | Aug | Sep | Oct | Nov | Dec 
1996: Jan | Feb | Mar | Apr | May | Jun | Jul | Aug | Sep | Oct | Nov | Dec 
1995: Jan | Feb | Mar | Apr | May | Jun | Jul | Aug | Sep | Oct | Nov | Dec 

Report for 1996 01
MONTHLY CLIMATOLOGICAL SUMMARY for JAN. 1996 NAME: HornSpri CITY: Lebanon STATE: TN ELEV: 612 ft LAT: 36 14' 05" N LONG: 86 22' 55" W TEMPERATURE (F), RAIN (in), WIND SPEED (mph) HEAT COOL AVG MEAN DEG DEG WIND DOM DAY TEMP HIGH TIME LOW TIME DAYS DAYS RAIN SPEED HIGH TIME DIR ------------------------------------------------------------------------------------ 1 43.5 47.0 0:08 40.0 0:08 21.5 0.0 0.24 --- --- --- --- 2 48.5 52.0 0:08 45.0 0:08 16.5 0.0 0.58 --- --- --- --- 3 38.5 52.0 0:08 25.0 0:08 26.5 0.0 0.22 --- --- --- --- 4 5 33.5 40.0 0:08 27.0 0:08 31.5 0.0 0.00 --- --- --- --- 6 35.5 41.0 0:08 30.0 0:08 29.5 0.0 0.22 --- --- --- --- 7 23.0 31.0 0:08 15.0 0:08 42.0 0.0 0.38 --- --- --- --- 8 16.5 23.0 0:08 10.0 0:08 48.5 0.0 0.06 --- --- --- --- 9 18.0 26.0 0:08 10.0 0:08 47.0 0.0 0.01 --- --- --- --- 10 33.0 46.0 0:08 20.0 0:08 32.0 0.0 0.00 --- --- --- --- 11 34.5 42.0 0:08 27.0 0:08 30.5 0.0 0.00 --- --- --- --- 12 37.0 44.0 0:08 30.0 0:08 28.0 0.0 0.62 --- --- --- --- 13 30.0 33.0 0:08 27.0 0:08 35.0 0.0 0.00 --- --- --- --- 14 41.5 56.0 0:08 27.0 0:08 23.5 0.0 0.00 --- --- --- --- 15 51.5 69.0 0:08 34.0 0:08 13.5 0.0 0.00 --- --- --- --- 16 48.5 63.0 0:08 34.0 0:08 16.5 0.0 0.00 --- --- --- --- 17 58.5 65.0 0:08 52.0 0:08 6.5 0.0 0.14 --- --- --- --- 18 19 40.0 67.0 0:08 13.0 0:08 25.0 0.0 1.00 --- --- --- --- 20 15.0 21.0 0:08 9.0 0:08 50.0 0.0 0.05 --- --- --- --- 21 25.0 38.0 0:08 12.0 0:08 40.0 0.0 0.10 --- --- --- --- 22 29.5 39.0 0:08 20.0 0:08 35.5 0.0 0.04 --- --- --- --- 23 37.5 52.0 0:08 23.0 0:08 27.5 0.0 0.00 --- --- --- --- 24 47.5 60.0 0:08 35.0 0:08 17.5 0.0 0.71 --- --- --- --- 25 26 27 38.0 52.0 0:08 24.0 0:08 27.0 0.0 0.30 --- --- --- --- 28 26.5 39.0 0:08 14.0 0:08 38.5 0.0 0.00 --- --- --- --- 29 30 31 30.5 43.0 0:08 18.0 0:08 34.5 0.0 0.01 --- --- --- --- ------------------------------------------------------------------------------------- 35.2 69.0 15 9.0 20 744.0 0.0 4.68 --- --- --- --- Max >= 90.0: 0 Max <= 32.0: 4 Min <= 32.0: 19 Min <= 0.0: 0 Max Rain: 1.00 ON 01/19/96 Days of Rain: 14 (>.01 in) 10 (>.1 in) 0 (>1 in) Heat Base: 65.0 Cool Base: 65.0 Method: (High + Low) / 2