Warning: file(http://www.wunderground.com/climate/extremes.asp): failed to open stream: HTTP request failed! HTTP/1.0 500 Internal Server Error in /homepages/6/d330860172/htdocs/usaextremes.php on line 55

Warning: implode(): Invalid arguments passed in /homepages/6/d330860172/htdocs/usaextremes.php on line 55

NOAA Style Climate Reports for Lebanon, TN

NOAA style reports

NOAA-style Climate Reports

2018: Jan | Feb | Mar | Apr | May | Jun | Jul | Aug | Sep | Oct | Nov | Dec 
2017: Jan | Feb | Mar | Apr | May | Jun | Jul | Aug | Sep | Oct | Nov | Dec 
2016: Jan | Feb | Mar | Apr | May | Jun | Jul | Aug | Sep | Oct | Nov | Dec 
2015: Jan | Feb | Mar | Apr | May | Jun | Jul | Aug | Sep | Oct | Nov | Dec 
2014: Jan | Feb | Mar | Apr | May | Jun | Jul | Aug | Sep | Oct | Nov | Dec 
2013: Jan | Feb | Mar | Apr | May | Jun | Jul | Aug | Sep | Oct | Nov | Dec 
2012: Jan | Feb | Mar | Apr | May | Jun | Jul | Aug | Sep | Oct | Nov | Dec 
2011: Jan | Feb | Mar | Apr | May | Jun | Jul | Aug | Sep | Oct | Nov | Dec 
2010: Jan | Feb | Mar | Apr | May | Jun | Jul | Aug | Sep | Oct | Nov | Dec 
2009: Jan | Feb | Mar | Apr | May | Jun | Jul | Aug | Sep | Oct | Nov | Dec 
2008: Jan | Feb | Mar | Apr | May | Jun | Jul | Aug | Sep | Oct | Nov | Dec 
2007: Jan | Feb | Mar | Apr | May | Jun | Jul | Aug | Sep | Oct | Nov | Dec 
2006: Jan | Feb | Mar | Apr | May | Jun | Jul | Aug | Sep | Oct | Nov | Dec 
2005: Jan | Feb | Mar | Apr | May | Jun | Jul | Aug | Sep | Oct | Nov | Dec 
2004: Jan | Feb | Mar | Apr | May | Jun | Jul | Aug | Sep | Oct | Nov | Dec 
2003: Jan | Feb | Mar | Apr | May | Jun | Jul | Aug | Sep | Oct | Nov | Dec 
2002: Jan | Feb | Mar | Apr | May | Jun | Jul | Aug | Sep | Oct | Nov | Dec 
2001: Jan | Feb | Mar | Apr | May | Jun | Jul | Aug | Sep | Oct | Nov | Dec 
2000: Jan | Feb | Mar | Apr | May | Jun | Jul | Aug | Sep | Oct | Nov | Dec 
1999: Jan | Feb | Mar | Apr | May | Jun | Jul | Aug | Sep | Oct | Nov | Dec 
1998: Jan | Feb | Mar | Apr | May | Jun | Jul | Aug | Sep | Oct | Nov | Dec 
1997: Jan | Feb | Mar | Apr | May | Jun | Jul | Aug | Sep | Oct | Nov | Dec 
1996: Jan | Feb | Mar | Apr | May | Jun | Jul | Aug | Sep | Oct | Nov | Dec 
1995: Jan | Feb | Mar | Apr | May | Jun | Jul | Aug | Sep | Oct | Nov | Dec 

Report for 1996 02
MONTHLY CLIMATOLOGICAL SUMMARY for FEB. 1996 NAME: HornSpri CITY: Lebanon STATE: TN ELEV: 612 ft LAT: 36 14' 05" N LONG: 86 22' 55" W TEMPERATURE (F), RAIN (in), WIND SPEED (mph) HEAT COOL AVG MEAN DEG DEG WIND DOM DAY TEMP HIGH TIME LOW TIME DAYS DAYS RAIN SPEED HIGH TIME DIR ------------------------------------------------------------------------------------ 1 22.0 27.0 0:08 17.0 0:08 43.0 0.0 0.00 --- --- --- --- 2 23.0 29.0 0:08 17.0 0:08 42.0 0.0 0.22 --- --- --- --- 3 11.5 19.0 0:08 4.0 0:08 53.5 0.0 0.12 --- --- --- --- 4 4.5 15.0 0:08 -6.0 0:08 60.5 0.0 0.00 --- --- --- --- 5 4.0 14.0 0:08 -6.0 0:08 61.0 0.0 0.00 --- --- --- --- 6 16.5 30.0 0:08 3.0 0:08 48.5 0.0 0.00 --- --- --- --- 7 8 42.0 48.0 0:08 36.0 0:08 23.0 0.0 0.31 --- --- --- --- 9 43.0 55.0 0:08 31.0 0:08 22.0 0.0 0.05 --- --- --- --- 10 44.5 59.0 0:08 30.0 0:08 20.5 0.0 0.00 --- --- --- --- 11 51.5 66.0 0:08 37.0 0:08 13.5 0.0 0.06 --- --- --- --- 12 36.5 45.0 0:08 28.0 0:08 28.5 0.0 0.00 --- --- --- --- 13 29.0 39.0 0:08 19.0 0:08 36.0 0.0 0.00 --- --- --- --- 14 35.5 52.0 0:08 19.0 0:08 29.5 0.0 0.00 --- --- --- --- 15 48.5 62.0 0:08 35.0 0:08 16.5 0.0 0.01 --- --- --- --- 16 30.0 38.0 0:08 22.0 0:08 35.0 0.0 0.11 --- --- --- --- 17 23.5 35.0 0:08 12.0 0:08 41.5 0.0 0.01 --- --- --- --- 18 33.0 48.0 0:08 18.0 0:08 32.0 0.0 0.00 --- --- --- --- 19 37.0 50.0 0:08 24.0 0:08 28.0 0.0 0.00 --- --- --- --- 20 50.5 57.0 0:08 44.0 0:08 14.5 0.0 1.52 --- --- --- --- 21 48.5 59.0 0:08 38.0 0:08 16.5 0.0 0.00 --- --- --- --- 22 54.5 68.0 0:08 41.0 0:08 10.5 0.0 0.00 --- --- --- --- 23 24 55.5 80.0 0:08 31.0 0:08 9.5 0.0 0.00 --- --- --- --- 25 47.0 64.0 0:08 30.0 0:08 18.0 0.0 0.00 --- --- --- --- 26 53.0 76.0 0:08 30.0 0:08 12.0 0.0 0.00 --- --- --- --- 27 68.0 76.0 0:08 60.0 0:08 0.0 3.0 0.00 --- --- --- --- 28 52.5 69.0 0:08 36.0 0:08 12.5 0.0 0.71 --- --- --- --- 29 33.0 44.0 0:08 22.0 0:08 32.0 0.0 0.00 --- --- --- --- ------------------------------------------------------------------------------------- 37.0 80.0 24 -6.0 4 760.0 3.0 3.12 --- --- --- --- Max >= 90.0: 0 Max <= 32.0: 6 Min <= 32.0: 19 Min <= 0.0: 2 Max Rain: 1.52 ON 02/20/96 Days of Rain: 8 (>.01 in) 6 (>.1 in) 1 (>1 in) Heat Base: 65.0 Cool Base: 65.0 Method: (High + Low) / 2