Warning: file(http://www.wunderground.com/climate/extremes.asp): failed to open stream: HTTP request failed! HTTP/1.0 500 Internal Server Error in /homepages/6/d330860172/htdocs/usaextremes.php on line 55

Warning: implode(): Invalid arguments passed in /homepages/6/d330860172/htdocs/usaextremes.php on line 55

NOAA Style Climate Reports for Lebanon, TN

NOAA style reports

NOAA-style Climate Reports

2018: Jan | Feb | Mar | Apr | May | Jun | Jul | Aug | Sep | Oct | Nov | Dec 
2017: Jan | Feb | Mar | Apr | May | Jun | Jul | Aug | Sep | Oct | Nov | Dec 
2016: Jan | Feb | Mar | Apr | May | Jun | Jul | Aug | Sep | Oct | Nov | Dec 
2015: Jan | Feb | Mar | Apr | May | Jun | Jul | Aug | Sep | Oct | Nov | Dec 
2014: Jan | Feb | Mar | Apr | May | Jun | Jul | Aug | Sep | Oct | Nov | Dec 
2013: Jan | Feb | Mar | Apr | May | Jun | Jul | Aug | Sep | Oct | Nov | Dec 
2012: Jan | Feb | Mar | Apr | May | Jun | Jul | Aug | Sep | Oct | Nov | Dec 
2011: Jan | Feb | Mar | Apr | May | Jun | Jul | Aug | Sep | Oct | Nov | Dec 
2010: Jan | Feb | Mar | Apr | May | Jun | Jul | Aug | Sep | Oct | Nov | Dec 
2009: Jan | Feb | Mar | Apr | May | Jun | Jul | Aug | Sep | Oct | Nov | Dec 
2008: Jan | Feb | Mar | Apr | May | Jun | Jul | Aug | Sep | Oct | Nov | Dec 
2007: Jan | Feb | Mar | Apr | May | Jun | Jul | Aug | Sep | Oct | Nov | Dec 
2006: Jan | Feb | Mar | Apr | May | Jun | Jul | Aug | Sep | Oct | Nov | Dec 
2005: Jan | Feb | Mar | Apr | May | Jun | Jul | Aug | Sep | Oct | Nov | Dec 
2004: Jan | Feb | Mar | Apr | May | Jun | Jul | Aug | Sep | Oct | Nov | Dec 
2003: Jan | Feb | Mar | Apr | May | Jun | Jul | Aug | Sep | Oct | Nov | Dec 
2002: Jan | Feb | Mar | Apr | May | Jun | Jul | Aug | Sep | Oct | Nov | Dec 
2001: Jan | Feb | Mar | Apr | May | Jun | Jul | Aug | Sep | Oct | Nov | Dec 
2000: Jan | Feb | Mar | Apr | May | Jun | Jul | Aug | Sep | Oct | Nov | Dec 
1999: Jan | Feb | Mar | Apr | May | Jun | Jul | Aug | Sep | Oct | Nov | Dec 
1998: Jan | Feb | Mar | Apr | May | Jun | Jul | Aug | Sep | Oct | Nov | Dec 
1997: Jan | Feb | Mar | Apr | May | Jun | Jul | Aug | Sep | Oct | Nov | Dec 
1996: Jan | Feb | Mar | Apr | May | Jun | Jul | Aug | Sep | Oct | Nov | Dec 
1995: Jan | Feb | Mar | Apr | May | Jun | Jul | Aug | Sep | Oct | Nov | Dec 

Report for 1996 03
MONTHLY CLIMATOLOGICAL SUMMARY for MAR. 1996 NAME: HornSpri CITY: Lebanon STATE: TN ELEV: 612 ft LAT: 36 14' 05" N LONG: 86 22' 55" W TEMPERATURE (F), RAIN (in), WIND SPEED (mph) HEAT COOL AVG MEAN DEG DEG WIND DOM DAY TEMP HIGH TIME LOW TIME DAYS DAYS RAIN SPEED HIGH TIME DIR ------------------------------------------------------------------------------------ 1 29.5 38.0 0:08 21.0 0:08 35.5 0.0 0.00 --- --- --- --- 2 37.5 48.0 0:08 27.0 0:08 27.5 0.0 0.00 --- --- --- --- 3 38.5 55.0 0:08 22.0 0:08 26.5 0.0 0.00 --- --- --- --- 4 29.5 38.0 0:08 21.0 0:08 35.5 0.0 0.00 --- --- --- --- 5 49.0 70.0 0:08 28.0 0:08 16.0 0.0 0.03 --- --- --- --- 6 56.0 63.0 0:08 49.0 0:08 9.0 0.0 1.27 --- --- --- --- 7 48.5 66.0 0:08 31.0 0:08 16.5 0.0 0.95 --- --- --- --- 8 21.5 32.0 0:08 11.0 0:08 43.5 0.0 0.09 --- --- --- --- 9 10 23.5 35.0 0:08 12.0 0:08 41.5 0.0 0.00 --- --- --- --- 11 31.5 46.0 0:08 17.0 0:08 33.5 0.0 0.00 --- --- --- --- 12 36.5 53.0 0:08 20.0 0:08 28.5 0.0 0.00 --- --- --- --- 13 43.5 63.0 0:08 24.0 0:08 21.5 0.0 0.00 --- --- --- --- 14 49.5 71.0 0:08 28.0 0:08 15.5 0.0 0.00 --- --- --- --- 15 63.5 72.0 0:08 55.0 0:08 1.5 0.0 0.14 --- --- --- --- 16 55.0 70.0 0:08 40.0 0:08 10.0 0.0 0.16 --- --- --- --- 17 56.5 70.0 0:08 43.0 0:08 8.5 0.0 0.14 --- --- --- --- 18 47.5 60.0 0:08 35.0 0:08 17.5 0.0 0.00 --- --- --- --- 19 46.0 60.0 0:08 32.0 0:08 19.0 0.0 1.28 --- --- --- --- 20 30.5 34.0 0:08 27.0 0:08 34.5 0.0 0.14 --- --- --- --- 21 31.0 34.0 0:08 28.0 0:08 34.0 0.0 0.15 --- --- --- --- 22 29.5 39.0 0:08 20.0 0:08 35.5 0.0 0.00 --- --- --- --- 23 24 43.5 60.0 0:08 27.0 0:08 21.5 0.0 0.00 --- --- --- --- 25 57.0 76.0 0:08 38.0 0:08 8.0 0.0 1.07 --- --- --- --- 26 44.5 61.0 0:08 28.0 0:08 20.5 0.0 0.00 --- --- --- --- 27 28 45.5 58.0 0:08 33.0 0:08 19.5 0.0 0.24 --- --- --- --- 29 50.0 55.0 0:08 45.0 0:08 15.0 0.0 0.06 --- --- --- --- 30 31 62.5 74.0 0:08 51.0 0:08 2.5 0.0 0.10 --- --- --- --- ------------------------------------------------------------------------------------- 42.9 76.0 25 11.0 8 598.0 0.0 5.82 --- --- --- --- Max >= 90.0: 0 Max <= 32.0: 1 Min <= 32.0: 18 Min <= 0.0: 0 Max Rain: 1.28 ON 03/19/96 Days of Rain: 14 (>.01 in) 10 (>.1 in) 3 (>1 in) Heat Base: 65.0 Cool Base: 65.0 Method: (High + Low) / 2