Warning: file(http://www.wunderground.com/climate/extremes.asp): failed to open stream: HTTP request failed! HTTP/1.0 500 Internal Server Error in /homepages/6/d330860172/htdocs/usaextremes.php on line 55

Warning: implode(): Invalid arguments passed in /homepages/6/d330860172/htdocs/usaextremes.php on line 55

NOAA Style Climate Reports for Lebanon, TN

NOAA style reports

NOAA-style Climate Reports

2018: Jan | Feb | Mar | Apr | May | Jun | Jul | Aug | Sep | Oct | Nov | Dec 
2017: Jan | Feb | Mar | Apr | May | Jun | Jul | Aug | Sep | Oct | Nov | Dec 
2016: Jan | Feb | Mar | Apr | May | Jun | Jul | Aug | Sep | Oct | Nov | Dec 
2015: Jan | Feb | Mar | Apr | May | Jun | Jul | Aug | Sep | Oct | Nov | Dec 
2014: Jan | Feb | Mar | Apr | May | Jun | Jul | Aug | Sep | Oct | Nov | Dec 
2013: Jan | Feb | Mar | Apr | May | Jun | Jul | Aug | Sep | Oct | Nov | Dec 
2012: Jan | Feb | Mar | Apr | May | Jun | Jul | Aug | Sep | Oct | Nov | Dec 
2011: Jan | Feb | Mar | Apr | May | Jun | Jul | Aug | Sep | Oct | Nov | Dec 
2010: Jan | Feb | Mar | Apr | May | Jun | Jul | Aug | Sep | Oct | Nov | Dec 
2009: Jan | Feb | Mar | Apr | May | Jun | Jul | Aug | Sep | Oct | Nov | Dec 
2008: Jan | Feb | Mar | Apr | May | Jun | Jul | Aug | Sep | Oct | Nov | Dec 
2007: Jan | Feb | Mar | Apr | May | Jun | Jul | Aug | Sep | Oct | Nov | Dec 
2006: Jan | Feb | Mar | Apr | May | Jun | Jul | Aug | Sep | Oct | Nov | Dec 
2005: Jan | Feb | Mar | Apr | May | Jun | Jul | Aug | Sep | Oct | Nov | Dec 
2004: Jan | Feb | Mar | Apr | May | Jun | Jul | Aug | Sep | Oct | Nov | Dec 
2003: Jan | Feb | Mar | Apr | May | Jun | Jul | Aug | Sep | Oct | Nov | Dec 
2002: Jan | Feb | Mar | Apr | May | Jun | Jul | Aug | Sep | Oct | Nov | Dec 
2001: Jan | Feb | Mar | Apr | May | Jun | Jul | Aug | Sep | Oct | Nov | Dec 
2000: Jan | Feb | Mar | Apr | May | Jun | Jul | Aug | Sep | Oct | Nov | Dec 
1999: Jan | Feb | Mar | Apr | May | Jun | Jul | Aug | Sep | Oct | Nov | Dec 
1998: Jan | Feb | Mar | Apr | May | Jun | Jul | Aug | Sep | Oct | Nov | Dec 
1997: Jan | Feb | Mar | Apr | May | Jun | Jul | Aug | Sep | Oct | Nov | Dec 
1996: Jan | Feb | Mar | Apr | May | Jun | Jul | Aug | Sep | Oct | Nov | Dec 
1995: Jan | Feb | Mar | Apr | May | Jun | Jul | Aug | Sep | Oct | Nov | Dec 

Report for 1996 04
MONTHLY CLIMATOLOGICAL SUMMARY for APR. 1996 NAME: HornSpri CITY: Lebanon STATE: TN ELEV: 612 ft LAT: 36 14' 05" N LONG: 86 22' 55" W TEMPERATURE (F), RAIN (in), WIND SPEED (mph) HEAT COOL AVG MEAN DEG DEG WIND DOM DAY TEMP HIGH TIME LOW TIME DAYS DAYS RAIN SPEED HIGH TIME DIR ------------------------------------------------------------------------------------ 1 50.5 61.0 0:08 40.0 0:08 14.5 0.0 0.82 --- --- --- --- 2 41.0 55.0 0:08 27.0 0:08 24.0 0.0 0.00 --- --- --- --- 3 49.5 64.0 0:08 35.0 0:08 15.5 0.0 0.00 --- --- --- --- 4 64.5 78.0 0:08 51.0 0:08 0.5 0.0 0.00 --- --- --- --- 5 53.5 70.0 0:08 37.0 0:08 11.5 0.0 0.16 --- --- --- --- 6 36.5 42.0 0:08 31.0 0:08 28.5 0.0 0.00 --- --- --- --- 7 37.5 48.0 0:08 27.0 0:08 27.5 0.0 0.00 --- --- --- --- 8 42.5 52.0 0:08 33.0 0:08 22.5 0.0 0.04 --- --- --- --- 9 34.0 43.0 0:08 25.0 0:08 31.0 0.0 0.09 --- --- --- --- 10 38.0 53.0 0:08 23.0 0:08 27.0 0.0 0.00 --- --- --- --- 11 43.5 61.0 0:08 26.0 0:08 21.5 0.0 0.00 --- --- --- --- 12 52.5 75.0 0:08 30.0 0:08 12.5 0.0 0.00 --- --- --- --- 13 68.5 79.0 0:08 58.0 0:08 0.0 3.5 0.00 --- --- --- --- 14 53.0 70.0 0:08 36.0 0:08 12.0 0.0 0.22 --- --- --- --- 15 60.0 77.0 0:08 43.0 0:08 5.0 0.0 0.00 --- --- --- --- 16 51.0 64.0 0:08 38.0 0:08 14.0 0.0 0.08 --- --- --- --- 17 51.0 68.0 0:08 34.0 0:08 14.0 0.0 0.00 --- --- --- --- 18 58.5 78.0 0:08 39.0 0:08 6.5 0.0 0.00 --- --- --- --- 19 65.0 76.0 0:08 54.0 0:08 0.0 0.0 0.03 --- --- --- --- 20 66.5 78.0 0:08 55.0 0:08 0.0 1.5 1.00 --- --- --- --- 21 66.5 77.0 0:08 56.0 0:08 0.0 1.5 0.00 --- --- --- --- 22 65.5 75.0 0:08 56.0 0:08 0.0 0.5 0.00 --- --- --- --- 23 67.0 79.0 0:08 55.0 0:08 0.0 2.0 1.28 --- --- --- --- 24 49.5 65.0 0:08 34.0 0:08 15.5 0.0 0.03 --- --- --- --- 25 54.0 70.0 0:08 38.0 0:08 11.0 0.0 0.00 --- --- --- --- 26 64.5 77.0 0:08 52.0 0:08 0.5 0.0 0.53 --- --- --- --- 27 53.0 74.0 0:08 32.0 0:08 12.0 0.0 0.00 --- --- --- --- 28 52.0 66.0 0:08 38.0 0:08 13.0 0.0 0.00 --- --- --- --- 29 65.0 82.0 0:08 48.0 0:08 0.0 0.0 0.00 --- --- --- --- 30 60.5 80.0 0:08 41.0 0:08 4.5 0.0 1.35 --- --- --- --- ------------------------------------------------------------------------------------- 53.8 82.0 29 23.0 10 344.5 9.0 5.63 --- --- --- --- Max >= 90.0: 0 Max <= 32.0: 0 Min <= 32.0: 8 Min <= 0.0: 0 Max Rain: 1.35 ON 04/30/96 Days of Rain: 12 (>.01 in) 7 (>.1 in) 2 (>1 in) Heat Base: 65.0 Cool Base: 65.0 Method: (High + Low) / 2