Warning: file(http://www.wunderground.com/climate/extremes.asp): failed to open stream: HTTP request failed! HTTP/1.0 500 Internal Server Error in /homepages/6/d330860172/htdocs/usaextremes.php on line 55

Warning: implode(): Invalid arguments passed in /homepages/6/d330860172/htdocs/usaextremes.php on line 55

NOAA Style Climate Reports for Lebanon, TN

NOAA style reports

NOAA-style Climate Reports

2018: Jan | Feb | Mar | Apr | May | Jun | Jul | Aug | Sep | Oct | Nov | Dec 
2017: Jan | Feb | Mar | Apr | May | Jun | Jul | Aug | Sep | Oct | Nov | Dec 
2016: Jan | Feb | Mar | Apr | May | Jun | Jul | Aug | Sep | Oct | Nov | Dec 
2015: Jan | Feb | Mar | Apr | May | Jun | Jul | Aug | Sep | Oct | Nov | Dec 
2014: Jan | Feb | Mar | Apr | May | Jun | Jul | Aug | Sep | Oct | Nov | Dec 
2013: Jan | Feb | Mar | Apr | May | Jun | Jul | Aug | Sep | Oct | Nov | Dec 
2012: Jan | Feb | Mar | Apr | May | Jun | Jul | Aug | Sep | Oct | Nov | Dec 
2011: Jan | Feb | Mar | Apr | May | Jun | Jul | Aug | Sep | Oct | Nov | Dec 
2010: Jan | Feb | Mar | Apr | May | Jun | Jul | Aug | Sep | Oct | Nov | Dec 
2009: Jan | Feb | Mar | Apr | May | Jun | Jul | Aug | Sep | Oct | Nov | Dec 
2008: Jan | Feb | Mar | Apr | May | Jun | Jul | Aug | Sep | Oct | Nov | Dec 
2007: Jan | Feb | Mar | Apr | May | Jun | Jul | Aug | Sep | Oct | Nov | Dec 
2006: Jan | Feb | Mar | Apr | May | Jun | Jul | Aug | Sep | Oct | Nov | Dec 
2005: Jan | Feb | Mar | Apr | May | Jun | Jul | Aug | Sep | Oct | Nov | Dec 
2004: Jan | Feb | Mar | Apr | May | Jun | Jul | Aug | Sep | Oct | Nov | Dec 
2003: Jan | Feb | Mar | Apr | May | Jun | Jul | Aug | Sep | Oct | Nov | Dec 
2002: Jan | Feb | Mar | Apr | May | Jun | Jul | Aug | Sep | Oct | Nov | Dec 
2001: Jan | Feb | Mar | Apr | May | Jun | Jul | Aug | Sep | Oct | Nov | Dec 
2000: Jan | Feb | Mar | Apr | May | Jun | Jul | Aug | Sep | Oct | Nov | Dec 
1999: Jan | Feb | Mar | Apr | May | Jun | Jul | Aug | Sep | Oct | Nov | Dec 
1998: Jan | Feb | Mar | Apr | May | Jun | Jul | Aug | Sep | Oct | Nov | Dec 
1997: Jan | Feb | Mar | Apr | May | Jun | Jul | Aug | Sep | Oct | Nov | Dec 
1996: Jan | Feb | Mar | Apr | May | Jun | Jul | Aug | Sep | Oct | Nov | Dec 
1995: Jan | Feb | Mar | Apr | May | Jun | Jul | Aug | Sep | Oct | Nov | Dec 

Report for 1996 05
MONTHLY CLIMATOLOGICAL SUMMARY for MAY. 1996 NAME: HornSpri CITY: Lebanon STATE: TN ELEV: 612 ft LAT: 36 14' 05" N LONG: 86 22' 55" W TEMPERATURE (F), RAIN (in), WIND SPEED (mph) HEAT COOL AVG MEAN DEG DEG WIND DOM DAY TEMP HIGH TIME LOW TIME DAYS DAYS RAIN SPEED HIGH TIME DIR ------------------------------------------------------------------------------------ 1 50.5 61.0 0:08 40.0 0:08 14.5 0.0 0.00 --- --- --- --- 2 60.5 76.0 0:08 45.0 0:08 4.5 0.0 0.00 --- --- --- --- 3 65.0 80.0 0:08 50.0 0:08 0.0 0.0 0.00 --- --- --- --- 4 71.0 83.0 0:08 59.0 0:08 0.0 6.0 0.00 --- --- --- --- 5 72.5 81.0 0:08 64.0 0:08 0.0 7.5 0.00 --- --- --- --- 6 74.0 85.0 0:08 63.0 0:08 0.0 9.0 0.02 --- --- --- --- 7 68.0 73.0 0:08 63.0 0:08 0.0 3.0 1.14 --- --- --- --- 8 67.5 74.0 0:08 61.0 0:08 0.0 2.5 0.15 --- --- --- --- 9 71.0 84.0 0:08 58.0 0:08 0.0 6.0 0.00 --- --- --- --- 10 75.0 88.0 0:08 62.0 0:08 0.0 10.0 0.00 --- --- --- --- 11 74.0 86.0 0:08 62.0 0:08 0.0 9.0 0.07 --- --- --- --- 12 57.0 67.0 0:08 47.0 0:08 8.0 0.0 0.10 --- --- --- --- 13 14 15 56.0 71.0 0:08 41.0 0:08 9.0 0.0 2.27 --- --- --- --- 16 68.0 78.0 0:08 58.0 0:08 0.0 3.0 0.00 --- --- --- --- 17 73.5 82.0 0:08 65.0 0:08 0.0 8.5 0.00 --- --- --- --- 18 77.0 89.0 0:08 65.0 0:08 0.0 12.0 0.00 --- --- --- --- 19 76.5 90.0 0:08 63.0 0:08 0.0 11.5 0.00 --- --- --- --- 20 78.0 90.0 0:08 66.0 0:08 0.0 13.0 0.00 --- --- --- --- 21 79.0 90.0 0:08 68.0 0:08 0.0 14.0 0.00 --- --- --- --- 22 71.5 87.0 0:08 56.0 0:08 0.0 6.5 0.00 --- --- --- --- 23 67.0 82.0 0:08 52.0 0:08 0.0 2.0 0.00 --- --- --- --- 24 73.5 90.0 0:08 57.0 0:08 0.0 8.5 0.00 --- --- --- --- 25 81.0 94.0 0:08 68.0 0:08 0.0 16.0 0.00 --- --- --- --- 26 80.0 92.0 0:08 68.0 0:08 0.0 15.0 0.00 --- --- --- --- 27 78.5 91.0 0:08 66.0 0:08 0.0 13.5 0.77 --- --- --- --- 28 75.0 88.0 0:08 62.0 0:08 0.0 10.0 2.46 --- --- --- --- 29 75.0 86.0 0:08 64.0 0:08 0.0 10.0 0.00 --- --- --- --- 30 67.0 78.0 0:08 56.0 0:08 0.0 2.0 0.00 --- --- --- --- 31 62.5 76.0 0:08 49.0 0:08 2.5 0.0 0.00 --- --- --- --- ------------------------------------------------------------------------------------- 70.5 94.0 25 40.0 1 38.5 198.5 6.98 --- --- --- --- Max >= 90.0: 7 Max <= 32.0: 0 Min <= 32.0: 0 Min <= 0.0: 0 Max Rain: 2.46 ON 05/28/96 Days of Rain: 8 (>.01 in) 5 (>.1 in) 3 (>1 in) Heat Base: 65.0 Cool Base: 65.0 Method: (High + Low) / 2