Warning: file(http://www.wunderground.com/climate/extremes.asp): failed to open stream: HTTP request failed! HTTP/1.0 500 Internal Server Error in /homepages/6/d330860172/htdocs/usaextremes.php on line 55

Warning: implode(): Invalid arguments passed in /homepages/6/d330860172/htdocs/usaextremes.php on line 55

NOAA Style Climate Reports for Lebanon, TN

NOAA style reports

NOAA-style Climate Reports

2018: Jan | Feb | Mar | Apr | May | Jun | Jul | Aug | Sep | Oct | Nov | Dec 
2017: Jan | Feb | Mar | Apr | May | Jun | Jul | Aug | Sep | Oct | Nov | Dec 
2016: Jan | Feb | Mar | Apr | May | Jun | Jul | Aug | Sep | Oct | Nov | Dec 
2015: Jan | Feb | Mar | Apr | May | Jun | Jul | Aug | Sep | Oct | Nov | Dec 
2014: Jan | Feb | Mar | Apr | May | Jun | Jul | Aug | Sep | Oct | Nov | Dec 
2013: Jan | Feb | Mar | Apr | May | Jun | Jul | Aug | Sep | Oct | Nov | Dec 
2012: Jan | Feb | Mar | Apr | May | Jun | Jul | Aug | Sep | Oct | Nov | Dec 
2011: Jan | Feb | Mar | Apr | May | Jun | Jul | Aug | Sep | Oct | Nov | Dec 
2010: Jan | Feb | Mar | Apr | May | Jun | Jul | Aug | Sep | Oct | Nov | Dec 
2009: Jan | Feb | Mar | Apr | May | Jun | Jul | Aug | Sep | Oct | Nov | Dec 
2008: Jan | Feb | Mar | Apr | May | Jun | Jul | Aug | Sep | Oct | Nov | Dec 
2007: Jan | Feb | Mar | Apr | May | Jun | Jul | Aug | Sep | Oct | Nov | Dec 
2006: Jan | Feb | Mar | Apr | May | Jun | Jul | Aug | Sep | Oct | Nov | Dec 
2005: Jan | Feb | Mar | Apr | May | Jun | Jul | Aug | Sep | Oct | Nov | Dec 
2004: Jan | Feb | Mar | Apr | May | Jun | Jul | Aug | Sep | Oct | Nov | Dec 
2003: Jan | Feb | Mar | Apr | May | Jun | Jul | Aug | Sep | Oct | Nov | Dec 
2002: Jan | Feb | Mar | Apr | May | Jun | Jul | Aug | Sep | Oct | Nov | Dec 
2001: Jan | Feb | Mar | Apr | May | Jun | Jul | Aug | Sep | Oct | Nov | Dec 
2000: Jan | Feb | Mar | Apr | May | Jun | Jul | Aug | Sep | Oct | Nov | Dec 
1999: Jan | Feb | Mar | Apr | May | Jun | Jul | Aug | Sep | Oct | Nov | Dec 
1998: Jan | Feb | Mar | Apr | May | Jun | Jul | Aug | Sep | Oct | Nov | Dec 
1997: Jan | Feb | Mar | Apr | May | Jun | Jul | Aug | Sep | Oct | Nov | Dec 
1996: Jan | Feb | Mar | Apr | May | Jun | Jul | Aug | Sep | Oct | Nov | Dec 
1995: Jan | Feb | Mar | Apr | May | Jun | Jul | Aug | Sep | Oct | Nov | Dec 

Report for 1996 06
MONTHLY CLIMATOLOGICAL SUMMARY for JUN. 1996 NAME: HornSpri CITY: Lebanon STATE: TN ELEV: 612 ft LAT: 36 14' 05" N LONG: 86 22' 55" W TEMPERATURE (F), RAIN (in), WIND SPEED (mph) HEAT COOL AVG MEAN DEG DEG WIND DOM DAY TEMP HIGH TIME LOW TIME DAYS DAYS RAIN SPEED HIGH TIME DIR ------------------------------------------------------------------------------------ 1 68.0 81.0 0:08 55.0 0:08 0.0 3.0 0.00 --- --- --- --- 2 70.0 78.0 0:08 62.0 0:08 0.0 5.0 0.10 --- --- --- --- 3 64.5 68.0 0:08 61.0 0:08 0.5 0.0 0.15 --- --- --- --- 4 66.5 82.0 0:08 51.0 0:08 0.0 1.5 0.11 --- --- --- --- 5 64.0 78.0 0:08 50.0 0:08 1.0 0.0 0.00 --- --- --- --- 6 70.0 83.0 0:08 57.0 0:08 0.0 5.0 0.55 --- --- --- --- 7 76.5 88.0 0:08 65.0 0:08 0.0 11.5 0.02 --- --- --- --- 8 72.5 83.0 0:08 62.0 0:08 0.0 7.5 1.39 --- --- --- --- 9 68.0 77.0 0:08 59.0 0:08 0.0 3.0 1.01 --- --- --- --- 10 67.5 78.0 0:08 57.0 0:08 0.0 2.5 0.23 --- --- --- --- 11 68.5 77.0 0:08 60.0 0:08 0.0 3.5 0.16 --- --- --- --- 12 71.0 80.0 0:08 62.0 0:08 0.0 6.0 1.05 --- --- --- --- 13 14 76.5 88.0 0:08 65.0 0:08 0.0 11.5 0.00 --- --- --- --- 15 77.5 90.0 0:08 65.0 0:08 0.0 12.5 0.00 --- --- --- --- 16 77.5 91.0 0:08 64.0 0:08 0.0 12.5 0.00 --- --- --- --- 17 79.0 93.0 0:08 65.0 0:08 0.0 14.0 0.00 --- --- --- --- 18 81.0 92.0 0:08 70.0 0:08 0.0 16.0 0.00 --- --- --- --- 19 80.5 92.0 0:08 69.0 0:08 0.0 15.5 0.00 --- --- --- --- 20 78.5 92.0 0:08 65.0 0:08 0.0 13.5 0.50 --- --- --- --- 21 78.5 91.0 0:08 66.0 0:08 0.0 13.5 0.02 --- --- --- --- 22 79.0 92.0 0:08 66.0 0:08 0.0 14.0 0.00 --- --- --- --- 23 82.0 95.0 0:08 69.0 0:08 0.0 17.0 0.00 --- --- --- --- 24 83.5 97.0 0:08 70.0 0:08 0.0 18.5 0.12 --- --- --- --- 25 81.0 93.0 0:08 69.0 0:08 0.0 16.0 0.67 --- --- --- --- 26 74.5 91.0 0:08 58.0 0:08 0.0 9.5 0.00 --- --- --- --- 27 70.0 83.0 0:08 57.0 0:08 0.0 5.0 0.00 --- --- --- --- 28 74.0 88.0 0:08 60.0 0:08 0.0 9.0 0.00 --- --- --- --- 29 77.5 91.0 0:08 64.0 0:08 0.0 12.5 0.00 --- --- --- --- 30 80.5 94.0 0:08 67.0 0:08 0.0 15.5 0.00 --- --- --- --- ------------------------------------------------------------------------------------- 74.4 97.0 24 50.0 5 1.5 274.5 6.08 --- --- --- --- Max >= 90.0: 14 Max <= 32.0: 0 Min <= 32.0: 0 Min <= 0.0: 0 Max Rain: 1.39 ON 06/08/96 Days of Rain: 14 (>.01 in) 11 (>.1 in) 3 (>1 in) Heat Base: 65.0 Cool Base: 65.0 Method: (High + Low) / 2