Warning: file(http://www.wunderground.com/climate/extremes.asp): failed to open stream: HTTP request failed! HTTP/1.0 500 Internal Server Error in /homepages/6/d330860172/htdocs/usaextremes.php on line 55

Warning: implode(): Invalid arguments passed in /homepages/6/d330860172/htdocs/usaextremes.php on line 55

NOAA Style Climate Reports for Lebanon, TN

NOAA style reports

NOAA-style Climate Reports

2018: Jan | Feb | Mar | Apr | May | Jun | Jul | Aug | Sep | Oct | Nov | Dec 
2017: Jan | Feb | Mar | Apr | May | Jun | Jul | Aug | Sep | Oct | Nov | Dec 
2016: Jan | Feb | Mar | Apr | May | Jun | Jul | Aug | Sep | Oct | Nov | Dec 
2015: Jan | Feb | Mar | Apr | May | Jun | Jul | Aug | Sep | Oct | Nov | Dec 
2014: Jan | Feb | Mar | Apr | May | Jun | Jul | Aug | Sep | Oct | Nov | Dec 
2013: Jan | Feb | Mar | Apr | May | Jun | Jul | Aug | Sep | Oct | Nov | Dec 
2012: Jan | Feb | Mar | Apr | May | Jun | Jul | Aug | Sep | Oct | Nov | Dec 
2011: Jan | Feb | Mar | Apr | May | Jun | Jul | Aug | Sep | Oct | Nov | Dec 
2010: Jan | Feb | Mar | Apr | May | Jun | Jul | Aug | Sep | Oct | Nov | Dec 
2009: Jan | Feb | Mar | Apr | May | Jun | Jul | Aug | Sep | Oct | Nov | Dec 
2008: Jan | Feb | Mar | Apr | May | Jun | Jul | Aug | Sep | Oct | Nov | Dec 
2007: Jan | Feb | Mar | Apr | May | Jun | Jul | Aug | Sep | Oct | Nov | Dec 
2006: Jan | Feb | Mar | Apr | May | Jun | Jul | Aug | Sep | Oct | Nov | Dec 
2005: Jan | Feb | Mar | Apr | May | Jun | Jul | Aug | Sep | Oct | Nov | Dec 
2004: Jan | Feb | Mar | Apr | May | Jun | Jul | Aug | Sep | Oct | Nov | Dec 
2003: Jan | Feb | Mar | Apr | May | Jun | Jul | Aug | Sep | Oct | Nov | Dec 
2002: Jan | Feb | Mar | Apr | May | Jun | Jul | Aug | Sep | Oct | Nov | Dec 
2001: Jan | Feb | Mar | Apr | May | Jun | Jul | Aug | Sep | Oct | Nov | Dec 
2000: Jan | Feb | Mar | Apr | May | Jun | Jul | Aug | Sep | Oct | Nov | Dec 
1999: Jan | Feb | Mar | Apr | May | Jun | Jul | Aug | Sep | Oct | Nov | Dec 
1998: Jan | Feb | Mar | Apr | May | Jun | Jul | Aug | Sep | Oct | Nov | Dec 
1997: Jan | Feb | Mar | Apr | May | Jun | Jul | Aug | Sep | Oct | Nov | Dec 
1996: Jan | Feb | Mar | Apr | May | Jun | Jul | Aug | Sep | Oct | Nov | Dec 
1995: Jan | Feb | Mar | Apr | May | Jun | Jul | Aug | Sep | Oct | Nov | Dec 

Report for 1996 07
MONTHLY CLIMATOLOGICAL SUMMARY for JUL. 1996 NAME: HornSpri CITY: Lebanon STATE: TN ELEV: 612 ft LAT: 36 14' 05" N LONG: 86 22' 55" W TEMPERATURE (F), RAIN (in), WIND SPEED (mph) HEAT COOL AVG MEAN DEG DEG WIND DOM DAY TEMP HIGH TIME LOW TIME DAYS DAYS RAIN SPEED HIGH TIME DIR ------------------------------------------------------------------------------------ 1 81.5 95.0 0:08 68.0 0:08 0.0 16.5 0.00 --- --- --- --- 2 83.0 97.0 0:08 69.0 0:08 0.0 18.0 0.00 --- --- --- --- 3 81.0 94.0 0:08 68.0 0:08 0.0 16.0 0.00 --- --- --- --- 4 67.5 82.0 0:08 53.0 0:08 0.0 2.5 0.00 --- --- --- --- 5 69.0 83.0 0:08 55.0 0:08 0.0 4.0 0.00 --- --- --- --- 6 74.5 89.0 0:08 60.0 0:08 0.0 9.5 0.00 --- --- --- --- 7 79.0 96.0 0:08 62.0 0:08 0.0 14.0 0.00 --- --- --- --- 8 78.5 90.0 0:08 67.0 0:08 0.0 13.5 0.10 --- --- --- --- 9 75.0 85.0 0:08 65.0 0:08 0.0 10.0 0.17 --- --- --- --- 10 70.5 86.0 0:08 55.0 0:08 0.0 5.5 0.00 --- --- --- --- 11 69.5 84.0 0:08 55.0 0:08 0.0 4.5 0.00 --- --- --- --- 12 70.5 82.0 0:08 59.0 0:08 0.0 5.5 0.00 --- --- --- --- 13 77.0 89.0 0:08 65.0 0:08 0.0 12.0 0.02 --- --- --- --- 14 77.0 89.0 0:08 65.0 0:08 0.0 12.0 0.04 --- --- --- --- 15 80.0 91.0 0:08 69.0 0:08 0.0 15.0 0.88 --- --- --- --- 16 76.0 90.0 0:08 62.0 0:08 0.0 11.0 0.00 --- --- --- --- 17 80.5 91.0 0:08 70.0 0:08 0.0 15.5 0.00 --- --- --- --- 18 83.5 93.0 0:08 74.0 0:08 0.0 18.5 0.04 --- --- --- --- 19 83.0 92.0 0:08 74.0 0:08 0.0 18.0 0.00 --- --- --- --- 20 83.0 94.0 0:08 72.0 0:08 0.0 18.0 0.15 --- --- --- --- 21 77.0 84.0 0:08 70.0 0:08 0.0 12.0 0.11 --- --- --- --- 22 79.0 91.0 0:08 67.0 0:08 0.0 14.0 3.29 --- --- --- --- 23 77.5 87.0 0:08 68.0 0:08 0.0 12.5 0.04 --- --- --- --- 24 75.5 87.0 0:08 64.0 0:08 0.0 10.5 0.00 --- --- --- --- 25 80.0 90.0 0:08 70.0 0:08 0.0 15.0 0.00 --- --- --- --- 26 27 73.5 85.0 0:08 62.0 0:08 0.0 8.5 0.00 --- --- --- --- 28 74.0 83.0 0:08 65.0 0:08 0.0 9.0 0.08 --- --- --- --- 29 74.0 79.0 0:08 69.0 0:08 0.0 9.0 1.57 --- --- --- --- 30 72.0 76.0 0:08 68.0 0:08 0.0 7.0 0.41 --- --- --- --- 31 75.0 81.0 0:08 69.0 0:08 0.0 10.0 0.61 --- --- --- --- ------------------------------------------------------------------------------------- 76.6 97.0 2 53.0 4 0.0 347.0 7.51 --- --- --- --- Max >= 90.0: 13 Max <= 32.0: 0 Min <= 32.0: 0 Min <= 0.0: 0 Max Rain: 3.29 ON 07/22/96 Days of Rain: 14 (>.01 in) 8 (>.1 in) 2 (>1 in) Heat Base: 65.0 Cool Base: 65.0 Method: (High + Low) / 2