Warning: file(http://www.wunderground.com/climate/extremes.asp): failed to open stream: HTTP request failed! HTTP/1.0 500 Internal Server Error in /homepages/6/d330860172/htdocs/usaextremes.php on line 55

Warning: implode(): Invalid arguments passed in /homepages/6/d330860172/htdocs/usaextremes.php on line 55

NOAA Style Climate Reports for Lebanon, TN

NOAA style reports

NOAA-style Climate Reports

2018: Jan | Feb | Mar | Apr | May | Jun | Jul | Aug | Sep | Oct | Nov | Dec 
2017: Jan | Feb | Mar | Apr | May | Jun | Jul | Aug | Sep | Oct | Nov | Dec 
2016: Jan | Feb | Mar | Apr | May | Jun | Jul | Aug | Sep | Oct | Nov | Dec 
2015: Jan | Feb | Mar | Apr | May | Jun | Jul | Aug | Sep | Oct | Nov | Dec 
2014: Jan | Feb | Mar | Apr | May | Jun | Jul | Aug | Sep | Oct | Nov | Dec 
2013: Jan | Feb | Mar | Apr | May | Jun | Jul | Aug | Sep | Oct | Nov | Dec 
2012: Jan | Feb | Mar | Apr | May | Jun | Jul | Aug | Sep | Oct | Nov | Dec 
2011: Jan | Feb | Mar | Apr | May | Jun | Jul | Aug | Sep | Oct | Nov | Dec 
2010: Jan | Feb | Mar | Apr | May | Jun | Jul | Aug | Sep | Oct | Nov | Dec 
2009: Jan | Feb | Mar | Apr | May | Jun | Jul | Aug | Sep | Oct | Nov | Dec 
2008: Jan | Feb | Mar | Apr | May | Jun | Jul | Aug | Sep | Oct | Nov | Dec 
2007: Jan | Feb | Mar | Apr | May | Jun | Jul | Aug | Sep | Oct | Nov | Dec 
2006: Jan | Feb | Mar | Apr | May | Jun | Jul | Aug | Sep | Oct | Nov | Dec 
2005: Jan | Feb | Mar | Apr | May | Jun | Jul | Aug | Sep | Oct | Nov | Dec 
2004: Jan | Feb | Mar | Apr | May | Jun | Jul | Aug | Sep | Oct | Nov | Dec 
2003: Jan | Feb | Mar | Apr | May | Jun | Jul | Aug | Sep | Oct | Nov | Dec 
2002: Jan | Feb | Mar | Apr | May | Jun | Jul | Aug | Sep | Oct | Nov | Dec 
2001: Jan | Feb | Mar | Apr | May | Jun | Jul | Aug | Sep | Oct | Nov | Dec 
2000: Jan | Feb | Mar | Apr | May | Jun | Jul | Aug | Sep | Oct | Nov | Dec 
1999: Jan | Feb | Mar | Apr | May | Jun | Jul | Aug | Sep | Oct | Nov | Dec 
1998: Jan | Feb | Mar | Apr | May | Jun | Jul | Aug | Sep | Oct | Nov | Dec 
1997: Jan | Feb | Mar | Apr | May | Jun | Jul | Aug | Sep | Oct | Nov | Dec 
1996: Jan | Feb | Mar | Apr | May | Jun | Jul | Aug | Sep | Oct | Nov | Dec 
1995: Jan | Feb | Mar | Apr | May | Jun | Jul | Aug | Sep | Oct | Nov | Dec 

Report for 1996 09
MONTHLY CLIMATOLOGICAL SUMMARY for SEP. 1996 NAME: HornSpri CITY: Lebanon STATE: TN ELEV: 612 ft LAT: 36 14' 05" N LONG: 86 22' 55" W TEMPERATURE (F), RAIN (in), WIND SPEED (mph) HEAT COOL AVG MEAN DEG DEG WIND DOM DAY TEMP HIGH TIME LOW TIME DAYS DAYS RAIN SPEED HIGH TIME DIR ------------------------------------------------------------------------------------ 1 73.0 84.0 0:08 62.0 0:08 0.0 8.0 0.20 --- --- --- --- 2 74.0 85.0 0:08 63.0 0:08 0.0 9.0 0.00 --- --- --- --- 3 74.0 84.0 0:08 64.0 0:08 0.0 9.0 0.76 --- --- --- --- 4 71.0 76.0 0:08 66.0 0:08 0.0 6.0 1.57 --- --- --- --- 5 73.0 83.0 0:08 63.0 0:08 0.0 8.0 0.02 --- --- --- --- 6 74.5 85.0 0:08 64.0 0:08 0.0 9.5 0.00 --- --- --- --- 7 78.0 90.0 0:08 66.0 0:08 0.0 13.0 0.74 --- --- --- --- 8 9 77.5 90.0 0:08 65.0 0:08 0.0 12.5 0.00 --- --- --- --- 10 11 73.5 85.0 0:08 62.0 0:08 0.0 8.5 0.00 --- --- --- --- 12 72.0 85.0 0:08 59.0 0:08 0.0 7.0 0.00 --- --- --- --- 13 14 58.5 72.0 0:08 45.0 0:08 6.5 0.0 0.00 --- --- --- --- 15 60.5 76.0 0:08 45.0 0:08 4.5 0.0 0.00 --- --- --- --- 16 17 65.5 78.0 0:08 53.0 0:08 0.0 0.5 0.65 --- --- --- --- 18 58.5 65.0 0:08 52.0 0:08 6.5 0.0 0.00 --- --- --- --- 19 61.5 74.0 0:08 49.0 0:08 3.5 0.0 0.00 --- --- --- --- 20 62.0 76.0 0:08 48.0 0:08 3.0 0.0 0.00 --- --- --- --- 21 64.5 80.0 0:08 49.0 0:08 0.5 0.0 0.13 --- --- --- --- 22 60.5 71.0 0:08 50.0 0:08 4.5 0.0 0.68 --- --- --- --- 23 67.0 82.0 0:08 52.0 0:08 0.0 2.0 0.00 --- --- --- --- 24 69.0 85.0 0:08 53.0 0:08 0.0 4.0 0.00 --- --- --- --- 25 67.5 80.0 0:08 55.0 0:08 0.0 2.5 0.00 --- --- --- --- 26 66.5 77.0 0:08 56.0 0:08 0.0 1.5 0.00 --- --- --- --- 27 71.5 80.0 0:08 63.0 0:08 0.0 6.5 0.00 --- --- --- --- 28 60.0 74.0 0:08 46.0 0:08 5.0 0.0 1.42 --- --- --- --- 29 54.5 67.0 0:08 42.0 0:08 10.5 0.0 0.00 --- --- --- --- 30 57.0 72.0 0:08 42.0 0:08 8.0 0.0 0.00 --- --- --- --- ------------------------------------------------------------------------------------- 67.1 90.0 7 42.0 29 52.5 107.5 6.17 --- --- --- --- Max >= 90.0: 2 Max <= 32.0: 0 Min <= 32.0: 0 Min <= 0.0: 0 Max Rain: 1.57 ON 09/04/96 Days of Rain: 9 (>.01 in) 8 (>.1 in) 2 (>1 in) Heat Base: 65.0 Cool Base: 65.0 Method: (High + Low) / 2