Warning: file(http://www.wunderground.com/climate/extremes.asp): failed to open stream: HTTP request failed! HTTP/1.0 500 Internal Server Error in /homepages/6/d330860172/htdocs/usaextremes.php on line 55

Warning: implode(): Invalid arguments passed in /homepages/6/d330860172/htdocs/usaextremes.php on line 55

NOAA Style Climate Reports for Lebanon, TN

NOAA style reports

NOAA-style Climate Reports

2018: Jan | Feb | Mar | Apr | May | Jun | Jul | Aug | Sep | Oct | Nov | Dec 
2017: Jan | Feb | Mar | Apr | May | Jun | Jul | Aug | Sep | Oct | Nov | Dec 
2016: Jan | Feb | Mar | Apr | May | Jun | Jul | Aug | Sep | Oct | Nov | Dec 
2015: Jan | Feb | Mar | Apr | May | Jun | Jul | Aug | Sep | Oct | Nov | Dec 
2014: Jan | Feb | Mar | Apr | May | Jun | Jul | Aug | Sep | Oct | Nov | Dec 
2013: Jan | Feb | Mar | Apr | May | Jun | Jul | Aug | Sep | Oct | Nov | Dec 
2012: Jan | Feb | Mar | Apr | May | Jun | Jul | Aug | Sep | Oct | Nov | Dec 
2011: Jan | Feb | Mar | Apr | May | Jun | Jul | Aug | Sep | Oct | Nov | Dec 
2010: Jan | Feb | Mar | Apr | May | Jun | Jul | Aug | Sep | Oct | Nov | Dec 
2009: Jan | Feb | Mar | Apr | May | Jun | Jul | Aug | Sep | Oct | Nov | Dec 
2008: Jan | Feb | Mar | Apr | May | Jun | Jul | Aug | Sep | Oct | Nov | Dec 
2007: Jan | Feb | Mar | Apr | May | Jun | Jul | Aug | Sep | Oct | Nov | Dec 
2006: Jan | Feb | Mar | Apr | May | Jun | Jul | Aug | Sep | Oct | Nov | Dec 
2005: Jan | Feb | Mar | Apr | May | Jun | Jul | Aug | Sep | Oct | Nov | Dec 
2004: Jan | Feb | Mar | Apr | May | Jun | Jul | Aug | Sep | Oct | Nov | Dec 
2003: Jan | Feb | Mar | Apr | May | Jun | Jul | Aug | Sep | Oct | Nov | Dec 
2002: Jan | Feb | Mar | Apr | May | Jun | Jul | Aug | Sep | Oct | Nov | Dec 
2001: Jan | Feb | Mar | Apr | May | Jun | Jul | Aug | Sep | Oct | Nov | Dec 
2000: Jan | Feb | Mar | Apr | May | Jun | Jul | Aug | Sep | Oct | Nov | Dec 
1999: Jan | Feb | Mar | Apr | May | Jun | Jul | Aug | Sep | Oct | Nov | Dec 
1998: Jan | Feb | Mar | Apr | May | Jun | Jul | Aug | Sep | Oct | Nov | Dec 
1997: Jan | Feb | Mar | Apr | May | Jun | Jul | Aug | Sep | Oct | Nov | Dec 
1996: Jan | Feb | Mar | Apr | May | Jun | Jul | Aug | Sep | Oct | Nov | Dec 
1995: Jan | Feb | Mar | Apr | May | Jun | Jul | Aug | Sep | Oct | Nov | Dec 

Report for 1996 10
MONTHLY CLIMATOLOGICAL SUMMARY for OCT. 1996 NAME: HornSpri CITY: Lebanon STATE: TN ELEV: 612 ft LAT: 36 14' 05" N LONG: 86 22' 55" W TEMPERATURE (F), RAIN (in), WIND SPEED (mph) HEAT COOL AVG MEAN DEG DEG WIND DOM DAY TEMP HIGH TIME LOW TIME DAYS DAYS RAIN SPEED HIGH TIME DIR ------------------------------------------------------------------------------------ 1 61.5 79.0 0:08 44.0 0:08 3.5 0.0 0.00 --- --- --- --- 2 65.5 74.0 0:08 57.0 0:08 0.0 0.5 0.02 --- --- --- --- 3 68.0 76.0 0:08 60.0 0:08 0.0 3.0 0.05 --- --- --- --- 4 54.0 64.0 0:08 44.0 0:08 11.0 0.0 0.00 --- --- --- --- 5 57.0 69.0 0:08 45.0 0:08 8.0 0.0 0.00 --- --- --- --- 6 57.0 70.0 0:08 44.0 0:08 8.0 0.0 0.00 --- --- --- --- 7 59.5 75.0 0:08 44.0 0:08 5.5 0.0 0.00 --- --- --- --- 8 60.5 75.0 0:08 46.0 0:08 4.5 0.0 0.00 --- --- --- --- 9 58.5 71.0 0:08 46.0 0:08 6.5 0.0 0.02 --- --- --- --- 10 55.0 64.0 0:08 46.0 0:08 10.0 0.0 0.00 --- --- --- --- 11 47.0 62.0 0:08 32.0 0:08 18.0 0.0 0.01 --- --- --- --- 12 47.0 63.0 0:08 31.0 0:08 18.0 0.0 0.00 --- --- --- --- 13 52.5 72.0 0:08 33.0 0:08 12.5 0.0 0.00 --- --- --- --- 14 59.0 76.0 0:08 42.0 0:08 6.0 0.0 0.00 --- --- --- --- 15 61.0 79.0 0:08 43.0 0:08 4.0 0.0 0.00 --- --- --- --- 16 62.5 80.0 0:08 45.0 0:08 2.5 0.0 0.00 --- --- --- --- 17 66.5 80.0 0:08 53.0 0:08 0.0 1.5 0.00 --- --- --- --- 18 65.5 83.0 0:08 48.0 0:08 0.0 0.5 0.69 --- --- --- --- 19 45.0 62.0 0:08 28.0 0:08 20.0 0.0 0.00 --- --- --- --- 20 42.5 60.0 0:08 25.0 0:08 22.5 0.0 0.00 --- --- --- --- 21 46.0 67.0 0:08 25.0 0:08 19.0 0.0 0.00 --- --- --- --- 22 62.0 76.0 0:08 48.0 0:08 3.0 0.0 0.00 --- --- --- --- 23 58.5 78.0 0:08 39.0 0:08 6.5 0.0 0.88 --- --- --- --- 24 50.0 68.0 0:08 32.0 0:08 15.0 0.0 0.00 --- --- --- --- 25 51.0 70.0 0:08 32.0 0:08 14.0 0.0 0.00 --- --- --- --- 26 27 62.5 71.0 0:08 54.0 0:08 2.5 0.0 0.05 --- --- --- --- 28 72.0 83.0 0:08 61.0 0:08 0.0 7.0 0.49 --- --- --- --- 29 65.5 72.0 0:08 59.0 0:08 0.0 0.5 0.01 --- --- --- --- 30 70.0 80.0 0:08 60.0 0:08 0.0 5.0 0.00 --- --- --- --- 31 55.0 74.0 0:08 36.0 0:08 10.0 0.0 0.00 --- --- --- --- ------------------------------------------------------------------------------------- 57.9 83.0 18 25.0 20 230.5 18.0 2.22 --- --- --- --- Max >= 90.0: 0 Max <= 32.0: 0 Min <= 32.0: 7 Min <= 0.0: 0 Max Rain: 0.88 ON 10/23/96 Days of Rain: 7 (>.01 in) 3 (>.1 in) 0 (>1 in) Heat Base: 65.0 Cool Base: 65.0 Method: (High + Low) / 2