Warning: file(http://www.wunderground.com/climate/extremes.asp): failed to open stream: HTTP request failed! HTTP/1.0 500 Internal Server Error in /homepages/6/d330860172/htdocs/usaextremes.php on line 55

Warning: implode(): Invalid arguments passed in /homepages/6/d330860172/htdocs/usaextremes.php on line 55

NOAA Style Climate Reports for Lebanon, TN

NOAA style reports

NOAA-style Climate Reports

2018: Jan | Feb | Mar | Apr | May | Jun | Jul | Aug | Sep | Oct | Nov | Dec 
2017: Jan | Feb | Mar | Apr | May | Jun | Jul | Aug | Sep | Oct | Nov | Dec 
2016: Jan | Feb | Mar | Apr | May | Jun | Jul | Aug | Sep | Oct | Nov | Dec 
2015: Jan | Feb | Mar | Apr | May | Jun | Jul | Aug | Sep | Oct | Nov | Dec 
2014: Jan | Feb | Mar | Apr | May | Jun | Jul | Aug | Sep | Oct | Nov | Dec 
2013: Jan | Feb | Mar | Apr | May | Jun | Jul | Aug | Sep | Oct | Nov | Dec 
2012: Jan | Feb | Mar | Apr | May | Jun | Jul | Aug | Sep | Oct | Nov | Dec 
2011: Jan | Feb | Mar | Apr | May | Jun | Jul | Aug | Sep | Oct | Nov | Dec 
2010: Jan | Feb | Mar | Apr | May | Jun | Jul | Aug | Sep | Oct | Nov | Dec 
2009: Jan | Feb | Mar | Apr | May | Jun | Jul | Aug | Sep | Oct | Nov | Dec 
2008: Jan | Feb | Mar | Apr | May | Jun | Jul | Aug | Sep | Oct | Nov | Dec 
2007: Jan | Feb | Mar | Apr | May | Jun | Jul | Aug | Sep | Oct | Nov | Dec 
2006: Jan | Feb | Mar | Apr | May | Jun | Jul | Aug | Sep | Oct | Nov | Dec 
2005: Jan | Feb | Mar | Apr | May | Jun | Jul | Aug | Sep | Oct | Nov | Dec 
2004: Jan | Feb | Mar | Apr | May | Jun | Jul | Aug | Sep | Oct | Nov | Dec 
2003: Jan | Feb | Mar | Apr | May | Jun | Jul | Aug | Sep | Oct | Nov | Dec 
2002: Jan | Feb | Mar | Apr | May | Jun | Jul | Aug | Sep | Oct | Nov | Dec 
2001: Jan | Feb | Mar | Apr | May | Jun | Jul | Aug | Sep | Oct | Nov | Dec 
2000: Jan | Feb | Mar | Apr | May | Jun | Jul | Aug | Sep | Oct | Nov | Dec 
1999: Jan | Feb | Mar | Apr | May | Jun | Jul | Aug | Sep | Oct | Nov | Dec 
1998: Jan | Feb | Mar | Apr | May | Jun | Jul | Aug | Sep | Oct | Nov | Dec 
1997: Jan | Feb | Mar | Apr | May | Jun | Jul | Aug | Sep | Oct | Nov | Dec 
1996: Jan | Feb | Mar | Apr | May | Jun | Jul | Aug | Sep | Oct | Nov | Dec 
1995: Jan | Feb | Mar | Apr | May | Jun | Jul | Aug | Sep | Oct | Nov | Dec 

Report for 1996 11
MONTHLY CLIMATOLOGICAL SUMMARY for NOV. 1996 NAME: HornSpri CITY: Lebanon STATE: TN ELEV: 612 ft LAT: 36 14' 05" N LONG: 86 22' 55" W TEMPERATURE (F), RAIN (in), WIND SPEED (mph) HEAT COOL AVG MEAN DEG DEG WIND DOM DAY TEMP HIGH TIME LOW TIME DAYS DAYS RAIN SPEED HIGH TIME DIR ------------------------------------------------------------------------------------ 1 2 38.0 46.0 0:08 30.0 0:08 27.0 0.0 1.36 --- --- --- --- 3 32.5 46.0 0:08 19.0 0:08 32.5 0.0 0.00 --- --- --- --- 4 36.5 51.0 0:08 22.0 0:08 28.5 0.0 0.00 --- --- --- --- 5 45.0 65.0 0:08 25.0 0:08 20.0 0.0 0.01 --- --- --- --- 6 60.0 72.0 0:08 48.0 0:08 5.0 0.0 0.08 --- --- --- --- 7 64.5 74.0 0:08 55.0 0:08 0.5 0.0 0.36 --- --- --- --- 8 55.5 75.0 0:08 36.0 0:08 9.5 0.0 1.03 --- --- --- --- 9 43.5 56.0 0:08 31.0 0:08 21.5 0.0 0.12 --- --- --- --- 10 37.5 49.0 0:08 26.0 0:08 27.5 0.0 0.10 --- --- --- --- 11 36.0 44.0 0:08 28.0 0:08 29.0 0.0 0.04 --- --- --- --- 12 31.5 42.0 0:08 21.0 0:08 33.5 0.0 0.00 --- --- --- --- 13 35.0 44.0 0:08 26.0 0:08 30.0 0.0 0.00 --- --- --- --- 14 38.0 44.0 0:08 32.0 0:08 27.0 0.0 0.31 --- --- --- --- 15 34.0 41.0 0:08 27.0 0:08 31.0 0.0 0.02 --- --- --- --- 16 43.5 59.0 0:08 28.0 0:08 21.5 0.0 0.00 --- --- --- --- 17 47.0 64.0 0:08 30.0 0:08 18.0 0.0 0.00 --- --- --- --- 18 55.0 60.0 0:08 50.0 0:08 10.0 0.0 1.22 --- --- --- --- 19 48.5 55.0 0:08 42.0 0:08 16.5 0.0 0.10 --- --- --- --- 20 21 48.0 61.0 0:08 35.0 0:08 17.0 0.0 0.05 --- --- --- --- 22 44.0 58.0 0:08 30.0 0:08 21.0 0.0 0.09 --- --- --- --- 23 33.0 46.0 0:08 20.0 0:08 32.0 0.0 0.00 --- --- --- --- 24 41.0 61.0 0:08 21.0 0:08 24.0 0.0 0.00 --- --- --- --- 25 26 48.5 64.0 0:08 33.0 0:08 16.5 0.0 0.64 --- --- --- --- 27 28 30.0 43.0 0:08 17.0 0:08 35.0 0.0 0.00 --- --- --- --- 29 35.0 52.0 0:08 18.0 0:08 30.0 0.0 0.00 --- --- --- --- 30 42.0 54.0 0:08 30.0 0:08 23.0 0.0 0.81 --- --- --- --- ------------------------------------------------------------------------------------- 42.4 75.0 8 17.0 28 587.0 0.0 6.34 --- --- --- --- Max >= 90.0: 0 Max <= 32.0: 0 Min <= 32.0: 19 Min <= 0.0: 0 Max Rain: 1.36 ON 11/02/96 Days of Rain: 15 (>.01 in) 8 (>.1 in) 3 (>1 in) Heat Base: 65.0 Cool Base: 65.0 Method: (High + Low) / 2