Warning: file(http://www.wunderground.com/climate/extremes.asp): failed to open stream: HTTP request failed! HTTP/1.0 500 Internal Server Error in /homepages/6/d330860172/htdocs/usaextremes.php on line 55

Warning: implode(): Invalid arguments passed in /homepages/6/d330860172/htdocs/usaextremes.php on line 55

NOAA Style Climate Reports for Lebanon, TN

NOAA style reports

NOAA-style Climate Reports

2018: Jan | Feb | Mar | Apr | May | Jun | Jul | Aug | Sep | Oct | Nov | Dec 
2017: Jan | Feb | Mar | Apr | May | Jun | Jul | Aug | Sep | Oct | Nov | Dec 
2016: Jan | Feb | Mar | Apr | May | Jun | Jul | Aug | Sep | Oct | Nov | Dec 
2015: Jan | Feb | Mar | Apr | May | Jun | Jul | Aug | Sep | Oct | Nov | Dec 
2014: Jan | Feb | Mar | Apr | May | Jun | Jul | Aug | Sep | Oct | Nov | Dec 
2013: Jan | Feb | Mar | Apr | May | Jun | Jul | Aug | Sep | Oct | Nov | Dec 
2012: Jan | Feb | Mar | Apr | May | Jun | Jul | Aug | Sep | Oct | Nov | Dec 
2011: Jan | Feb | Mar | Apr | May | Jun | Jul | Aug | Sep | Oct | Nov | Dec 
2010: Jan | Feb | Mar | Apr | May | Jun | Jul | Aug | Sep | Oct | Nov | Dec 
2009: Jan | Feb | Mar | Apr | May | Jun | Jul | Aug | Sep | Oct | Nov | Dec 
2008: Jan | Feb | Mar | Apr | May | Jun | Jul | Aug | Sep | Oct | Nov | Dec 
2007: Jan | Feb | Mar | Apr | May | Jun | Jul | Aug | Sep | Oct | Nov | Dec 
2006: Jan | Feb | Mar | Apr | May | Jun | Jul | Aug | Sep | Oct | Nov | Dec 
2005: Jan | Feb | Mar | Apr | May | Jun | Jul | Aug | Sep | Oct | Nov | Dec 
2004: Jan | Feb | Mar | Apr | May | Jun | Jul | Aug | Sep | Oct | Nov | Dec 
2003: Jan | Feb | Mar | Apr | May | Jun | Jul | Aug | Sep | Oct | Nov | Dec 
2002: Jan | Feb | Mar | Apr | May | Jun | Jul | Aug | Sep | Oct | Nov | Dec 
2001: Jan | Feb | Mar | Apr | May | Jun | Jul | Aug | Sep | Oct | Nov | Dec 
2000: Jan | Feb | Mar | Apr | May | Jun | Jul | Aug | Sep | Oct | Nov | Dec 
1999: Jan | Feb | Mar | Apr | May | Jun | Jul | Aug | Sep | Oct | Nov | Dec 
1998: Jan | Feb | Mar | Apr | May | Jun | Jul | Aug | Sep | Oct | Nov | Dec 
1997: Jan | Feb | Mar | Apr | May | Jun | Jul | Aug | Sep | Oct | Nov | Dec 
1996: Jan | Feb | Mar | Apr | May | Jun | Jul | Aug | Sep | Oct | Nov | Dec 
1995: Jan | Feb | Mar | Apr | May | Jun | Jul | Aug | Sep | Oct | Nov | Dec 

Report for 1997 01
MONTHLY CLIMATOLOGICAL SUMMARY for JAN. 1997 NAME: HornSpri CITY: Lebanon STATE: TN ELEV: 612 ft LAT: 36 14' 05" N LONG: 86 22' 55" W TEMPERATURE (F), RAIN (in), WIND SPEED (mph) HEAT COOL AVG MEAN DEG DEG WIND DOM DAY TEMP HIGH TIME LOW TIME DAYS DAYS RAIN SPEED HIGH TIME DIR ------------------------------------------------------------------------------------ 1 48.5 59.0 0:08 38.0 0:08 16.5 0.0 0.01 --- --- --- --- 2 53.5 62.0 0:08 45.0 0:08 11.5 0.0 0.00 --- --- --- --- 3 56.5 63.0 0:08 50.0 0:08 8.5 0.0 0.00 --- --- --- --- 4 64.5 71.0 0:08 58.0 0:08 0.5 0.0 0.00 --- --- --- --- 5 56.5 70.0 0:08 43.0 0:08 8.5 0.0 0.79 --- --- --- --- 6 45.5 58.0 0:08 33.0 0:08 19.5 0.0 0.00 --- --- --- --- 7 33.5 47.0 0:08 20.0 0:08 31.5 0.0 0.00 --- --- --- --- 8 29.5 40.0 0:08 19.0 0:08 35.5 0.0 0.00 --- --- --- --- 9 31.5 38.0 0:08 25.0 0:08 33.5 0.0 0.45 --- --- --- --- 10 33.0 41.0 0:08 25.0 0:08 32.0 0.0 0.01 --- --- --- --- 11 13.5 32.0 0:08 -5.0 0:08 51.5 0.0 0.37 --- --- --- --- 12 7.0 18.0 0:08 -4.0 0:08 58.0 0.0 0.00 --- --- --- --- 13 11.0 22.0 0:08 0.0 0:08 54.0 0.0 0.00 --- --- --- --- 14 11.5 21.0 0:08 2.0 0:08 53.5 0.0 0.00 --- --- --- --- 15 17.0 32.0 0:08 2.0 0:08 48.0 0.0 0.00 --- --- --- --- 16 38.0 57.0 0:08 19.0 0:08 27.0 0.0 0.56 --- --- --- --- 17 18 14.5 27.0 0:08 2.0 0:08 50.5 0.0 0.00 --- --- --- --- 19 19.5 30.0 0:08 9.0 0:08 45.5 0.0 0.00 --- --- --- --- 20 34.5 47.0 0:08 22.0 0:08 30.5 0.0 0.00 --- --- --- --- 21 44.0 63.0 0:08 25.0 0:08 21.0 0.0 0.00 --- --- --- --- 22 57.0 71.0 0:08 43.0 0:08 8.0 0.0 0.05 --- --- --- --- 23 45.0 57.0 0:08 33.0 0:08 20.0 0.0 0.52 --- --- --- --- 24 41.5 51.0 0:08 32.0 0:08 23.5 0.0 1.05 --- --- --- --- 25 46.5 65.0 0:08 28.0 0:08 18.5 0.0 0.08 --- --- --- --- 26 30.5 45.0 0:08 16.0 0:08 34.5 0.0 0.00 --- --- --- --- 27 28 39.0 57.0 0:08 21.0 0:08 26.0 0.0 1.08 --- --- --- --- 29 21.5 30.0 0:08 13.0 0:08 43.5 0.0 0.00 --- --- --- --- 30 31.0 48.0 0:08 14.0 0:08 34.0 0.0 0.00 --- --- --- --- 31 36.0 52.0 0:08 20.0 0:08 29.0 0.0 0.00 --- --- --- --- ------------------------------------------------------------------------------------- 34.9 71.0 4 -5.0 11 874.0 0.0 4.97 --- --- --- --- Max >= 90.0: 0 Max <= 32.0: 8 Min <= 32.0: 21 Min <= 0.0: 3 Max Rain: 1.08 ON 01/28/97 Days of Rain: 9 (>.01 in) 7 (>.1 in) 2 (>1 in) Heat Base: 65.0 Cool Base: 65.0 Method: (High + Low) / 2