Warning: file(http://www.wunderground.com/climate/extremes.asp): failed to open stream: HTTP request failed! HTTP/1.0 500 Internal Server Error in /homepages/6/d330860172/htdocs/usaextremes.php on line 55

Warning: implode(): Invalid arguments passed in /homepages/6/d330860172/htdocs/usaextremes.php on line 55

NOAA Style Climate Reports for Lebanon, TN

NOAA style reports

NOAA-style Climate Reports

2018: Jan | Feb | Mar | Apr | May | Jun | Jul | Aug | Sep | Oct | Nov | Dec 
2017: Jan | Feb | Mar | Apr | May | Jun | Jul | Aug | Sep | Oct | Nov | Dec 
2016: Jan | Feb | Mar | Apr | May | Jun | Jul | Aug | Sep | Oct | Nov | Dec 
2015: Jan | Feb | Mar | Apr | May | Jun | Jul | Aug | Sep | Oct | Nov | Dec 
2014: Jan | Feb | Mar | Apr | May | Jun | Jul | Aug | Sep | Oct | Nov | Dec 
2013: Jan | Feb | Mar | Apr | May | Jun | Jul | Aug | Sep | Oct | Nov | Dec 
2012: Jan | Feb | Mar | Apr | May | Jun | Jul | Aug | Sep | Oct | Nov | Dec 
2011: Jan | Feb | Mar | Apr | May | Jun | Jul | Aug | Sep | Oct | Nov | Dec 
2010: Jan | Feb | Mar | Apr | May | Jun | Jul | Aug | Sep | Oct | Nov | Dec 
2009: Jan | Feb | Mar | Apr | May | Jun | Jul | Aug | Sep | Oct | Nov | Dec 
2008: Jan | Feb | Mar | Apr | May | Jun | Jul | Aug | Sep | Oct | Nov | Dec 
2007: Jan | Feb | Mar | Apr | May | Jun | Jul | Aug | Sep | Oct | Nov | Dec 
2006: Jan | Feb | Mar | Apr | May | Jun | Jul | Aug | Sep | Oct | Nov | Dec 
2005: Jan | Feb | Mar | Apr | May | Jun | Jul | Aug | Sep | Oct | Nov | Dec 
2004: Jan | Feb | Mar | Apr | May | Jun | Jul | Aug | Sep | Oct | Nov | Dec 
2003: Jan | Feb | Mar | Apr | May | Jun | Jul | Aug | Sep | Oct | Nov | Dec 
2002: Jan | Feb | Mar | Apr | May | Jun | Jul | Aug | Sep | Oct | Nov | Dec 
2001: Jan | Feb | Mar | Apr | May | Jun | Jul | Aug | Sep | Oct | Nov | Dec 
2000: Jan | Feb | Mar | Apr | May | Jun | Jul | Aug | Sep | Oct | Nov | Dec 
1999: Jan | Feb | Mar | Apr | May | Jun | Jul | Aug | Sep | Oct | Nov | Dec 
1998: Jan | Feb | Mar | Apr | May | Jun | Jul | Aug | Sep | Oct | Nov | Dec 
1997: Jan | Feb | Mar | Apr | May | Jun | Jul | Aug | Sep | Oct | Nov | Dec 
1996: Jan | Feb | Mar | Apr | May | Jun | Jul | Aug | Sep | Oct | Nov | Dec 
1995: Jan | Feb | Mar | Apr | May | Jun | Jul | Aug | Sep | Oct | Nov | Dec 

Report for 1997 02
MONTHLY CLIMATOLOGICAL SUMMARY for FEB. 1997 NAME: HornSpri CITY: Lebanon STATE: TN ELEV: 612 ft LAT: 36 14' 05" N LONG: 86 22' 55" W TEMPERATURE (F), RAIN (in), WIND SPEED (mph) HEAT COOL AVG MEAN DEG DEG WIND DOM DAY TEMP HIGH TIME LOW TIME DAYS DAYS RAIN SPEED HIGH TIME DIR ------------------------------------------------------------------------------------ 1 44.0 62.0 0:08 26.0 0:08 21.0 0.0 0.00 --- --- --- --- 2 47.0 68.0 0:08 26.0 0:08 18.0 0.0 0.00 --- --- --- --- 3 54.0 68.0 0:08 40.0 0:08 11.0 0.0 0.01 --- --- --- --- 4 54.5 61.0 0:08 48.0 0:08 10.5 0.0 0.59 --- --- --- --- 5 47.0 62.0 0:08 32.0 0:08 18.0 0.0 0.38 --- --- --- --- 6 31.5 37.0 0:08 26.0 0:08 33.5 0.0 0.00 --- --- --- --- 7 8 42.0 53.0 0:08 31.0 0:08 23.0 0.0 0.35 --- --- --- --- 9 32.5 37.0 0:08 28.0 0:08 32.5 0.0 0.00 --- --- --- --- 10 31.5 35.0 0:08 28.0 0:08 33.5 0.0 0.00 --- --- --- --- 11 33.0 38.0 0:08 28.0 0:08 32.0 0.0 0.00 --- --- --- --- 12 30.0 39.0 0:08 21.0 0:08 35.0 0.0 0.00 --- --- --- --- 13 39.0 49.0 0:08 29.0 0:08 26.0 0.0 0.00 --- --- --- --- 14 38.0 43.0 0:08 33.0 0:08 27.0 0.0 0.48 --- --- --- --- 15 32.0 43.0 0:08 21.0 0:08 33.0 0.0 0.00 --- --- --- --- 16 34.0 46.0 0:08 22.0 0:08 31.0 0.0 0.00 --- --- --- --- 17 39.0 59.0 0:08 19.0 0:08 26.0 0.0 0.00 --- --- --- --- 18 41.0 62.0 0:08 20.0 0:08 24.0 0.0 0.00 --- --- --- --- 19 54.5 69.0 0:08 40.0 0:08 10.5 0.0 0.00 --- --- --- --- 20 21 60.5 75.0 0:08 46.0 0:08 4.5 0.0 0.01 --- --- --- --- 22 53.0 69.0 0:08 37.0 0:08 12.0 0.0 0.54 --- --- --- --- 23 32.5 46.0 0:08 19.0 0:08 32.5 0.0 0.00 --- --- --- --- 24 38.5 57.0 0:08 20.0 0:08 26.5 0.0 0.00 --- --- --- --- 25 42.0 59.0 0:08 25.0 0:08 23.0 0.0 0.00 --- --- --- --- 26 47.0 61.0 0:08 33.0 0:08 18.0 0.0 0.36 --- --- --- --- 27 54.5 67.0 0:08 42.0 0:08 10.5 0.0 0.66 --- --- --- --- 28 54.0 64.0 0:08 44.0 0:08 11.0 0.0 0.11 --- --- --- --- ------------------------------------------------------------------------------------- 42.6 75.0 21 19.0 17 583.5 0.0 3.49 --- --- --- --- Max >= 90.0: 0 Max <= 32.0: 0 Min <= 32.0: 17 Min <= 0.0: 0 Max Rain: 0.66 ON 02/27/97 Days of Rain: 8 (>.01 in) 8 (>.1 in) 0 (>1 in) Heat Base: 65.0 Cool Base: 65.0 Method: (High + Low) / 2