Warning: file(http://www.wunderground.com/climate/extremes.asp): failed to open stream: HTTP request failed! HTTP/1.0 500 Internal Server Error in /homepages/6/d330860172/htdocs/usaextremes.php on line 55

Warning: implode(): Invalid arguments passed in /homepages/6/d330860172/htdocs/usaextremes.php on line 55

NOAA Style Climate Reports for Lebanon, TN

NOAA style reports

NOAA-style Climate Reports

2018: Jan | Feb | Mar | Apr | May | Jun | Jul | Aug | Sep | Oct | Nov | Dec 
2017: Jan | Feb | Mar | Apr | May | Jun | Jul | Aug | Sep | Oct | Nov | Dec 
2016: Jan | Feb | Mar | Apr | May | Jun | Jul | Aug | Sep | Oct | Nov | Dec 
2015: Jan | Feb | Mar | Apr | May | Jun | Jul | Aug | Sep | Oct | Nov | Dec 
2014: Jan | Feb | Mar | Apr | May | Jun | Jul | Aug | Sep | Oct | Nov | Dec 
2013: Jan | Feb | Mar | Apr | May | Jun | Jul | Aug | Sep | Oct | Nov | Dec 
2012: Jan | Feb | Mar | Apr | May | Jun | Jul | Aug | Sep | Oct | Nov | Dec 
2011: Jan | Feb | Mar | Apr | May | Jun | Jul | Aug | Sep | Oct | Nov | Dec 
2010: Jan | Feb | Mar | Apr | May | Jun | Jul | Aug | Sep | Oct | Nov | Dec 
2009: Jan | Feb | Mar | Apr | May | Jun | Jul | Aug | Sep | Oct | Nov | Dec 
2008: Jan | Feb | Mar | Apr | May | Jun | Jul | Aug | Sep | Oct | Nov | Dec 
2007: Jan | Feb | Mar | Apr | May | Jun | Jul | Aug | Sep | Oct | Nov | Dec 
2006: Jan | Feb | Mar | Apr | May | Jun | Jul | Aug | Sep | Oct | Nov | Dec 
2005: Jan | Feb | Mar | Apr | May | Jun | Jul | Aug | Sep | Oct | Nov | Dec 
2004: Jan | Feb | Mar | Apr | May | Jun | Jul | Aug | Sep | Oct | Nov | Dec 
2003: Jan | Feb | Mar | Apr | May | Jun | Jul | Aug | Sep | Oct | Nov | Dec 
2002: Jan | Feb | Mar | Apr | May | Jun | Jul | Aug | Sep | Oct | Nov | Dec 
2001: Jan | Feb | Mar | Apr | May | Jun | Jul | Aug | Sep | Oct | Nov | Dec 
2000: Jan | Feb | Mar | Apr | May | Jun | Jul | Aug | Sep | Oct | Nov | Dec 
1999: Jan | Feb | Mar | Apr | May | Jun | Jul | Aug | Sep | Oct | Nov | Dec 
1998: Jan | Feb | Mar | Apr | May | Jun | Jul | Aug | Sep | Oct | Nov | Dec 
1997: Jan | Feb | Mar | Apr | May | Jun | Jul | Aug | Sep | Oct | Nov | Dec 
1996: Jan | Feb | Mar | Apr | May | Jun | Jul | Aug | Sep | Oct | Nov | Dec 
1995: Jan | Feb | Mar | Apr | May | Jun | Jul | Aug | Sep | Oct | Nov | Dec 

Report for 1997 03
MONTHLY CLIMATOLOGICAL SUMMARY for MAR. 1997 NAME: HornSpri CITY: Lebanon STATE: TN ELEV: 612 ft LAT: 36 14' 05" N LONG: 86 22' 55" W TEMPERATURE (F), RAIN (in), WIND SPEED (mph) HEAT COOL AVG MEAN DEG DEG WIND DOM DAY TEMP HIGH TIME LOW TIME DAYS DAYS RAIN SPEED HIGH TIME DIR ------------------------------------------------------------------------------------ 1 59.0 71.0 0:08 47.0 0:08 6.0 0.0 0.58 --- --- --- --- 2 68.5 82.0 0:08 55.0 0:08 0.0 3.5 1.38 --- --- --- --- 3 52.5 60.0 0:08 45.0 0:08 12.5 0.0 3.02 --- --- --- --- 4 5 55.5 67.0 0:08 44.0 0:08 9.5 0.0 0.40 --- --- --- --- 6 43.5 59.0 0:08 28.0 0:08 21.5 0.0 1.63 --- --- --- --- 7 38.5 53.0 0:08 24.0 0:08 26.5 0.0 0.00 --- --- --- --- 8 44.5 64.0 0:08 25.0 0:08 20.5 0.0 0.00 --- --- --- --- 9 55.0 72.0 0:08 38.0 0:08 10.0 0.0 0.00 --- --- --- --- 10 58.0 76.0 0:08 40.0 0:08 7.0 0.0 0.28 --- --- --- --- 11 48.5 62.0 0:08 35.0 0:08 16.5 0.0 0.00 --- --- --- --- 12 53.0 70.0 0:08 36.0 0:08 12.0 0.0 0.00 --- --- --- --- 13 54.0 70.0 0:08 38.0 0:08 11.0 0.0 0.00 --- --- --- --- 14 57.0 68.0 0:08 46.0 0:08 8.0 0.0 0.43 --- --- --- --- 15 16 30.5 43.0 0:08 18.0 0:08 34.5 0.0 0.00 --- --- --- --- 17 36.5 50.0 0:08 23.0 0:08 28.5 0.0 0.00 --- --- --- --- 18 49.5 55.0 0:08 44.0 0:08 15.5 0.0 0.20 --- --- --- --- 19 54.0 64.0 0:08 44.0 0:08 11.0 0.0 1.43 --- --- --- --- 20 40.0 48.0 0:08 32.0 0:08 25.0 0.0 0.02 --- --- --- --- 21 49.5 65.0 0:08 34.0 0:08 15.5 0.0 0.00 --- --- --- --- 22 57.0 76.0 0:08 38.0 0:08 8.0 0.0 0.00 --- --- --- --- 23 44.5 60.0 0:08 29.0 0:08 20.5 0.0 0.00 --- --- --- --- 24 46.5 62.0 0:08 31.0 0:08 18.5 0.0 0.00 --- --- --- --- 25 54.5 72.0 0:08 37.0 0:08 10.5 0.0 0.00 --- --- --- --- 26 54.5 74.0 0:08 35.0 0:08 10.5 0.0 0.68 --- --- --- --- 27 43.5 59.0 0:08 28.0 0:08 21.5 0.0 0.00 --- --- --- --- 28 53.5 72.0 0:08 35.0 0:08 11.5 0.0 0.25 --- --- --- --- 29 61.5 78.0 0:08 45.0 0:08 3.5 0.0 0.13 --- --- --- --- 30 53.5 69.0 0:08 38.0 0:08 11.5 0.0 0.00 --- --- --- --- 31 50.0 66.0 0:08 34.0 0:08 15.0 0.0 0.07 --- --- --- --- ------------------------------------------------------------------------------------- 50.6 82.0 2 18.0 16 422.0 3.5 10.50 --- --- --- --- Max >= 90.0: 0 Max <= 32.0: 0 Min <= 32.0: 9 Min <= 0.0: 0 Max Rain: 3.02 ON 03/03/97 Days of Rain: 14 (>.01 in) 12 (>.1 in) 4 (>1 in) Heat Base: 65.0 Cool Base: 65.0 Method: (High + Low) / 2