Warning: file(http://www.wunderground.com/climate/extremes.asp): failed to open stream: HTTP request failed! HTTP/1.0 500 Internal Server Error in /homepages/6/d330860172/htdocs/usaextremes.php on line 55

Warning: implode(): Invalid arguments passed in /homepages/6/d330860172/htdocs/usaextremes.php on line 55

NOAA Style Climate Reports for Lebanon, TN

NOAA style reports

NOAA-style Climate Reports

2018: Jan | Feb | Mar | Apr | May | Jun | Jul | Aug | Sep | Oct | Nov | Dec 
2017: Jan | Feb | Mar | Apr | May | Jun | Jul | Aug | Sep | Oct | Nov | Dec 
2016: Jan | Feb | Mar | Apr | May | Jun | Jul | Aug | Sep | Oct | Nov | Dec 
2015: Jan | Feb | Mar | Apr | May | Jun | Jul | Aug | Sep | Oct | Nov | Dec 
2014: Jan | Feb | Mar | Apr | May | Jun | Jul | Aug | Sep | Oct | Nov | Dec 
2013: Jan | Feb | Mar | Apr | May | Jun | Jul | Aug | Sep | Oct | Nov | Dec 
2012: Jan | Feb | Mar | Apr | May | Jun | Jul | Aug | Sep | Oct | Nov | Dec 
2011: Jan | Feb | Mar | Apr | May | Jun | Jul | Aug | Sep | Oct | Nov | Dec 
2010: Jan | Feb | Mar | Apr | May | Jun | Jul | Aug | Sep | Oct | Nov | Dec 
2009: Jan | Feb | Mar | Apr | May | Jun | Jul | Aug | Sep | Oct | Nov | Dec 
2008: Jan | Feb | Mar | Apr | May | Jun | Jul | Aug | Sep | Oct | Nov | Dec 
2007: Jan | Feb | Mar | Apr | May | Jun | Jul | Aug | Sep | Oct | Nov | Dec 
2006: Jan | Feb | Mar | Apr | May | Jun | Jul | Aug | Sep | Oct | Nov | Dec 
2005: Jan | Feb | Mar | Apr | May | Jun | Jul | Aug | Sep | Oct | Nov | Dec 
2004: Jan | Feb | Mar | Apr | May | Jun | Jul | Aug | Sep | Oct | Nov | Dec 
2003: Jan | Feb | Mar | Apr | May | Jun | Jul | Aug | Sep | Oct | Nov | Dec 
2002: Jan | Feb | Mar | Apr | May | Jun | Jul | Aug | Sep | Oct | Nov | Dec 
2001: Jan | Feb | Mar | Apr | May | Jun | Jul | Aug | Sep | Oct | Nov | Dec 
2000: Jan | Feb | Mar | Apr | May | Jun | Jul | Aug | Sep | Oct | Nov | Dec 
1999: Jan | Feb | Mar | Apr | May | Jun | Jul | Aug | Sep | Oct | Nov | Dec 
1998: Jan | Feb | Mar | Apr | May | Jun | Jul | Aug | Sep | Oct | Nov | Dec 
1997: Jan | Feb | Mar | Apr | May | Jun | Jul | Aug | Sep | Oct | Nov | Dec 
1996: Jan | Feb | Mar | Apr | May | Jun | Jul | Aug | Sep | Oct | Nov | Dec 
1995: Jan | Feb | Mar | Apr | May | Jun | Jul | Aug | Sep | Oct | Nov | Dec 

Report for 1997 04
MONTHLY CLIMATOLOGICAL SUMMARY for APR. 1997 NAME: HornSpri CITY: Lebanon STATE: TN ELEV: 612 ft LAT: 36 14' 05" N LONG: 86 22' 55" W TEMPERATURE (F), RAIN (in), WIND SPEED (mph) HEAT COOL AVG MEAN DEG DEG WIND DOM DAY TEMP HIGH TIME LOW TIME DAYS DAYS RAIN SPEED HIGH TIME DIR ------------------------------------------------------------------------------------ 1 41.5 57.0 0:08 26.0 0:08 23.5 0.0 0.00 --- --- --- --- 2 45.0 62.0 0:08 28.0 0:08 20.0 0.0 0.00 --- --- --- --- 3 52.0 72.0 0:08 32.0 0:08 13.0 0.0 0.00 --- --- --- --- 4 57.5 77.0 0:08 38.0 0:08 7.5 0.0 0.00 --- --- --- --- 5 56.0 72.0 0:08 40.0 0:08 9.0 0.0 0.30 --- --- --- --- 6 58.5 68.0 0:08 49.0 0:08 6.5 0.0 0.09 --- --- --- --- 7 56.0 79.0 0:08 33.0 0:08 9.0 0.0 0.00 --- --- --- --- 8 43.5 58.0 0:08 29.0 0:08 21.5 0.0 0.00 --- --- --- --- 9 47.0 64.0 0:08 30.0 0:08 18.0 0.0 0.00 --- --- --- --- 10 36.5 49.0 0:08 24.0 0:08 28.5 0.0 0.00 --- --- --- --- 11 43.0 62.0 0:08 24.0 0:08 22.0 0.0 0.00 --- --- --- --- 12 55.5 77.0 0:08 34.0 0:08 9.5 0.0 0.05 --- --- --- --- 13 14 34.0 46.0 0:08 22.0 0:08 31.0 0.0 0.00 --- --- --- --- 15 41.5 59.0 0:08 24.0 0:08 23.5 0.0 0.00 --- --- --- --- 16 47.0 67.0 0:08 27.0 0:08 18.0 0.0 0.00 --- --- --- --- 17 52.5 75.0 0:08 30.0 0:08 12.5 0.0 0.03 --- --- --- --- 18 37.5 49.0 0:08 26.0 0:08 27.5 0.0 0.00 --- --- --- --- 19 46.5 64.0 0:08 29.0 0:08 18.5 0.0 0.19 --- --- --- --- 20 52.5 73.0 0:08 32.0 0:08 12.5 0.0 0.00 --- --- --- --- 21 52.5 70.0 0:08 35.0 0:08 12.5 0.0 0.22 --- --- --- --- 22 53.0 62.0 0:08 44.0 0:08 12.0 0.0 0.93 --- --- --- --- 23 55.5 66.0 0:08 45.0 0:08 9.5 0.0 0.46 --- --- --- --- 24 49.5 64.0 0:08 35.0 0:08 15.5 0.0 0.00 --- --- --- --- 25 51.5 67.0 0:08 36.0 0:08 13.5 0.0 0.00 --- --- --- --- 26 53.5 68.0 0:08 39.0 0:08 11.5 0.0 0.00 --- --- --- --- 27 57.5 69.0 0:08 46.0 0:08 7.5 0.0 0.13 --- --- --- --- 28 57.5 64.0 0:08 51.0 0:08 7.5 0.0 0.01 --- --- --- --- 29 47.5 57.0 0:08 38.0 0:08 17.5 0.0 0.84 --- --- --- --- 30 57.0 72.0 0:08 42.0 0:08 8.0 0.0 0.00 --- --- --- --- ------------------------------------------------------------------------------------- 49.6 79.0 7 22.0 14 446.5 0.0 3.25 --- --- --- --- Max >= 90.0: 0 Max <= 32.0: 0 Min <= 32.0: 14 Min <= 0.0: 0 Max Rain: 0.93 ON 04/22/97 Days of Rain: 10 (>.01 in) 7 (>.1 in) 0 (>1 in) Heat Base: 65.0 Cool Base: 65.0 Method: (High + Low) / 2