Warning: file(http://www.wunderground.com/climate/extremes.asp): failed to open stream: HTTP request failed! HTTP/1.0 500 Internal Server Error in /homepages/6/d330860172/htdocs/usaextremes.php on line 55

Warning: implode(): Invalid arguments passed in /homepages/6/d330860172/htdocs/usaextremes.php on line 55

NOAA Style Climate Reports for Lebanon, TN

NOAA style reports

NOAA-style Climate Reports

2018: Jan | Feb | Mar | Apr | May | Jun | Jul | Aug | Sep | Oct | Nov | Dec 
2017: Jan | Feb | Mar | Apr | May | Jun | Jul | Aug | Sep | Oct | Nov | Dec 
2016: Jan | Feb | Mar | Apr | May | Jun | Jul | Aug | Sep | Oct | Nov | Dec 
2015: Jan | Feb | Mar | Apr | May | Jun | Jul | Aug | Sep | Oct | Nov | Dec 
2014: Jan | Feb | Mar | Apr | May | Jun | Jul | Aug | Sep | Oct | Nov | Dec 
2013: Jan | Feb | Mar | Apr | May | Jun | Jul | Aug | Sep | Oct | Nov | Dec 
2012: Jan | Feb | Mar | Apr | May | Jun | Jul | Aug | Sep | Oct | Nov | Dec 
2011: Jan | Feb | Mar | Apr | May | Jun | Jul | Aug | Sep | Oct | Nov | Dec 
2010: Jan | Feb | Mar | Apr | May | Jun | Jul | Aug | Sep | Oct | Nov | Dec 
2009: Jan | Feb | Mar | Apr | May | Jun | Jul | Aug | Sep | Oct | Nov | Dec 
2008: Jan | Feb | Mar | Apr | May | Jun | Jul | Aug | Sep | Oct | Nov | Dec 
2007: Jan | Feb | Mar | Apr | May | Jun | Jul | Aug | Sep | Oct | Nov | Dec 
2006: Jan | Feb | Mar | Apr | May | Jun | Jul | Aug | Sep | Oct | Nov | Dec 
2005: Jan | Feb | Mar | Apr | May | Jun | Jul | Aug | Sep | Oct | Nov | Dec 
2004: Jan | Feb | Mar | Apr | May | Jun | Jul | Aug | Sep | Oct | Nov | Dec 
2003: Jan | Feb | Mar | Apr | May | Jun | Jul | Aug | Sep | Oct | Nov | Dec 
2002: Jan | Feb | Mar | Apr | May | Jun | Jul | Aug | Sep | Oct | Nov | Dec 
2001: Jan | Feb | Mar | Apr | May | Jun | Jul | Aug | Sep | Oct | Nov | Dec 
2000: Jan | Feb | Mar | Apr | May | Jun | Jul | Aug | Sep | Oct | Nov | Dec 
1999: Jan | Feb | Mar | Apr | May | Jun | Jul | Aug | Sep | Oct | Nov | Dec 
1998: Jan | Feb | Mar | Apr | May | Jun | Jul | Aug | Sep | Oct | Nov | Dec 
1997: Jan | Feb | Mar | Apr | May | Jun | Jul | Aug | Sep | Oct | Nov | Dec 
1996: Jan | Feb | Mar | Apr | May | Jun | Jul | Aug | Sep | Oct | Nov | Dec 
1995: Jan | Feb | Mar | Apr | May | Jun | Jul | Aug | Sep | Oct | Nov | Dec 

Report for 1997 06
MONTHLY CLIMATOLOGICAL SUMMARY for JUN. 1997 NAME: HornSpri CITY: Lebanon STATE: TN ELEV: 612 ft LAT: 36 14' 05" N LONG: 86 22' 55" W TEMPERATURE (F), RAIN (in), WIND SPEED (mph) HEAT COOL AVG MEAN DEG DEG WIND DOM DAY TEMP HIGH TIME LOW TIME DAYS DAYS RAIN SPEED HIGH TIME DIR ------------------------------------------------------------------------------------ 1 62.0 67.0 0:08 57.0 0:08 3.0 0.0 1.46 --- --- --- --- 2 61.5 69.0 0:08 54.0 0:08 3.5 0.0 0.08 --- --- --- --- 3 64.5 77.0 0:08 52.0 0:08 0.5 0.0 0.16 --- --- --- --- 4 5 66.0 74.0 0:08 58.0 0:08 0.0 1.0 0.00 --- --- --- --- 6 61.0 66.0 0:08 56.0 0:08 4.0 0.0 0.07 --- --- --- --- 7 63.5 72.0 0:08 55.0 0:08 1.5 0.0 0.05 --- --- --- --- 8 65.5 74.0 0:08 57.0 0:08 0.0 0.5 0.04 --- --- --- --- 9 61.5 66.0 0:08 57.0 0:08 3.5 0.0 2.08 --- --- --- --- 10 11 64.5 72.0 0:08 57.0 0:08 0.5 0.0 0.06 --- --- --- --- 12 65.5 70.0 0:08 61.0 0:08 0.0 0.5 0.07 --- --- --- --- 13 73.5 84.0 0:08 63.0 0:08 0.0 8.5 0.11 --- --- --- --- 14 74.5 89.0 0:08 60.0 0:08 0.0 9.5 2.86 --- --- --- --- 15 64.5 74.0 0:08 55.0 0:08 0.5 0.0 0.04 --- --- --- --- 16 72.5 85.0 0:08 60.0 0:08 0.0 7.5 0.00 --- --- --- --- 17 73.5 82.0 0:08 65.0 0:08 0.0 8.5 0.38 --- --- --- --- 18 73.5 82.0 0:08 65.0 0:08 0.0 8.5 0.20 --- --- --- --- 19 72.5 85.0 0:08 60.0 0:08 0.0 7.5 0.00 --- --- --- --- 20 76.0 90.0 0:08 62.0 0:08 0.0 11.0 0.00 --- --- --- --- 21 79.5 91.0 0:08 68.0 0:08 0.0 14.5 0.00 --- --- --- --- 22 73.0 82.0 0:08 64.0 0:08 0.0 8.0 0.27 --- --- --- --- 23 77.5 90.0 0:08 65.0 0:08 0.0 12.5 0.00 --- --- --- --- 24 79.0 93.0 0:08 65.0 0:08 0.0 14.0 0.00 --- --- --- --- 25 81.0 94.0 0:08 68.0 0:08 0.0 16.0 0.00 --- --- --- --- 26 79.5 91.0 0:08 68.0 0:08 0.0 14.5 0.00 --- --- --- --- 27 73.5 85.0 0:08 62.0 0:08 0.0 8.5 1.00 --- --- --- --- 28 76.0 86.0 0:08 66.0 0:08 0.0 11.0 0.00 --- --- --- --- 29 74.5 83.0 0:08 66.0 0:08 0.0 9.5 0.46 --- --- --- --- 30 75.5 84.0 0:08 67.0 0:08 0.0 10.5 0.32 --- --- --- --- ------------------------------------------------------------------------------------- 70.9 94.0 25 52.0 3 17.0 182.0 9.71 --- --- --- --- Max >= 90.0: 6 Max <= 32.0: 0 Min <= 32.0: 0 Min <= 0.0: 0 Max Rain: 2.86 ON 06/14/97 Days of Rain: 18 (>.01 in) 11 (>.1 in) 3 (>1 in) Heat Base: 65.0 Cool Base: 65.0 Method: (High + Low) / 2