Warning: file(http://www.wunderground.com/climate/extremes.asp): failed to open stream: HTTP request failed! HTTP/1.0 500 Internal Server Error in /homepages/6/d330860172/htdocs/usaextremes.php on line 55

Warning: implode(): Invalid arguments passed in /homepages/6/d330860172/htdocs/usaextremes.php on line 55

NOAA Style Climate Reports for Lebanon, TN

NOAA style reports

NOAA-style Climate Reports

2018: Jan | Feb | Mar | Apr | May | Jun | Jul | Aug | Sep | Oct | Nov | Dec 
2017: Jan | Feb | Mar | Apr | May | Jun | Jul | Aug | Sep | Oct | Nov | Dec 
2016: Jan | Feb | Mar | Apr | May | Jun | Jul | Aug | Sep | Oct | Nov | Dec 
2015: Jan | Feb | Mar | Apr | May | Jun | Jul | Aug | Sep | Oct | Nov | Dec 
2014: Jan | Feb | Mar | Apr | May | Jun | Jul | Aug | Sep | Oct | Nov | Dec 
2013: Jan | Feb | Mar | Apr | May | Jun | Jul | Aug | Sep | Oct | Nov | Dec 
2012: Jan | Feb | Mar | Apr | May | Jun | Jul | Aug | Sep | Oct | Nov | Dec 
2011: Jan | Feb | Mar | Apr | May | Jun | Jul | Aug | Sep | Oct | Nov | Dec 
2010: Jan | Feb | Mar | Apr | May | Jun | Jul | Aug | Sep | Oct | Nov | Dec 
2009: Jan | Feb | Mar | Apr | May | Jun | Jul | Aug | Sep | Oct | Nov | Dec 
2008: Jan | Feb | Mar | Apr | May | Jun | Jul | Aug | Sep | Oct | Nov | Dec 
2007: Jan | Feb | Mar | Apr | May | Jun | Jul | Aug | Sep | Oct | Nov | Dec 
2006: Jan | Feb | Mar | Apr | May | Jun | Jul | Aug | Sep | Oct | Nov | Dec 
2005: Jan | Feb | Mar | Apr | May | Jun | Jul | Aug | Sep | Oct | Nov | Dec 
2004: Jan | Feb | Mar | Apr | May | Jun | Jul | Aug | Sep | Oct | Nov | Dec 
2003: Jan | Feb | Mar | Apr | May | Jun | Jul | Aug | Sep | Oct | Nov | Dec 
2002: Jan | Feb | Mar | Apr | May | Jun | Jul | Aug | Sep | Oct | Nov | Dec 
2001: Jan | Feb | Mar | Apr | May | Jun | Jul | Aug | Sep | Oct | Nov | Dec 
2000: Jan | Feb | Mar | Apr | May | Jun | Jul | Aug | Sep | Oct | Nov | Dec 
1999: Jan | Feb | Mar | Apr | May | Jun | Jul | Aug | Sep | Oct | Nov | Dec 
1998: Jan | Feb | Mar | Apr | May | Jun | Jul | Aug | Sep | Oct | Nov | Dec 
1997: Jan | Feb | Mar | Apr | May | Jun | Jul | Aug | Sep | Oct | Nov | Dec 
1996: Jan | Feb | Mar | Apr | May | Jun | Jul | Aug | Sep | Oct | Nov | Dec 
1995: Jan | Feb | Mar | Apr | May | Jun | Jul | Aug | Sep | Oct | Nov | Dec 

Report for 1997 07
MONTHLY CLIMATOLOGICAL SUMMARY for JUL. 1997 NAME: HornSpri CITY: Lebanon STATE: TN ELEV: 612 ft LAT: 36 14' 05" N LONG: 86 22' 55" W TEMPERATURE (F), RAIN (in), WIND SPEED (mph) HEAT COOL AVG MEAN DEG DEG WIND DOM DAY TEMP HIGH TIME LOW TIME DAYS DAYS RAIN SPEED HIGH TIME DIR ------------------------------------------------------------------------------------ 1 76.0 87.0 0:08 65.0 0:08 0.0 11.0 0.75 --- --- --- --- 2 79.0 91.0 0:08 67.0 0:08 0.0 14.0 0.00 --- --- --- --- 3 82.0 94.0 0:08 70.0 0:08 0.0 17.0 0.00 --- --- --- --- 4 77.5 92.0 0:08 63.0 0:08 0.0 12.5 0.06 --- --- --- --- 5 71.0 88.0 0:08 54.0 0:08 0.0 6.0 0.00 --- --- --- --- 6 65.5 80.0 0:08 51.0 0:08 0.0 0.5 0.00 --- --- --- --- 7 69.5 83.0 0:08 56.0 0:08 0.0 4.5 0.00 --- --- --- --- 8 72.5 87.0 0:08 58.0 0:08 0.0 7.5 0.00 --- --- --- --- 9 76.0 91.0 0:08 61.0 0:08 0.0 11.0 0.02 --- --- --- --- 10 75.0 89.0 0:08 61.0 0:08 0.0 10.0 0.03 --- --- --- --- 11 71.0 86.0 0:08 56.0 0:08 0.0 6.0 0.00 --- --- --- --- 12 72.0 86.0 0:08 58.0 0:08 0.0 7.0 0.00 --- --- --- --- 13 75.0 92.0 0:08 58.0 0:08 0.0 10.0 0.00 --- --- --- --- 14 77.5 93.0 0:08 62.0 0:08 0.0 12.5 0.00 --- --- --- --- 15 77.0 90.0 0:08 64.0 0:08 0.0 12.0 0.00 --- --- --- --- 16 76.5 91.0 0:08 62.0 0:08 0.0 11.5 0.00 --- --- --- --- 17 76.0 92.0 0:08 60.0 0:08 0.0 11.0 0.00 --- --- --- --- 18 77.5 94.0 0:08 61.0 0:08 0.0 12.5 0.00 --- --- --- --- 19 78.5 95.0 0:08 62.0 0:08 0.0 13.5 0.00 --- --- --- --- 20 80.0 95.0 0:08 65.0 0:08 0.0 15.0 0.00 --- --- --- --- 21 82.5 96.0 0:08 69.0 0:08 0.0 17.5 0.00 --- --- --- --- 22 84.0 99.0 0:08 69.0 0:08 0.0 19.0 0.00 --- --- --- --- 23 80.5 93.0 0:08 68.0 0:08 0.0 15.5 0.00 --- --- --- --- 24 81.5 96.0 0:08 67.0 0:08 0.0 16.5 0.00 --- --- --- --- 25 77.5 92.0 0:08 63.0 0:08 0.0 12.5 0.00 --- --- --- --- 26 78.5 94.0 0:08 63.0 0:08 0.0 13.5 0.00 --- --- --- --- 27 81.0 97.0 0:08 65.0 0:08 0.0 16.0 0.00 --- --- --- --- 28 86.5 103.0 0:08 70.0 0:08 0.0 21.5 0.00 --- --- --- --- 29 83.5 100.0 0:08 67.0 0:08 0.0 18.5 1.28 --- --- --- --- 30 31 74.0 87.0 0:08 61.0 0:08 0.0 9.0 0.00 --- --- --- --- ------------------------------------------------------------------------------------- 77.2 103.0 28 51.0 6 0.0 364.5 2.14 --- --- --- --- Max >= 90.0: 21 Max <= 32.0: 0 Min <= 32.0: 0 Min <= 0.0: 0 Max Rain: 1.28 ON 07/29/97 Days of Rain: 5 (>.01 in) 2 (>.1 in) 1 (>1 in) Heat Base: 65.0 Cool Base: 65.0 Method: (High + Low) / 2