Warning: file(http://www.wunderground.com/climate/extremes.asp): failed to open stream: HTTP request failed! HTTP/1.0 500 Internal Server Error in /homepages/6/d330860172/htdocs/usaextremes.php on line 55

Warning: implode(): Invalid arguments passed in /homepages/6/d330860172/htdocs/usaextremes.php on line 55

NOAA Style Climate Reports for Lebanon, TN

NOAA style reports

NOAA-style Climate Reports

2018: Jan | Feb | Mar | Apr | May | Jun | Jul | Aug | Sep | Oct | Nov | Dec 
2017: Jan | Feb | Mar | Apr | May | Jun | Jul | Aug | Sep | Oct | Nov | Dec 
2016: Jan | Feb | Mar | Apr | May | Jun | Jul | Aug | Sep | Oct | Nov | Dec 
2015: Jan | Feb | Mar | Apr | May | Jun | Jul | Aug | Sep | Oct | Nov | Dec 
2014: Jan | Feb | Mar | Apr | May | Jun | Jul | Aug | Sep | Oct | Nov | Dec 
2013: Jan | Feb | Mar | Apr | May | Jun | Jul | Aug | Sep | Oct | Nov | Dec 
2012: Jan | Feb | Mar | Apr | May | Jun | Jul | Aug | Sep | Oct | Nov | Dec 
2011: Jan | Feb | Mar | Apr | May | Jun | Jul | Aug | Sep | Oct | Nov | Dec 
2010: Jan | Feb | Mar | Apr | May | Jun | Jul | Aug | Sep | Oct | Nov | Dec 
2009: Jan | Feb | Mar | Apr | May | Jun | Jul | Aug | Sep | Oct | Nov | Dec 
2008: Jan | Feb | Mar | Apr | May | Jun | Jul | Aug | Sep | Oct | Nov | Dec 
2007: Jan | Feb | Mar | Apr | May | Jun | Jul | Aug | Sep | Oct | Nov | Dec 
2006: Jan | Feb | Mar | Apr | May | Jun | Jul | Aug | Sep | Oct | Nov | Dec 
2005: Jan | Feb | Mar | Apr | May | Jun | Jul | Aug | Sep | Oct | Nov | Dec 
2004: Jan | Feb | Mar | Apr | May | Jun | Jul | Aug | Sep | Oct | Nov | Dec 
2003: Jan | Feb | Mar | Apr | May | Jun | Jul | Aug | Sep | Oct | Nov | Dec 
2002: Jan | Feb | Mar | Apr | May | Jun | Jul | Aug | Sep | Oct | Nov | Dec 
2001: Jan | Feb | Mar | Apr | May | Jun | Jul | Aug | Sep | Oct | Nov | Dec 
2000: Jan | Feb | Mar | Apr | May | Jun | Jul | Aug | Sep | Oct | Nov | Dec 
1999: Jan | Feb | Mar | Apr | May | Jun | Jul | Aug | Sep | Oct | Nov | Dec 
1998: Jan | Feb | Mar | Apr | May | Jun | Jul | Aug | Sep | Oct | Nov | Dec 
1997: Jan | Feb | Mar | Apr | May | Jun | Jul | Aug | Sep | Oct | Nov | Dec 
1996: Jan | Feb | Mar | Apr | May | Jun | Jul | Aug | Sep | Oct | Nov | Dec 
1995: Jan | Feb | Mar | Apr | May | Jun | Jul | Aug | Sep | Oct | Nov | Dec 

Report for 1997 08
MONTHLY CLIMATOLOGICAL SUMMARY for AUG. 1997 NAME: HornSpri CITY: Lebanon STATE: TN ELEV: 612 ft LAT: 36 14' 05" N LONG: 86 22' 55" W TEMPERATURE (F), RAIN (in), WIND SPEED (mph) HEAT COOL AVG MEAN DEG DEG WIND DOM DAY TEMP HIGH TIME LOW TIME DAYS DAYS RAIN SPEED HIGH TIME DIR ------------------------------------------------------------------------------------ 1 72.5 88.0 0:08 57.0 0:08 0.0 7.5 0.00 --- --- --- --- 2 73.0 89.0 0:08 57.0 0:08 0.0 8.0 0.00 --- --- --- --- 3 74.5 91.0 0:08 58.0 0:08 0.0 9.5 0.00 --- --- --- --- 4 76.0 92.0 0:08 60.0 0:08 0.0 11.0 0.00 --- --- --- --- 5 78.5 95.0 0:08 62.0 0:08 0.0 13.5 0.50 --- --- --- --- 6 70.5 87.0 0:08 54.0 0:08 0.0 5.5 0.00 --- --- --- --- 7 68.5 84.0 0:08 53.0 0:08 0.0 3.5 0.00 --- --- --- --- 8 70.5 86.0 0:08 55.0 0:08 0.0 5.5 0.00 --- --- --- --- 9 70.0 83.0 0:08 57.0 0:08 0.0 5.0 0.77 --- --- --- --- 10 65.0 72.0 0:08 58.0 0:08 0.0 0.0 0.58 --- --- --- --- 11 73.5 86.0 0:08 61.0 0:08 0.0 8.5 0.00 --- --- --- --- 12 76.5 89.0 0:08 64.0 0:08 0.0 11.5 0.17 --- --- --- --- 13 78.0 89.0 0:08 67.0 0:08 0.0 13.0 0.35 --- --- --- --- 14 76.5 89.0 0:08 64.0 0:08 0.0 11.5 0.36 --- --- --- --- 15 77.5 90.0 0:08 65.0 0:08 0.0 12.5 0.03 --- --- --- --- 16 81.5 93.0 0:08 70.0 0:08 0.0 16.5 0.00 --- --- --- --- 17 83.0 95.0 0:08 71.0 0:08 0.0 18.0 0.00 --- --- --- --- 18 80.0 94.0 0:08 66.0 0:08 0.0 15.0 0.43 --- --- --- --- 19 76.5 89.0 0:08 64.0 0:08 0.0 11.5 0.00 --- --- --- --- 20 77.0 90.0 0:08 64.0 0:08 0.0 12.0 0.88 --- --- --- --- 21 72.0 86.0 0:08 58.0 0:08 0.0 7.0 0.00 --- --- --- --- 22 65.5 80.0 0:08 51.0 0:08 0.0 0.5 0.00 --- --- --- --- 23 64.5 80.0 0:08 49.0 0:08 0.5 0.0 0.00 --- --- --- --- 24 63.0 79.0 0:08 47.0 0:08 2.0 0.0 0.00 --- --- --- --- 25 65.5 83.0 0:08 48.0 0:08 0.0 0.5 0.00 --- --- --- --- 26 70.0 85.0 0:08 55.0 0:08 0.0 5.0 0.00 --- --- --- --- 27 76.0 90.0 0:08 62.0 0:08 0.0 11.0 0.00 --- --- --- --- 28 78.0 93.0 0:08 63.0 0:08 0.0 13.0 0.00 --- --- --- --- 29 78.0 91.0 0:08 65.0 0:08 0.0 13.0 0.00 --- --- --- --- 30 77.0 90.0 0:08 64.0 0:08 0.0 12.0 0.00 --- --- --- --- 31 77.5 90.0 0:08 65.0 0:08 0.0 12.5 0.00 --- --- --- --- ------------------------------------------------------------------------------------- 73.7 95.0 5 47.0 24 2.5 273.5 4.07 --- --- --- --- Max >= 90.0: 13 Max <= 32.0: 0 Min <= 32.0: 0 Min <= 0.0: 0 Max Rain: 0.88 ON 08/20/97 Days of Rain: 9 (>.01 in) 8 (>.1 in) 0 (>1 in) Heat Base: 65.0 Cool Base: 65.0 Method: (High + Low) / 2