Warning: file(http://www.wunderground.com/climate/extremes.asp): failed to open stream: HTTP request failed! HTTP/1.0 500 Internal Server Error in /homepages/6/d330860172/htdocs/usaextremes.php on line 55

Warning: implode(): Invalid arguments passed in /homepages/6/d330860172/htdocs/usaextremes.php on line 55

NOAA Style Climate Reports for Lebanon, TN

NOAA style reports

NOAA-style Climate Reports

2018: Jan | Feb | Mar | Apr | May | Jun | Jul | Aug | Sep | Oct | Nov | Dec 
2017: Jan | Feb | Mar | Apr | May | Jun | Jul | Aug | Sep | Oct | Nov | Dec 
2016: Jan | Feb | Mar | Apr | May | Jun | Jul | Aug | Sep | Oct | Nov | Dec 
2015: Jan | Feb | Mar | Apr | May | Jun | Jul | Aug | Sep | Oct | Nov | Dec 
2014: Jan | Feb | Mar | Apr | May | Jun | Jul | Aug | Sep | Oct | Nov | Dec 
2013: Jan | Feb | Mar | Apr | May | Jun | Jul | Aug | Sep | Oct | Nov | Dec 
2012: Jan | Feb | Mar | Apr | May | Jun | Jul | Aug | Sep | Oct | Nov | Dec 
2011: Jan | Feb | Mar | Apr | May | Jun | Jul | Aug | Sep | Oct | Nov | Dec 
2010: Jan | Feb | Mar | Apr | May | Jun | Jul | Aug | Sep | Oct | Nov | Dec 
2009: Jan | Feb | Mar | Apr | May | Jun | Jul | Aug | Sep | Oct | Nov | Dec 
2008: Jan | Feb | Mar | Apr | May | Jun | Jul | Aug | Sep | Oct | Nov | Dec 
2007: Jan | Feb | Mar | Apr | May | Jun | Jul | Aug | Sep | Oct | Nov | Dec 
2006: Jan | Feb | Mar | Apr | May | Jun | Jul | Aug | Sep | Oct | Nov | Dec 
2005: Jan | Feb | Mar | Apr | May | Jun | Jul | Aug | Sep | Oct | Nov | Dec 
2004: Jan | Feb | Mar | Apr | May | Jun | Jul | Aug | Sep | Oct | Nov | Dec 
2003: Jan | Feb | Mar | Apr | May | Jun | Jul | Aug | Sep | Oct | Nov | Dec 
2002: Jan | Feb | Mar | Apr | May | Jun | Jul | Aug | Sep | Oct | Nov | Dec 
2001: Jan | Feb | Mar | Apr | May | Jun | Jul | Aug | Sep | Oct | Nov | Dec 
2000: Jan | Feb | Mar | Apr | May | Jun | Jul | Aug | Sep | Oct | Nov | Dec 
1999: Jan | Feb | Mar | Apr | May | Jun | Jul | Aug | Sep | Oct | Nov | Dec 
1998: Jan | Feb | Mar | Apr | May | Jun | Jul | Aug | Sep | Oct | Nov | Dec 
1997: Jan | Feb | Mar | Apr | May | Jun | Jul | Aug | Sep | Oct | Nov | Dec 
1996: Jan | Feb | Mar | Apr | May | Jun | Jul | Aug | Sep | Oct | Nov | Dec 
1995: Jan | Feb | Mar | Apr | May | Jun | Jul | Aug | Sep | Oct | Nov | Dec 

Report for 1997 10
MONTHLY CLIMATOLOGICAL SUMMARY for OCT. 1997 NAME: HornSpri CITY: Lebanon STATE: TN ELEV: 612 ft LAT: 36 14' 05" N LONG: 86 22' 55" W TEMPERATURE (F), RAIN (in), WIND SPEED (mph) HEAT COOL AVG MEAN DEG DEG WIND DOM DAY TEMP HIGH TIME LOW TIME DAYS DAYS RAIN SPEED HIGH TIME DIR ------------------------------------------------------------------------------------ 1 66.0 82.0 0:08 50.0 0:08 0.0 1.0 0.00 --- --- --- --- 2 52.5 74.0 0:08 31.0 0:08 12.5 0.0 0.00 --- --- --- --- 3 56.0 74.0 0:08 38.0 0:08 9.0 0.0 0.00 --- --- --- --- 4 60.5 81.0 0:08 40.0 0:08 4.5 0.0 0.00 --- --- --- --- 5 66.0 84.0 0:08 48.0 0:08 0.0 1.0 0.00 --- --- --- --- 6 66.0 84.0 0:08 48.0 0:08 0.0 1.0 0.00 --- --- --- --- 7 67.5 86.0 0:08 49.0 0:08 0.0 2.5 0.00 --- --- --- --- 8 70.0 86.0 0:08 54.0 0:08 0.0 5.0 0.00 --- --- --- --- 9 71.0 87.0 0:08 55.0 0:08 0.0 6.0 0.00 --- --- --- --- 10 73.0 86.0 0:08 60.0 0:08 0.0 8.0 0.00 --- --- --- --- 11 73.0 84.0 0:08 62.0 0:08 0.0 8.0 0.00 --- --- --- --- 12 73.5 87.0 0:08 60.0 0:08 0.0 8.5 0.00 --- --- --- --- 13 72.5 84.0 0:08 61.0 0:08 0.0 7.5 0.00 --- --- --- --- 14 62.0 81.0 0:08 43.0 0:08 3.0 0.0 1.46 --- --- --- --- 15 49.0 64.0 0:08 34.0 0:08 16.0 0.0 0.00 --- --- --- --- 16 48.5 65.0 0:08 32.0 0:08 16.5 0.0 0.00 --- --- --- --- 17 48.0 64.0 0:08 32.0 0:08 17.0 0.0 0.00 --- --- --- --- 18 47.5 63.0 0:08 32.0 0:08 17.5 0.0 0.00 --- --- --- --- 19 48.0 64.0 0:08 32.0 0:08 17.0 0.0 0.00 --- --- --- --- 20 51.0 67.0 0:08 35.0 0:08 14.0 0.0 0.00 --- --- --- --- 21 22 40.0 52.0 0:08 28.0 0:08 25.0 0.0 0.23 --- --- --- --- 23 39.5 56.0 0:08 23.0 0:08 25.5 0.0 0.00 --- --- --- --- 24 43.5 65.0 0:08 22.0 0:08 21.5 0.0 0.22 --- --- --- --- 25 57.0 68.0 0:08 46.0 0:08 8.0 0.0 0.05 --- --- --- --- 26 62.0 70.0 0:08 54.0 0:08 3.0 0.0 0.34 --- --- --- --- 27 54.0 70.0 0:08 38.0 0:08 11.0 0.0 0.10 --- --- --- --- 28 35.0 45.0 0:08 25.0 0:08 30.0 0.0 0.00 --- --- --- --- 29 40.5 56.0 0:08 25.0 0:08 24.5 0.0 0.00 --- --- --- --- 30 45.5 64.0 0:08 27.0 0:08 19.5 0.0 0.00 --- --- --- --- 31 48.5 67.0 0:08 30.0 0:08 16.5 0.0 0.00 --- --- --- --- ------------------------------------------------------------------------------------- 56.2 87.0 9 22.0 24 311.5 48.5 2.40 --- --- --- --- Max >= 90.0: 0 Max <= 32.0: 0 Min <= 32.0: 12 Min <= 0.0: 0 Max Rain: 1.46 ON 10/14/97 Days of Rain: 6 (>.01 in) 4 (>.1 in) 1 (>1 in) Heat Base: 65.0 Cool Base: 65.0 Method: (High + Low) / 2