Warning: file(http://www.wunderground.com/climate/extremes.asp): failed to open stream: HTTP request failed! HTTP/1.0 500 Internal Server Error in /homepages/6/d330860172/htdocs/usaextremes.php on line 55

Warning: implode(): Invalid arguments passed in /homepages/6/d330860172/htdocs/usaextremes.php on line 55

NOAA Style Climate Reports for Lebanon, TN

NOAA style reports

NOAA-style Climate Reports

2018: Jan | Feb | Mar | Apr | May | Jun | Jul | Aug | Sep | Oct | Nov | Dec 
2017: Jan | Feb | Mar | Apr | May | Jun | Jul | Aug | Sep | Oct | Nov | Dec 
2016: Jan | Feb | Mar | Apr | May | Jun | Jul | Aug | Sep | Oct | Nov | Dec 
2015: Jan | Feb | Mar | Apr | May | Jun | Jul | Aug | Sep | Oct | Nov | Dec 
2014: Jan | Feb | Mar | Apr | May | Jun | Jul | Aug | Sep | Oct | Nov | Dec 
2013: Jan | Feb | Mar | Apr | May | Jun | Jul | Aug | Sep | Oct | Nov | Dec 
2012: Jan | Feb | Mar | Apr | May | Jun | Jul | Aug | Sep | Oct | Nov | Dec 
2011: Jan | Feb | Mar | Apr | May | Jun | Jul | Aug | Sep | Oct | Nov | Dec 
2010: Jan | Feb | Mar | Apr | May | Jun | Jul | Aug | Sep | Oct | Nov | Dec 
2009: Jan | Feb | Mar | Apr | May | Jun | Jul | Aug | Sep | Oct | Nov | Dec 
2008: Jan | Feb | Mar | Apr | May | Jun | Jul | Aug | Sep | Oct | Nov | Dec 
2007: Jan | Feb | Mar | Apr | May | Jun | Jul | Aug | Sep | Oct | Nov | Dec 
2006: Jan | Feb | Mar | Apr | May | Jun | Jul | Aug | Sep | Oct | Nov | Dec 
2005: Jan | Feb | Mar | Apr | May | Jun | Jul | Aug | Sep | Oct | Nov | Dec 
2004: Jan | Feb | Mar | Apr | May | Jun | Jul | Aug | Sep | Oct | Nov | Dec 
2003: Jan | Feb | Mar | Apr | May | Jun | Jul | Aug | Sep | Oct | Nov | Dec 
2002: Jan | Feb | Mar | Apr | May | Jun | Jul | Aug | Sep | Oct | Nov | Dec 
2001: Jan | Feb | Mar | Apr | May | Jun | Jul | Aug | Sep | Oct | Nov | Dec 
2000: Jan | Feb | Mar | Apr | May | Jun | Jul | Aug | Sep | Oct | Nov | Dec 
1999: Jan | Feb | Mar | Apr | May | Jun | Jul | Aug | Sep | Oct | Nov | Dec 
1998: Jan | Feb | Mar | Apr | May | Jun | Jul | Aug | Sep | Oct | Nov | Dec 
1997: Jan | Feb | Mar | Apr | May | Jun | Jul | Aug | Sep | Oct | Nov | Dec 
1996: Jan | Feb | Mar | Apr | May | Jun | Jul | Aug | Sep | Oct | Nov | Dec 
1995: Jan | Feb | Mar | Apr | May | Jun | Jul | Aug | Sep | Oct | Nov | Dec 

Report for 1997 11
MONTHLY CLIMATOLOGICAL SUMMARY for NOV. 1997 NAME: HornSpri CITY: Lebanon STATE: TN ELEV: 612 ft LAT: 36 14' 05" N LONG: 86 22' 55" W TEMPERATURE (F), RAIN (in), WIND SPEED (mph) HEAT COOL AVG MEAN DEG DEG WIND DOM DAY TEMP HIGH TIME LOW TIME DAYS DAYS RAIN SPEED HIGH TIME DIR ------------------------------------------------------------------------------------ 1 57.0 73.0 0:08 41.0 0:08 8.0 0.0 0.02 --- --- --- --- 2 47.5 63.0 0:08 32.0 0:08 17.5 0.0 0.13 --- --- --- --- 3 46.5 60.0 0:08 33.0 0:08 18.5 0.0 0.07 --- --- --- --- 4 39.0 49.0 0:08 29.0 0:08 26.0 0.0 0.21 --- --- --- --- 5 41.0 54.0 0:08 28.0 0:08 24.0 0.0 0.00 --- --- --- --- 6 46.0 64.0 0:08 28.0 0:08 19.0 0.0 0.19 --- --- --- --- 7 46.0 51.0 0:08 41.0 0:08 19.0 0.0 0.41 --- --- --- --- 8 42.5 50.0 0:08 35.0 0:08 22.5 0.0 0.00 --- --- --- --- 9 41.5 56.0 0:08 27.0 0:08 23.5 0.0 0.00 --- --- --- --- 10 43.0 58.0 0:08 28.0 0:08 22.0 0.0 0.00 --- --- --- --- 11 41.0 47.0 0:08 35.0 0:08 24.0 0.0 0.08 --- --- --- --- 12 42.0 49.0 0:08 35.0 0:08 23.0 0.0 0.00 --- --- --- --- 13 35.5 41.0 0:08 30.0 0:08 29.5 0.0 0.13 --- --- --- --- 14 38.5 45.0 0:08 32.0 0:08 26.5 0.0 0.55 --- --- --- --- 15 16 37.5 47.0 0:08 28.0 0:08 27.5 0.0 0.02 --- --- --- --- 17 18 27.0 42.0 0:08 12.0 0:08 38.0 0.0 0.00 --- --- --- --- 19 33.5 54.0 0:08 13.0 0:08 31.5 0.0 0.00 --- --- --- --- 20 41.5 61.0 0:08 22.0 0:08 23.5 0.0 0.00 --- --- --- --- 21 44.5 66.0 0:08 23.0 0:08 20.5 0.0 0.47 --- --- --- --- 22 49.5 58.0 0:08 41.0 0:08 15.5 0.0 0.67 --- --- --- --- 23 24 34.0 47.0 0:08 21.0 0:08 31.0 0.0 0.00 --- --- --- --- 25 36.0 51.0 0:08 21.0 0:08 29.0 0.0 0.00 --- --- --- --- 26 42.5 63.0 0:08 22.0 0:08 22.5 0.0 0.00 --- --- --- --- 27 28 41.0 60.0 0:08 22.0 0:08 24.0 0.0 0.00 --- --- --- --- 29 30 ------------------------------------------------------------------------------------- 41.4 73.0 1 12.0 18 566.0 0.0 2.95 --- --- --- --- Max >= 90.0: 0 Max <= 32.0: 0 Min <= 32.0: 17 Min <= 0.0: 0 Max Rain: 0.67 ON 11/22/97 Days of Rain: 12 (>.01 in) 8 (>.1 in) 0 (>1 in) Heat Base: 65.0 Cool Base: 65.0 Method: (High + Low) / 2