Warning: file(http://www.wunderground.com/climate/extremes.asp): failed to open stream: HTTP request failed! HTTP/1.0 500 Internal Server Error in /homepages/6/d330860172/htdocs/usaextremes.php on line 55

Warning: implode(): Invalid arguments passed in /homepages/6/d330860172/htdocs/usaextremes.php on line 55

NOAA Style Climate Reports for Lebanon, TN

NOAA style reports

NOAA-style Climate Reports

2018: Jan | Feb | Mar | Apr | May | Jun | Jul | Aug | Sep | Oct | Nov | Dec 
2017: Jan | Feb | Mar | Apr | May | Jun | Jul | Aug | Sep | Oct | Nov | Dec 
2016: Jan | Feb | Mar | Apr | May | Jun | Jul | Aug | Sep | Oct | Nov | Dec 
2015: Jan | Feb | Mar | Apr | May | Jun | Jul | Aug | Sep | Oct | Nov | Dec 
2014: Jan | Feb | Mar | Apr | May | Jun | Jul | Aug | Sep | Oct | Nov | Dec 
2013: Jan | Feb | Mar | Apr | May | Jun | Jul | Aug | Sep | Oct | Nov | Dec 
2012: Jan | Feb | Mar | Apr | May | Jun | Jul | Aug | Sep | Oct | Nov | Dec 
2011: Jan | Feb | Mar | Apr | May | Jun | Jul | Aug | Sep | Oct | Nov | Dec 
2010: Jan | Feb | Mar | Apr | May | Jun | Jul | Aug | Sep | Oct | Nov | Dec 
2009: Jan | Feb | Mar | Apr | May | Jun | Jul | Aug | Sep | Oct | Nov | Dec 
2008: Jan | Feb | Mar | Apr | May | Jun | Jul | Aug | Sep | Oct | Nov | Dec 
2007: Jan | Feb | Mar | Apr | May | Jun | Jul | Aug | Sep | Oct | Nov | Dec 
2006: Jan | Feb | Mar | Apr | May | Jun | Jul | Aug | Sep | Oct | Nov | Dec 
2005: Jan | Feb | Mar | Apr | May | Jun | Jul | Aug | Sep | Oct | Nov | Dec 
2004: Jan | Feb | Mar | Apr | May | Jun | Jul | Aug | Sep | Oct | Nov | Dec 
2003: Jan | Feb | Mar | Apr | May | Jun | Jul | Aug | Sep | Oct | Nov | Dec 
2002: Jan | Feb | Mar | Apr | May | Jun | Jul | Aug | Sep | Oct | Nov | Dec 
2001: Jan | Feb | Mar | Apr | May | Jun | Jul | Aug | Sep | Oct | Nov | Dec 
2000: Jan | Feb | Mar | Apr | May | Jun | Jul | Aug | Sep | Oct | Nov | Dec 
1999: Jan | Feb | Mar | Apr | May | Jun | Jul | Aug | Sep | Oct | Nov | Dec 
1998: Jan | Feb | Mar | Apr | May | Jun | Jul | Aug | Sep | Oct | Nov | Dec 
1997: Jan | Feb | Mar | Apr | May | Jun | Jul | Aug | Sep | Oct | Nov | Dec 
1996: Jan | Feb | Mar | Apr | May | Jun | Jul | Aug | Sep | Oct | Nov | Dec 
1995: Jan | Feb | Mar | Apr | May | Jun | Jul | Aug | Sep | Oct | Nov | Dec 

Report for 1998
ANNUAL CLIMATOLOGICAL SUMMARY NAME: HornSpri CITY: Lebanon STATE: TN ELEV: 612 ft LAT: 36 14' 05" N LONG: 86 22' 55" W TEMPERATURE (F), HEAT BASE 65.0, COOL BASE 65.0 DEP. HEAT COOL MEAN MEAN FROM DEG DEG MAX MAX MIN MIN YR MO MAX MIN MEAN NORM DAYS DAYS HI DATE LOW DATE >=90 <=32 <=32 <=0 ------------------------------------------------------------------------------------ 98 1 53.2 31.2 42.2 6.0 593 1 72.0 5 10.0 1 0 0 14 0 98 2 53.2 30.4 41.8 1.7 604 0 73.0 27 19.0 1 0 0 17 0 98 3 60.0 37.4 48.7 0.2 468 28 84.0 30 11.0 13 0 0 11 0 98 4 68.3 41.7 55.0 -2.5 304 3 81.0 1 29.0 5 0 0 6 0 98 5 81.6 56.1 68.9 2.3 38 154 91.0 15 45.0 1 6 0 0 0 98 6 87.8 65.4 76.6 1.5 11 360 96.0 25 46.0 7 15 0 0 0 98 7 88.1 69.5 78.8 -0.1 0 414 96.0 20 63.0 25 11 0 0 0 98 8 91.3 60.6 75.9 -2.0 0 328 98.0 26 53.0 20 22 0 0 0 98 9 92.1 54.5 73.3 2.9 14 254 102.0 7 40.0 10 22 0 0 0 98 10 79.1 41.5 60.3 1.4 190 48 94.0 1 25.0 23 1 0 4 0 98 11 64.8 30.2 47.5 -1.5 491 0 77.0 2 17.0 7 0 0 19 0 98 12 54.8 28.7 41.7 2.6 609 4 79.0 5 15.0 24 0 2 17 0 ------------------------------------------------------------------------------------ 73.6 46.3 59.9 1.0 3319 1591 102.0 SEP 10.0 JAN 77 2 88 0 PRECIPITATION (in) DEP. MAX DAYS OF RAIN FROM OBS. OVER YR MO TOTAL NORM DAY DATE .01 .1 1 --------------------------------------------- 98 1 4.51 0.07 1.51 8 14 9 1 98 2 4.15 -0.23 1.41 4 10 7 1 98 3 3.08 -1.56 0.78 9 13 8 0 98 4 7.94 3.58 1.79 17 13 11 3 98 5 5.47 -0.26 1.27 26 11 8 2 98 6 10.76 6.27 2.90 5 16 14 4 98 7 6.10 1.49 1.38 17 10 9 2 98 8 0.38 -3.34 0.20 17 4 2 0 98 9 0.11 -3.61 0.09 21 2 0 0 98 10 1.69 -1.57 0.93 8 5 4 0 98 11 1.44 -2.92 0.80 11 6 3 0 98 12 6.81 1.70 1.79 13 15 10 2 --------------------------------------------- 52.44 -0.38 2.90 JUN 119 85 15 WIND SPEED (mph) DOM YR MO AVG. HI DATE DIR --------------------------------- 98 1 98 2 98 3 98 4 98 5 98 6 98 7 98 8 98 9 98 10 98 11 98 12 --------------------------------- 0.0-32768.0 JAN ---