Warning: file(http://www.wunderground.com/climate/extremes.asp): failed to open stream: HTTP request failed! HTTP/1.0 500 Internal Server Error in /homepages/6/d330860172/htdocs/usaextremes.php on line 55

Warning: implode(): Invalid arguments passed in /homepages/6/d330860172/htdocs/usaextremes.php on line 55

NOAA Style Climate Reports for Lebanon, TN

NOAA style reports

NOAA-style Climate Reports

2018: Jan | Feb | Mar | Apr | May | Jun | Jul | Aug | Sep | Oct | Nov | Dec 
2017: Jan | Feb | Mar | Apr | May | Jun | Jul | Aug | Sep | Oct | Nov | Dec 
2016: Jan | Feb | Mar | Apr | May | Jun | Jul | Aug | Sep | Oct | Nov | Dec 
2015: Jan | Feb | Mar | Apr | May | Jun | Jul | Aug | Sep | Oct | Nov | Dec 
2014: Jan | Feb | Mar | Apr | May | Jun | Jul | Aug | Sep | Oct | Nov | Dec 
2013: Jan | Feb | Mar | Apr | May | Jun | Jul | Aug | Sep | Oct | Nov | Dec 
2012: Jan | Feb | Mar | Apr | May | Jun | Jul | Aug | Sep | Oct | Nov | Dec 
2011: Jan | Feb | Mar | Apr | May | Jun | Jul | Aug | Sep | Oct | Nov | Dec 
2010: Jan | Feb | Mar | Apr | May | Jun | Jul | Aug | Sep | Oct | Nov | Dec 
2009: Jan | Feb | Mar | Apr | May | Jun | Jul | Aug | Sep | Oct | Nov | Dec 
2008: Jan | Feb | Mar | Apr | May | Jun | Jul | Aug | Sep | Oct | Nov | Dec 
2007: Jan | Feb | Mar | Apr | May | Jun | Jul | Aug | Sep | Oct | Nov | Dec 
2006: Jan | Feb | Mar | Apr | May | Jun | Jul | Aug | Sep | Oct | Nov | Dec 
2005: Jan | Feb | Mar | Apr | May | Jun | Jul | Aug | Sep | Oct | Nov | Dec 
2004: Jan | Feb | Mar | Apr | May | Jun | Jul | Aug | Sep | Oct | Nov | Dec 
2003: Jan | Feb | Mar | Apr | May | Jun | Jul | Aug | Sep | Oct | Nov | Dec 
2002: Jan | Feb | Mar | Apr | May | Jun | Jul | Aug | Sep | Oct | Nov | Dec 
2001: Jan | Feb | Mar | Apr | May | Jun | Jul | Aug | Sep | Oct | Nov | Dec 
2000: Jan | Feb | Mar | Apr | May | Jun | Jul | Aug | Sep | Oct | Nov | Dec 
1999: Jan | Feb | Mar | Apr | May | Jun | Jul | Aug | Sep | Oct | Nov | Dec 
1998: Jan | Feb | Mar | Apr | May | Jun | Jul | Aug | Sep | Oct | Nov | Dec 
1997: Jan | Feb | Mar | Apr | May | Jun | Jul | Aug | Sep | Oct | Nov | Dec 
1996: Jan | Feb | Mar | Apr | May | Jun | Jul | Aug | Sep | Oct | Nov | Dec 
1995: Jan | Feb | Mar | Apr | May | Jun | Jul | Aug | Sep | Oct | Nov | Dec 

Report for 1998 01
MONTHLY CLIMATOLOGICAL SUMMARY for JAN. 1998 NAME: HornSpri CITY: Lebanon STATE: TN ELEV: 612 ft LAT: 36 14' 05" N LONG: 86 22' 55" W TEMPERATURE (F), RAIN (in), WIND SPEED (mph) HEAT COOL AVG MEAN DEG DEG WIND DOM DAY TEMP HIGH TIME LOW TIME DAYS DAYS RAIN SPEED HIGH TIME DIR ------------------------------------------------------------------------------------ 1 23.0 36.0 0:08 10.0 0:08 42.0 0.0 0.00 --- --- --- --- 2 35.5 50.0 0:08 21.0 0:08 29.5 0.0 0.00 --- --- --- --- 3 47.0 59.0 0:08 35.0 0:08 18.0 0.0 0.00 --- --- --- --- 4 52.5 68.0 0:08 37.0 0:08 12.5 0.0 0.00 --- --- --- --- 5 54.5 72.0 0:08 37.0 0:08 10.5 0.0 0.25 --- --- --- --- 6 62.0 70.0 0:08 54.0 0:08 3.0 0.0 0.10 --- --- --- --- 7 65.5 69.0 0:08 62.0 0:08 0.0 0.5 0.70 --- --- --- --- 8 58.0 63.0 0:08 53.0 0:08 7.0 0.0 1.51 --- --- --- --- 9 43.5 54.0 0:08 33.0 0:08 21.5 0.0 0.15 --- --- --- --- 10 11 38.0 43.0 0:08 33.0 0:08 27.0 0.0 0.01 --- --- --- --- 12 41.5 48.0 0:08 35.0 0:08 23.5 0.0 0.15 --- --- --- --- 13 47.5 61.0 0:08 34.0 0:08 17.5 0.0 0.02 --- --- --- --- 14 15 38.0 52.0 0:08 24.0 0:08 27.0 0.0 0.36 --- --- --- --- 16 40.5 48.0 0:08 33.0 0:08 24.5 0.0 0.36 --- --- --- --- 17 34.5 38.0 0:08 31.0 0:08 30.5 0.0 0.08 --- --- --- --- 18 19 38.0 46.0 0:08 30.0 0:08 27.0 0.0 0.11 --- --- --- --- 20 26.0 36.0 0:08 16.0 0:08 39.0 0.0 0.01 --- --- --- --- 21 30.5 44.0 0:08 17.0 0:08 34.5 0.0 0.00 --- --- --- --- 22 38.5 50.0 0:08 27.0 0:08 26.5 0.0 0.07 --- --- --- --- 23 41.5 49.0 0:08 34.0 0:08 23.5 0.0 0.60 --- --- --- --- 24 25 26 37.5 46.0 0:08 29.0 0:08 27.5 0.0 0.00 --- --- --- --- 27 41.5 53.0 0:08 30.0 0:08 23.5 0.0 0.02 --- --- --- --- 28 40.5 55.0 0:08 26.0 0:08 24.5 0.0 0.01 --- --- --- --- 29 43.5 61.0 0:08 26.0 0:08 21.5 0.0 0.00 --- --- --- --- 30 43.5 61.0 0:08 26.0 0:08 21.5 0.0 0.00 --- --- --- --- 31 35.0 52.0 0:08 18.0 0:08 30.0 0.0 0.00 --- --- --- --- ------------------------------------------------------------------------------------- 42.2 72.0 5 10.0 1 593.0 0.5 4.51 --- --- --- --- Max >= 90.0: 0 Max <= 32.0: 0 Min <= 32.0: 14 Min <= 0.0: 0 Max Rain: 1.51 ON 01/08/98 Days of Rain: 14 (>.01 in) 9 (>.1 in) 1 (>1 in) Heat Base: 65.0 Cool Base: 65.0 Method: (High + Low) / 2