Warning: file(http://www.wunderground.com/climate/extremes.asp): failed to open stream: HTTP request failed! HTTP/1.0 500 Internal Server Error in /homepages/6/d330860172/htdocs/usaextremes.php on line 55

Warning: implode(): Invalid arguments passed in /homepages/6/d330860172/htdocs/usaextremes.php on line 55

NOAA Style Climate Reports for Lebanon, TN

NOAA style reports

NOAA-style Climate Reports

2018: Jan | Feb | Mar | Apr | May | Jun | Jul | Aug | Sep | Oct | Nov | Dec 
2017: Jan | Feb | Mar | Apr | May | Jun | Jul | Aug | Sep | Oct | Nov | Dec 
2016: Jan | Feb | Mar | Apr | May | Jun | Jul | Aug | Sep | Oct | Nov | Dec 
2015: Jan | Feb | Mar | Apr | May | Jun | Jul | Aug | Sep | Oct | Nov | Dec 
2014: Jan | Feb | Mar | Apr | May | Jun | Jul | Aug | Sep | Oct | Nov | Dec 
2013: Jan | Feb | Mar | Apr | May | Jun | Jul | Aug | Sep | Oct | Nov | Dec 
2012: Jan | Feb | Mar | Apr | May | Jun | Jul | Aug | Sep | Oct | Nov | Dec 
2011: Jan | Feb | Mar | Apr | May | Jun | Jul | Aug | Sep | Oct | Nov | Dec 
2010: Jan | Feb | Mar | Apr | May | Jun | Jul | Aug | Sep | Oct | Nov | Dec 
2009: Jan | Feb | Mar | Apr | May | Jun | Jul | Aug | Sep | Oct | Nov | Dec 
2008: Jan | Feb | Mar | Apr | May | Jun | Jul | Aug | Sep | Oct | Nov | Dec 
2007: Jan | Feb | Mar | Apr | May | Jun | Jul | Aug | Sep | Oct | Nov | Dec 
2006: Jan | Feb | Mar | Apr | May | Jun | Jul | Aug | Sep | Oct | Nov | Dec 
2005: Jan | Feb | Mar | Apr | May | Jun | Jul | Aug | Sep | Oct | Nov | Dec 
2004: Jan | Feb | Mar | Apr | May | Jun | Jul | Aug | Sep | Oct | Nov | Dec 
2003: Jan | Feb | Mar | Apr | May | Jun | Jul | Aug | Sep | Oct | Nov | Dec 
2002: Jan | Feb | Mar | Apr | May | Jun | Jul | Aug | Sep | Oct | Nov | Dec 
2001: Jan | Feb | Mar | Apr | May | Jun | Jul | Aug | Sep | Oct | Nov | Dec 
2000: Jan | Feb | Mar | Apr | May | Jun | Jul | Aug | Sep | Oct | Nov | Dec 
1999: Jan | Feb | Mar | Apr | May | Jun | Jul | Aug | Sep | Oct | Nov | Dec 
1998: Jan | Feb | Mar | Apr | May | Jun | Jul | Aug | Sep | Oct | Nov | Dec 
1997: Jan | Feb | Mar | Apr | May | Jun | Jul | Aug | Sep | Oct | Nov | Dec 
1996: Jan | Feb | Mar | Apr | May | Jun | Jul | Aug | Sep | Oct | Nov | Dec 
1995: Jan | Feb | Mar | Apr | May | Jun | Jul | Aug | Sep | Oct | Nov | Dec 

Report for 1998 02
MONTHLY CLIMATOLOGICAL SUMMARY for FEB. 1998 NAME: HornSpri CITY: Lebanon STATE: TN ELEV: 612 ft LAT: 36 14' 05" N LONG: 86 22' 55" W TEMPERATURE (F), RAIN (in), WIND SPEED (mph) HEAT COOL AVG MEAN DEG DEG WIND DOM DAY TEMP HIGH TIME LOW TIME DAYS DAYS RAIN SPEED HIGH TIME DIR ------------------------------------------------------------------------------------ 1 35.5 52.0 0:08 19.0 0:08 29.5 0.0 0.00 --- --- --- --- 2 40.5 60.0 0:08 21.0 0:08 24.5 0.0 0.00 --- --- --- --- 3 47.5 55.0 0:08 40.0 0:08 17.5 0.0 0.00 --- --- --- --- 4 38.5 48.0 0:08 29.0 0:08 26.5 0.0 1.41 --- --- --- --- 5 30.5 35.0 0:08 26.0 0:08 34.5 0.0 0.05 --- --- --- --- 6 31.0 35.0 0:08 27.0 0:08 34.0 0.0 0.03 --- --- --- --- 7 32.0 36.0 0:08 28.0 0:08 33.0 0.0 0.00 --- --- --- --- 8 32.0 40.0 0:08 24.0 0:08 33.0 0.0 0.00 --- --- --- --- 9 38.0 51.0 0:08 25.0 0:08 27.0 0.0 0.00 --- --- --- --- 10 43.0 58.0 0:08 28.0 0:08 22.0 0.0 0.00 --- --- --- --- 11 44.5 55.0 0:08 34.0 0:08 20.5 0.0 0.17 --- --- --- --- 12 45.0 55.0 0:08 35.0 0:08 20.0 0.0 0.08 --- --- --- --- 13 38.5 42.0 0:08 35.0 0:08 26.5 0.0 0.00 --- --- --- --- 14 36.5 46.0 0:08 27.0 0:08 28.5 0.0 0.00 --- --- --- --- 15 38.5 54.0 0:08 23.0 0:08 26.5 0.0 0.00 --- --- --- --- 16 42.0 61.0 0:08 23.0 0:08 23.0 0.0 0.39 --- --- --- --- 17 55.5 64.0 0:08 47.0 0:08 9.5 0.0 0.75 --- --- --- --- 18 46.5 54.0 0:08 39.0 0:08 18.5 0.0 0.60 --- --- --- --- 19 20 48.0 58.0 0:08 38.0 0:08 17.0 0.0 0.00 --- --- --- --- 21 42.5 52.0 0:08 33.0 0:08 22.5 0.0 0.00 --- --- --- --- 22 39.5 50.0 0:08 29.0 0:08 25.5 0.0 0.00 --- --- --- --- 23 43.0 56.0 0:08 30.0 0:08 22.0 0.0 0.26 --- --- --- --- 24 42.0 55.0 0:08 29.0 0:08 23.0 0.0 0.00 --- --- --- --- 25 48.0 67.0 0:08 29.0 0:08 17.0 0.0 0.00 --- --- --- --- 26 50.0 70.0 0:08 30.0 0:08 15.0 0.0 0.00 --- --- --- --- 27 58.0 73.0 0:08 43.0 0:08 7.0 0.0 0.41 --- --- --- --- 28 ------------------------------------------------------------------------------------- 41.8 73.0 27 19.0 1 603.5 0.0 4.15 --- --- --- --- Max >= 90.0: 0 Max <= 32.0: 0 Min <= 32.0: 17 Min <= 0.0: 0 Max Rain: 1.41 ON 02/04/98 Days of Rain: 10 (>.01 in) 7 (>.1 in) 1 (>1 in) Heat Base: 65.0 Cool Base: 65.0 Method: (High + Low) / 2