Warning: file(http://www.wunderground.com/climate/extremes.asp): failed to open stream: HTTP request failed! HTTP/1.0 500 Internal Server Error in /homepages/6/d330860172/htdocs/usaextremes.php on line 55

Warning: implode(): Invalid arguments passed in /homepages/6/d330860172/htdocs/usaextremes.php on line 55

NOAA Style Climate Reports for Lebanon, TN

NOAA style reports

NOAA-style Climate Reports

2018: Jan | Feb | Mar | Apr | May | Jun | Jul | Aug | Sep | Oct | Nov | Dec 
2017: Jan | Feb | Mar | Apr | May | Jun | Jul | Aug | Sep | Oct | Nov | Dec 
2016: Jan | Feb | Mar | Apr | May | Jun | Jul | Aug | Sep | Oct | Nov | Dec 
2015: Jan | Feb | Mar | Apr | May | Jun | Jul | Aug | Sep | Oct | Nov | Dec 
2014: Jan | Feb | Mar | Apr | May | Jun | Jul | Aug | Sep | Oct | Nov | Dec 
2013: Jan | Feb | Mar | Apr | May | Jun | Jul | Aug | Sep | Oct | Nov | Dec 
2012: Jan | Feb | Mar | Apr | May | Jun | Jul | Aug | Sep | Oct | Nov | Dec 
2011: Jan | Feb | Mar | Apr | May | Jun | Jul | Aug | Sep | Oct | Nov | Dec 
2010: Jan | Feb | Mar | Apr | May | Jun | Jul | Aug | Sep | Oct | Nov | Dec 
2009: Jan | Feb | Mar | Apr | May | Jun | Jul | Aug | Sep | Oct | Nov | Dec 
2008: Jan | Feb | Mar | Apr | May | Jun | Jul | Aug | Sep | Oct | Nov | Dec 
2007: Jan | Feb | Mar | Apr | May | Jun | Jul | Aug | Sep | Oct | Nov | Dec 
2006: Jan | Feb | Mar | Apr | May | Jun | Jul | Aug | Sep | Oct | Nov | Dec 
2005: Jan | Feb | Mar | Apr | May | Jun | Jul | Aug | Sep | Oct | Nov | Dec 
2004: Jan | Feb | Mar | Apr | May | Jun | Jul | Aug | Sep | Oct | Nov | Dec 
2003: Jan | Feb | Mar | Apr | May | Jun | Jul | Aug | Sep | Oct | Nov | Dec 
2002: Jan | Feb | Mar | Apr | May | Jun | Jul | Aug | Sep | Oct | Nov | Dec 
2001: Jan | Feb | Mar | Apr | May | Jun | Jul | Aug | Sep | Oct | Nov | Dec 
2000: Jan | Feb | Mar | Apr | May | Jun | Jul | Aug | Sep | Oct | Nov | Dec 
1999: Jan | Feb | Mar | Apr | May | Jun | Jul | Aug | Sep | Oct | Nov | Dec 
1998: Jan | Feb | Mar | Apr | May | Jun | Jul | Aug | Sep | Oct | Nov | Dec 
1997: Jan | Feb | Mar | Apr | May | Jun | Jul | Aug | Sep | Oct | Nov | Dec 
1996: Jan | Feb | Mar | Apr | May | Jun | Jul | Aug | Sep | Oct | Nov | Dec 
1995: Jan | Feb | Mar | Apr | May | Jun | Jul | Aug | Sep | Oct | Nov | Dec 

Report for 1998 03
MONTHLY CLIMATOLOGICAL SUMMARY for MAR. 1998 NAME: HornSpri CITY: Lebanon STATE: TN ELEV: 612 ft LAT: 36 14' 05" N LONG: 86 22' 55" W TEMPERATURE (F), RAIN (in), WIND SPEED (mph) HEAT COOL AVG MEAN DEG DEG WIND DOM DAY TEMP HIGH TIME LOW TIME DAYS DAYS RAIN SPEED HIGH TIME DIR ------------------------------------------------------------------------------------ 1 48.0 68.0 0:08 28.0 0:08 17.0 0.0 0.00 --- --- --- --- 2 3 34.0 43.0 0:08 25.0 0:08 31.0 0.0 0.10 --- --- --- --- 4 32.5 40.0 0:08 25.0 0:08 32.5 0.0 0.01 --- --- --- --- 5 6 48.0 56.0 0:08 40.0 0:08 17.0 0.0 0.14 --- --- --- --- 7 51.0 61.0 0:08 41.0 0:08 14.0 0.0 0.14 --- --- --- --- 8 53.5 60.0 0:08 47.0 0:08 11.5 0.0 0.33 --- --- --- --- 9 54.5 74.0 0:08 35.0 0:08 10.5 0.0 0.78 --- --- --- --- 10 30.0 40.0 0:08 20.0 0:08 35.0 0.0 0.05 --- --- --- --- 11 12 13 23.0 35.0 0:08 11.0 0:08 42.0 0.0 0.00 --- --- --- --- 14 32.5 49.0 0:08 16.0 0:08 32.5 0.0 0.00 --- --- --- --- 15 42.5 61.0 0:08 24.0 0:08 22.5 0.0 0.00 --- --- --- --- 16 40.0 50.0 0:08 30.0 0:08 25.0 0.0 0.17 --- --- --- --- 17 45.0 54.0 0:08 36.0 0:08 20.0 0.0 0.02 --- --- --- --- 18 56.0 62.0 0:08 50.0 0:08 9.0 0.0 0.03 --- --- --- --- 19 52.0 64.0 0:08 40.0 0:08 13.0 0.0 0.23 --- --- --- --- 20 57.5 69.0 0:08 46.0 0:08 7.5 0.0 0.75 --- --- --- --- 21 39.0 49.0 0:08 29.0 0:08 26.0 0.0 0.31 --- --- --- --- 22 33.5 41.0 0:08 26.0 0:08 31.5 0.0 0.00 --- --- --- --- 23 44.0 55.0 0:08 33.0 0:08 21.0 0.0 0.00 --- --- --- --- 24 38.5 49.0 0:08 28.0 0:08 26.5 0.0 0.02 --- --- --- --- 25 48.5 61.0 0:08 36.0 0:08 16.5 0.0 0.00 --- --- --- --- 26 59.0 72.0 0:08 46.0 0:08 6.0 0.0 0.00 --- --- --- --- 27 68.0 80.0 0:08 56.0 0:08 0.0 3.0 0.00 --- --- --- --- 28 69.5 79.0 0:08 60.0 0:08 0.0 4.5 0.00 --- --- --- --- 29 71.5 83.0 0:08 60.0 0:08 0.0 6.5 0.00 --- --- --- --- 30 72.5 84.0 0:08 61.0 0:08 0.0 7.5 0.00 --- --- --- --- 31 71.5 82.0 0:08 61.0 0:08 0.0 6.5 0.00 --- --- --- --- ------------------------------------------------------------------------------------- 48.7 84.0 30 11.0 13 467.5 28.0 3.08 --- --- --- --- Max >= 90.0: 0 Max <= 32.0: 0 Min <= 32.0: 11 Min <= 0.0: 0 Max Rain: 0.78 ON 03/09/98 Days of Rain: 13 (>.01 in) 8 (>.1 in) 0 (>1 in) Heat Base: 65.0 Cool Base: 65.0 Method: (High + Low) / 2