Warning: file(http://www.wunderground.com/climate/extremes.asp): failed to open stream: HTTP request failed! HTTP/1.0 500 Internal Server Error in /homepages/6/d330860172/htdocs/usaextremes.php on line 55

Warning: implode(): Invalid arguments passed in /homepages/6/d330860172/htdocs/usaextremes.php on line 55

NOAA Style Climate Reports for Lebanon, TN

NOAA style reports

NOAA-style Climate Reports

2018: Jan | Feb | Mar | Apr | May | Jun | Jul | Aug | Sep | Oct | Nov | Dec 
2017: Jan | Feb | Mar | Apr | May | Jun | Jul | Aug | Sep | Oct | Nov | Dec 
2016: Jan | Feb | Mar | Apr | May | Jun | Jul | Aug | Sep | Oct | Nov | Dec 
2015: Jan | Feb | Mar | Apr | May | Jun | Jul | Aug | Sep | Oct | Nov | Dec 
2014: Jan | Feb | Mar | Apr | May | Jun | Jul | Aug | Sep | Oct | Nov | Dec 
2013: Jan | Feb | Mar | Apr | May | Jun | Jul | Aug | Sep | Oct | Nov | Dec 
2012: Jan | Feb | Mar | Apr | May | Jun | Jul | Aug | Sep | Oct | Nov | Dec 
2011: Jan | Feb | Mar | Apr | May | Jun | Jul | Aug | Sep | Oct | Nov | Dec 
2010: Jan | Feb | Mar | Apr | May | Jun | Jul | Aug | Sep | Oct | Nov | Dec 
2009: Jan | Feb | Mar | Apr | May | Jun | Jul | Aug | Sep | Oct | Nov | Dec 
2008: Jan | Feb | Mar | Apr | May | Jun | Jul | Aug | Sep | Oct | Nov | Dec 
2007: Jan | Feb | Mar | Apr | May | Jun | Jul | Aug | Sep | Oct | Nov | Dec 
2006: Jan | Feb | Mar | Apr | May | Jun | Jul | Aug | Sep | Oct | Nov | Dec 
2005: Jan | Feb | Mar | Apr | May | Jun | Jul | Aug | Sep | Oct | Nov | Dec 
2004: Jan | Feb | Mar | Apr | May | Jun | Jul | Aug | Sep | Oct | Nov | Dec 
2003: Jan | Feb | Mar | Apr | May | Jun | Jul | Aug | Sep | Oct | Nov | Dec 
2002: Jan | Feb | Mar | Apr | May | Jun | Jul | Aug | Sep | Oct | Nov | Dec 
2001: Jan | Feb | Mar | Apr | May | Jun | Jul | Aug | Sep | Oct | Nov | Dec 
2000: Jan | Feb | Mar | Apr | May | Jun | Jul | Aug | Sep | Oct | Nov | Dec 
1999: Jan | Feb | Mar | Apr | May | Jun | Jul | Aug | Sep | Oct | Nov | Dec 
1998: Jan | Feb | Mar | Apr | May | Jun | Jul | Aug | Sep | Oct | Nov | Dec 
1997: Jan | Feb | Mar | Apr | May | Jun | Jul | Aug | Sep | Oct | Nov | Dec 
1996: Jan | Feb | Mar | Apr | May | Jun | Jul | Aug | Sep | Oct | Nov | Dec 
1995: Jan | Feb | Mar | Apr | May | Jun | Jul | Aug | Sep | Oct | Nov | Dec 

Report for 1998 04
MONTHLY CLIMATOLOGICAL SUMMARY for APR. 1998 NAME: HornSpri CITY: Lebanon STATE: TN ELEV: 612 ft LAT: 36 14' 05" N LONG: 86 22' 55" W TEMPERATURE (F), RAIN (in), WIND SPEED (mph) HEAT COOL AVG MEAN DEG DEG WIND DOM DAY TEMP HIGH TIME LOW TIME DAYS DAYS RAIN SPEED HIGH TIME DIR ------------------------------------------------------------------------------------ 1 61.0 81.0 0:08 41.0 0:08 4.0 0.0 0.85 --- --- --- --- 2 57.0 73.0 0:08 41.0 0:08 8.0 0.0 0.00 --- --- --- --- 3 59.0 76.0 0:08 42.0 0:08 6.0 0.0 0.50 --- --- --- --- 4 59.5 78.0 0:08 41.0 0:08 5.5 0.0 0.66 --- --- --- --- 5 39.5 50.0 0:08 29.0 0:08 25.5 0.0 0.01 --- --- --- --- 6 46.5 63.0 0:08 30.0 0:08 18.5 0.0 0.00 --- --- --- --- 7 51.5 72.0 0:08 31.0 0:08 13.5 0.0 0.00 --- --- --- --- 8 63.0 73.0 0:08 53.0 0:08 2.0 0.0 0.22 --- --- --- --- 9 60.5 73.0 0:08 48.0 0:08 4.5 0.0 0.39 --- --- --- --- 10 48.0 56.0 0:08 40.0 0:08 17.0 0.0 0.01 --- --- --- --- 11 42.5 56.0 0:08 29.0 0:08 22.5 0.0 0.00 --- --- --- --- 12 48.5 66.0 0:08 31.0 0:08 16.5 0.0 0.00 --- --- --- --- 13 53.5 75.0 0:08 32.0 0:08 11.5 0.0 0.00 --- --- --- --- 14 64.0 76.0 0:08 52.0 0:08 1.0 0.0 0.35 --- --- --- --- 15 62.0 77.0 0:08 47.0 0:08 3.0 0.0 0.00 --- --- --- --- 16 68.0 78.0 0:08 58.0 0:08 0.0 3.0 1.20 --- --- --- --- 17 58.0 75.0 0:08 41.0 0:08 7.0 0.0 1.79 --- --- --- --- 18 49.5 58.0 0:08 41.0 0:08 15.5 0.0 0.00 --- --- --- --- 19 48.0 53.0 0:08 43.0 0:08 17.0 0.0 1.42 --- --- --- --- 20 44.0 55.0 0:08 33.0 0:08 21.0 0.0 0.00 --- --- --- --- 21 49.5 65.0 0:08 34.0 0:08 15.5 0.0 0.00 --- --- --- --- 22 50.5 63.0 0:08 38.0 0:08 14.5 0.0 0.01 --- --- --- --- 23 53.0 65.0 0:08 41.0 0:08 12.0 0.0 0.00 --- --- --- --- 24 51.5 68.0 0:08 35.0 0:08 13.5 0.0 0.15 --- --- --- --- 25 58.0 72.0 0:08 44.0 0:08 7.0 0.0 0.00 --- --- --- --- 26 63.0 76.0 0:08 50.0 0:08 2.0 0.0 0.00 --- --- --- --- 27 64.5 76.0 0:08 53.0 0:08 0.5 0.0 0.00 --- --- --- --- 28 58.0 68.0 0:08 48.0 0:08 7.0 0.0 0.09 --- --- --- --- 29 57.5 65.0 0:08 50.0 0:08 7.5 0.0 0.19 --- --- --- --- 30 60.5 67.0 0:08 54.0 0:08 4.5 0.0 0.10 --- --- --- --- ------------------------------------------------------------------------------------- 55.0 81.0 1 29.0 5 303.5 3.0 7.94 --- --- --- --- Max >= 90.0: 0 Max <= 32.0: 0 Min <= 32.0: 6 Min <= 0.0: 0 Max Rain: 1.79 ON 04/17/98 Days of Rain: 13 (>.01 in) 11 (>.1 in) 3 (>1 in) Heat Base: 65.0 Cool Base: 65.0 Method: (High + Low) / 2