Warning: file(http://www.wunderground.com/climate/extremes.asp): failed to open stream: HTTP request failed! HTTP/1.0 500 Internal Server Error in /homepages/6/d330860172/htdocs/usaextremes.php on line 55

Warning: implode(): Invalid arguments passed in /homepages/6/d330860172/htdocs/usaextremes.php on line 55

NOAA Style Climate Reports for Lebanon, TN

NOAA style reports

NOAA-style Climate Reports

2018: Jan | Feb | Mar | Apr | May | Jun | Jul | Aug | Sep | Oct | Nov | Dec 
2017: Jan | Feb | Mar | Apr | May | Jun | Jul | Aug | Sep | Oct | Nov | Dec 
2016: Jan | Feb | Mar | Apr | May | Jun | Jul | Aug | Sep | Oct | Nov | Dec 
2015: Jan | Feb | Mar | Apr | May | Jun | Jul | Aug | Sep | Oct | Nov | Dec 
2014: Jan | Feb | Mar | Apr | May | Jun | Jul | Aug | Sep | Oct | Nov | Dec 
2013: Jan | Feb | Mar | Apr | May | Jun | Jul | Aug | Sep | Oct | Nov | Dec 
2012: Jan | Feb | Mar | Apr | May | Jun | Jul | Aug | Sep | Oct | Nov | Dec 
2011: Jan | Feb | Mar | Apr | May | Jun | Jul | Aug | Sep | Oct | Nov | Dec 
2010: Jan | Feb | Mar | Apr | May | Jun | Jul | Aug | Sep | Oct | Nov | Dec 
2009: Jan | Feb | Mar | Apr | May | Jun | Jul | Aug | Sep | Oct | Nov | Dec 
2008: Jan | Feb | Mar | Apr | May | Jun | Jul | Aug | Sep | Oct | Nov | Dec 
2007: Jan | Feb | Mar | Apr | May | Jun | Jul | Aug | Sep | Oct | Nov | Dec 
2006: Jan | Feb | Mar | Apr | May | Jun | Jul | Aug | Sep | Oct | Nov | Dec 
2005: Jan | Feb | Mar | Apr | May | Jun | Jul | Aug | Sep | Oct | Nov | Dec 
2004: Jan | Feb | Mar | Apr | May | Jun | Jul | Aug | Sep | Oct | Nov | Dec 
2003: Jan | Feb | Mar | Apr | May | Jun | Jul | Aug | Sep | Oct | Nov | Dec 
2002: Jan | Feb | Mar | Apr | May | Jun | Jul | Aug | Sep | Oct | Nov | Dec 
2001: Jan | Feb | Mar | Apr | May | Jun | Jul | Aug | Sep | Oct | Nov | Dec 
2000: Jan | Feb | Mar | Apr | May | Jun | Jul | Aug | Sep | Oct | Nov | Dec 
1999: Jan | Feb | Mar | Apr | May | Jun | Jul | Aug | Sep | Oct | Nov | Dec 
1998: Jan | Feb | Mar | Apr | May | Jun | Jul | Aug | Sep | Oct | Nov | Dec 
1997: Jan | Feb | Mar | Apr | May | Jun | Jul | Aug | Sep | Oct | Nov | Dec 
1996: Jan | Feb | Mar | Apr | May | Jun | Jul | Aug | Sep | Oct | Nov | Dec 
1995: Jan | Feb | Mar | Apr | May | Jun | Jul | Aug | Sep | Oct | Nov | Dec 

Report for 1998 05
MONTHLY CLIMATOLOGICAL SUMMARY for MAY. 1998 NAME: HornSpri CITY: Lebanon STATE: TN ELEV: 612 ft LAT: 36 14' 05" N LONG: 86 22' 55" W TEMPERATURE (F), RAIN (in), WIND SPEED (mph) HEAT COOL AVG MEAN DEG DEG WIND DOM DAY TEMP HIGH TIME LOW TIME DAYS DAYS RAIN SPEED HIGH TIME DIR ------------------------------------------------------------------------------------ 1 56.0 67.0 0:08 45.0 0:08 9.0 0.0 0.71 --- --- --- --- 2 57.5 67.0 0:08 48.0 0:08 7.5 0.0 0.16 --- --- --- --- 3 65.0 79.0 0:08 51.0 0:08 0.0 0.0 0.22 --- --- --- --- 4 59.0 71.0 0:08 47.0 0:08 6.0 0.0 0.02 --- --- --- --- 5 6 61.5 77.0 0:08 46.0 0:08 3.5 0.0 0.00 --- --- --- --- 7 62.5 70.0 0:08 55.0 0:08 2.5 0.0 1.00 --- --- --- --- 8 68.0 81.0 0:08 55.0 0:08 0.0 3.0 0.00 --- --- --- --- 9 61.5 70.0 0:08 53.0 0:08 3.5 0.0 0.00 --- --- --- --- 10 64.5 74.0 0:08 55.0 0:08 0.5 0.0 1.25 --- --- --- --- 11 62.5 75.0 0:08 50.0 0:08 2.5 0.0 0.04 --- --- --- --- 12 62.5 78.0 0:08 47.0 0:08 2.5 0.0 0.00 --- --- --- --- 13 67.0 84.0 0:08 50.0 0:08 0.0 2.0 0.00 --- --- --- --- 14 72.5 86.0 0:08 59.0 0:08 0.0 7.5 0.00 --- --- --- --- 15 74.5 91.0 0:08 58.0 0:08 0.0 9.5 0.00 --- --- --- --- 16 73.0 85.0 0:08 61.0 0:08 0.0 8.0 0.00 --- --- --- --- 17 70.5 88.0 0:08 53.0 0:08 0.0 5.5 0.00 --- --- --- --- 18 67.0 87.0 0:08 47.0 0:08 0.0 2.0 0.00 --- --- --- --- 19 69.5 88.0 0:08 51.0 0:08 0.0 4.5 0.00 --- --- --- --- 20 74.0 91.0 0:08 57.0 0:08 0.0 9.0 0.00 --- --- --- --- 21 77.0 90.0 0:08 64.0 0:08 0.0 12.0 0.00 --- --- --- --- 22 74.5 90.0 0:08 59.0 0:08 0.0 9.5 0.40 --- --- --- --- 23 71.5 83.0 0:08 60.0 0:08 0.0 6.5 0.00 --- --- --- --- 24 79.5 90.0 0:08 69.0 0:08 0.0 14.5 0.00 --- --- --- --- 25 77.0 87.0 0:08 67.0 0:08 0.0 12.0 0.00 --- --- --- --- 26 72.5 85.0 0:08 60.0 0:08 0.0 7.5 1.27 --- --- --- --- 27 65.5 70.0 0:08 61.0 0:08 0.0 0.5 0.32 --- --- --- --- 28 73.0 83.0 0:08 63.0 0:08 0.0 8.0 0.08 --- --- --- --- 29 76.0 90.0 0:08 62.0 0:08 0.0 11.0 0.00 --- --- --- --- 30 73.0 82.0 0:08 64.0 0:08 0.0 8.0 0.00 --- --- --- --- 31 78.0 89.0 0:08 67.0 0:08 0.0 13.0 0.00 --- --- --- --- ------------------------------------------------------------------------------------- 68.9 91.0 15 45.0 1 37.5 153.5 5.47 --- --- --- --- Max >= 90.0: 6 Max <= 32.0: 0 Min <= 32.0: 0 Min <= 0.0: 0 Max Rain: 1.27 ON 05/26/98 Days of Rain: 11 (>.01 in) 8 (>.1 in) 2 (>1 in) Heat Base: 65.0 Cool Base: 65.0 Method: (High + Low) / 2