Warning: file(http://www.wunderground.com/climate/extremes.asp): failed to open stream: HTTP request failed! HTTP/1.0 500 Internal Server Error in /homepages/6/d330860172/htdocs/usaextremes.php on line 55

Warning: implode(): Invalid arguments passed in /homepages/6/d330860172/htdocs/usaextremes.php on line 55

NOAA Style Climate Reports for Lebanon, TN

NOAA style reports

NOAA-style Climate Reports

2018: Jan | Feb | Mar | Apr | May | Jun | Jul | Aug | Sep | Oct | Nov | Dec 
2017: Jan | Feb | Mar | Apr | May | Jun | Jul | Aug | Sep | Oct | Nov | Dec 
2016: Jan | Feb | Mar | Apr | May | Jun | Jul | Aug | Sep | Oct | Nov | Dec 
2015: Jan | Feb | Mar | Apr | May | Jun | Jul | Aug | Sep | Oct | Nov | Dec 
2014: Jan | Feb | Mar | Apr | May | Jun | Jul | Aug | Sep | Oct | Nov | Dec 
2013: Jan | Feb | Mar | Apr | May | Jun | Jul | Aug | Sep | Oct | Nov | Dec 
2012: Jan | Feb | Mar | Apr | May | Jun | Jul | Aug | Sep | Oct | Nov | Dec 
2011: Jan | Feb | Mar | Apr | May | Jun | Jul | Aug | Sep | Oct | Nov | Dec 
2010: Jan | Feb | Mar | Apr | May | Jun | Jul | Aug | Sep | Oct | Nov | Dec 
2009: Jan | Feb | Mar | Apr | May | Jun | Jul | Aug | Sep | Oct | Nov | Dec 
2008: Jan | Feb | Mar | Apr | May | Jun | Jul | Aug | Sep | Oct | Nov | Dec 
2007: Jan | Feb | Mar | Apr | May | Jun | Jul | Aug | Sep | Oct | Nov | Dec 
2006: Jan | Feb | Mar | Apr | May | Jun | Jul | Aug | Sep | Oct | Nov | Dec 
2005: Jan | Feb | Mar | Apr | May | Jun | Jul | Aug | Sep | Oct | Nov | Dec 
2004: Jan | Feb | Mar | Apr | May | Jun | Jul | Aug | Sep | Oct | Nov | Dec 
2003: Jan | Feb | Mar | Apr | May | Jun | Jul | Aug | Sep | Oct | Nov | Dec 
2002: Jan | Feb | Mar | Apr | May | Jun | Jul | Aug | Sep | Oct | Nov | Dec 
2001: Jan | Feb | Mar | Apr | May | Jun | Jul | Aug | Sep | Oct | Nov | Dec 
2000: Jan | Feb | Mar | Apr | May | Jun | Jul | Aug | Sep | Oct | Nov | Dec 
1999: Jan | Feb | Mar | Apr | May | Jun | Jul | Aug | Sep | Oct | Nov | Dec 
1998: Jan | Feb | Mar | Apr | May | Jun | Jul | Aug | Sep | Oct | Nov | Dec 
1997: Jan | Feb | Mar | Apr | May | Jun | Jul | Aug | Sep | Oct | Nov | Dec 
1996: Jan | Feb | Mar | Apr | May | Jun | Jul | Aug | Sep | Oct | Nov | Dec 
1995: Jan | Feb | Mar | Apr | May | Jun | Jul | Aug | Sep | Oct | Nov | Dec 

Report for 1998 06
MONTHLY CLIMATOLOGICAL SUMMARY for JUN. 1998 NAME: HornSpri CITY: Lebanon STATE: TN ELEV: 612 ft LAT: 36 14' 05" N LONG: 86 22' 55" W TEMPERATURE (F), RAIN (in), WIND SPEED (mph) HEAT COOL AVG MEAN DEG DEG WIND DOM DAY TEMP HIGH TIME LOW TIME DAYS DAYS RAIN SPEED HIGH TIME DIR ------------------------------------------------------------------------------------ 1 79.5 91.0 0:08 68.0 0:08 0.0 14.5 0.02 --- --- --- --- 2 76.0 87.0 0:08 65.0 0:08 0.0 11.0 0.17 --- --- --- --- 3 83.0 94.0 0:08 72.0 0:08 0.0 18.0 0.00 --- --- --- --- 4 79.5 93.0 0:08 66.0 0:08 0.0 14.5 1.80 --- --- --- --- 5 75.5 86.0 0:08 65.0 0:08 0.0 10.5 2.90 --- --- --- --- 6 69.0 83.0 0:08 55.0 0:08 0.0 4.0 0.07 --- --- --- --- 7 58.0 70.0 0:08 46.0 0:08 7.0 0.0 0.00 --- --- --- --- 8 63.0 75.0 0:08 51.0 0:08 2.0 0.0 0.00 --- --- --- --- 9 63.0 75.0 0:08 51.0 0:08 2.0 0.0 0.42 --- --- --- --- 10 74.0 84.0 0:08 64.0 0:08 0.0 9.0 1.20 --- --- --- --- 11 75.5 83.0 0:08 68.0 0:08 0.0 10.5 0.64 --- --- --- --- 12 77.5 87.0 0:08 68.0 0:08 0.0 12.5 0.11 --- --- --- --- 13 80.0 91.0 0:08 69.0 0:08 0.0 15.0 0.31 --- --- --- --- 14 76.0 87.0 0:08 65.0 0:08 0.0 11.0 0.12 --- --- --- --- 15 74.0 82.0 0:08 66.0 0:08 0.0 9.0 0.54 --- --- --- --- 16 74.5 84.0 0:08 65.0 0:08 0.0 9.5 0.00 --- --- --- --- 17 71.0 83.0 0:08 59.0 0:08 0.0 6.0 0.00 --- --- --- --- 18 74.5 90.0 0:08 59.0 0:08 0.0 9.5 0.00 --- --- --- --- 19 80.5 93.0 0:08 68.0 0:08 0.0 15.5 0.62 --- --- --- --- 20 75.5 84.0 0:08 67.0 0:08 0.0 10.5 0.00 --- --- --- --- 21 79.0 90.0 0:08 68.0 0:08 0.0 14.0 0.53 --- --- --- --- 22 78.5 88.0 0:08 69.0 0:08 0.0 13.5 0.18 --- --- --- --- 23 81.0 93.0 0:08 69.0 0:08 0.0 16.0 0.00 --- --- --- --- 24 83.0 94.0 0:08 72.0 0:08 0.0 18.0 0.00 --- --- --- --- 25 84.0 96.0 0:08 72.0 0:08 0.0 19.0 0.00 --- --- --- --- 26 84.0 96.0 0:08 72.0 0:08 0.0 19.0 0.00 --- --- --- --- 27 84.0 94.0 0:08 74.0 0:08 0.0 19.0 0.00 --- --- --- --- 28 82.0 94.0 0:08 70.0 0:08 0.0 17.0 0.00 --- --- --- --- 29 83.0 94.0 0:08 72.0 0:08 0.0 18.0 0.00 --- --- --- --- 30 80.5 93.0 0:08 68.0 0:08 0.0 15.5 1.13 --- --- --- --- ------------------------------------------------------------------------------------- 76.6 96.0 25 46.0 7 11.0 359.5 10.76 --- --- --- --- Max >= 90.0: 15 Max <= 32.0: 0 Min <= 32.0: 0 Min <= 0.0: 0 Max Rain: 2.90 ON 06/05/98 Days of Rain: 16 (>.01 in) 14 (>.1 in) 4 (>1 in) Heat Base: 65.0 Cool Base: 65.0 Method: (High + Low) / 2