Warning: file(http://www.wunderground.com/climate/extremes.asp): failed to open stream: HTTP request failed! HTTP/1.0 500 Internal Server Error in /homepages/6/d330860172/htdocs/usaextremes.php on line 55

Warning: implode(): Invalid arguments passed in /homepages/6/d330860172/htdocs/usaextremes.php on line 55

NOAA Style Climate Reports for Lebanon, TN

NOAA style reports

NOAA-style Climate Reports

2018: Jan | Feb | Mar | Apr | May | Jun | Jul | Aug | Sep | Oct | Nov | Dec 
2017: Jan | Feb | Mar | Apr | May | Jun | Jul | Aug | Sep | Oct | Nov | Dec 
2016: Jan | Feb | Mar | Apr | May | Jun | Jul | Aug | Sep | Oct | Nov | Dec 
2015: Jan | Feb | Mar | Apr | May | Jun | Jul | Aug | Sep | Oct | Nov | Dec 
2014: Jan | Feb | Mar | Apr | May | Jun | Jul | Aug | Sep | Oct | Nov | Dec 
2013: Jan | Feb | Mar | Apr | May | Jun | Jul | Aug | Sep | Oct | Nov | Dec 
2012: Jan | Feb | Mar | Apr | May | Jun | Jul | Aug | Sep | Oct | Nov | Dec 
2011: Jan | Feb | Mar | Apr | May | Jun | Jul | Aug | Sep | Oct | Nov | Dec 
2010: Jan | Feb | Mar | Apr | May | Jun | Jul | Aug | Sep | Oct | Nov | Dec 
2009: Jan | Feb | Mar | Apr | May | Jun | Jul | Aug | Sep | Oct | Nov | Dec 
2008: Jan | Feb | Mar | Apr | May | Jun | Jul | Aug | Sep | Oct | Nov | Dec 
2007: Jan | Feb | Mar | Apr | May | Jun | Jul | Aug | Sep | Oct | Nov | Dec 
2006: Jan | Feb | Mar | Apr | May | Jun | Jul | Aug | Sep | Oct | Nov | Dec 
2005: Jan | Feb | Mar | Apr | May | Jun | Jul | Aug | Sep | Oct | Nov | Dec 
2004: Jan | Feb | Mar | Apr | May | Jun | Jul | Aug | Sep | Oct | Nov | Dec 
2003: Jan | Feb | Mar | Apr | May | Jun | Jul | Aug | Sep | Oct | Nov | Dec 
2002: Jan | Feb | Mar | Apr | May | Jun | Jul | Aug | Sep | Oct | Nov | Dec 
2001: Jan | Feb | Mar | Apr | May | Jun | Jul | Aug | Sep | Oct | Nov | Dec 
2000: Jan | Feb | Mar | Apr | May | Jun | Jul | Aug | Sep | Oct | Nov | Dec 
1999: Jan | Feb | Mar | Apr | May | Jun | Jul | Aug | Sep | Oct | Nov | Dec 
1998: Jan | Feb | Mar | Apr | May | Jun | Jul | Aug | Sep | Oct | Nov | Dec 
1997: Jan | Feb | Mar | Apr | May | Jun | Jul | Aug | Sep | Oct | Nov | Dec 
1996: Jan | Feb | Mar | Apr | May | Jun | Jul | Aug | Sep | Oct | Nov | Dec 
1995: Jan | Feb | Mar | Apr | May | Jun | Jul | Aug | Sep | Oct | Nov | Dec 

Report for 1998 07
MONTHLY CLIMATOLOGICAL SUMMARY for JUL. 1998 NAME: HornSpri CITY: Lebanon STATE: TN ELEV: 612 ft LAT: 36 14' 05" N LONG: 86 22' 55" W TEMPERATURE (F), RAIN (in), WIND SPEED (mph) HEAT COOL AVG MEAN DEG DEG WIND DOM DAY TEMP HIGH TIME LOW TIME DAYS DAYS RAIN SPEED HIGH TIME DIR ------------------------------------------------------------------------------------ 1 80.5 93.0 0:08 68.0 0:08 0.0 15.5 0.00 --- --- --- --- 2 75.5 86.0 0:08 65.0 0:08 0.0 10.5 0.00 --- --- --- --- 3 77.0 89.0 0:08 65.0 0:08 0.0 12.0 0.00 --- --- --- --- 4 77.0 89.0 0:08 65.0 0:08 0.0 12.0 0.05 --- --- --- --- 5 78.0 91.0 0:08 65.0 0:08 0.0 13.0 0.00 --- --- --- --- 6 78.0 89.0 0:08 67.0 0:08 0.0 13.0 0.00 --- --- --- --- 7 78.0 89.0 0:08 67.0 0:08 0.0 13.0 0.00 --- --- --- --- 8 84.0 95.0 0:08 73.0 0:08 0.0 19.0 0.60 --- --- --- --- 9 83.0 90.0 0:08 76.0 0:08 0.0 18.0 1.03 --- --- --- --- 10 81.0 92.0 0:08 70.0 0:08 0.0 16.0 0.00 --- --- --- --- 11 80.5 89.0 0:08 72.0 0:08 0.0 15.5 0.19 --- --- --- --- 12 75.0 83.0 0:08 67.0 0:08 0.0 10.0 0.00 --- --- --- --- 13 79.0 89.0 0:08 69.0 0:08 0.0 14.0 0.00 --- --- --- --- 14 76.0 83.0 0:08 69.0 0:08 0.0 11.0 0.81 --- --- --- --- 15 74.0 78.0 0:08 70.0 0:08 0.0 9.0 0.01 --- --- --- --- 16 74.5 78.0 0:08 71.0 0:08 0.0 9.5 0.74 --- --- --- --- 17 76.5 84.0 0:08 69.0 0:08 0.0 11.5 1.38 --- --- --- --- 18 78.5 89.0 0:08 68.0 0:08 0.0 13.5 0.00 --- --- --- --- 19 80.5 91.0 0:08 70.0 0:08 0.0 15.5 0.00 --- --- --- --- 20 85.0 96.0 0:08 74.0 0:08 0.0 20.0 0.00 --- --- --- --- 21 81.5 91.0 0:08 72.0 0:08 0.0 16.5 0.00 --- --- --- --- 22 83.5 93.0 0:08 74.0 0:08 0.0 18.5 0.00 --- --- --- --- 23 85.0 94.0 0:08 76.0 0:08 0.0 20.0 0.00 --- --- --- --- 24 25 76.5 90.0 0:08 63.0 0:08 0.0 11.5 0.68 --- --- --- --- 26 77.5 86.0 0:08 69.0 0:08 0.0 12.5 0.00 --- --- --- --- 27 75.5 82.0 0:08 69.0 0:08 0.0 10.5 0.00 --- --- --- --- 28 76.5 82.0 0:08 71.0 0:08 0.0 11.5 0.01 --- --- --- --- 29 79.5 88.0 0:08 71.0 0:08 0.0 14.5 0.00 --- --- --- --- 30 79.5 86.0 0:08 73.0 0:08 0.0 14.5 0.15 --- --- --- --- 31 77.5 88.0 0:08 67.0 0:08 0.0 12.5 0.45 --- --- --- --- ------------------------------------------------------------------------------------- 78.8 96.0 20 63.0 25 0.0 414.0 6.10 --- --- --- --- Max >= 90.0: 11 Max <= 32.0: 0 Min <= 32.0: 0 Min <= 0.0: 0 Max Rain: 1.38 ON 07/17/98 Days of Rain: 10 (>.01 in) 9 (>.1 in) 2 (>1 in) Heat Base: 65.0 Cool Base: 65.0 Method: (High + Low) / 2