Warning: file(http://www.wunderground.com/climate/extremes.asp): failed to open stream: HTTP request failed! HTTP/1.0 500 Internal Server Error in /homepages/6/d330860172/htdocs/usaextremes.php on line 55

Warning: implode(): Invalid arguments passed in /homepages/6/d330860172/htdocs/usaextremes.php on line 55

NOAA Style Climate Reports for Lebanon, TN

NOAA style reports

NOAA-style Climate Reports

2018: Jan | Feb | Mar | Apr | May | Jun | Jul | Aug | Sep | Oct | Nov | Dec 
2017: Jan | Feb | Mar | Apr | May | Jun | Jul | Aug | Sep | Oct | Nov | Dec 
2016: Jan | Feb | Mar | Apr | May | Jun | Jul | Aug | Sep | Oct | Nov | Dec 
2015: Jan | Feb | Mar | Apr | May | Jun | Jul | Aug | Sep | Oct | Nov | Dec 
2014: Jan | Feb | Mar | Apr | May | Jun | Jul | Aug | Sep | Oct | Nov | Dec 
2013: Jan | Feb | Mar | Apr | May | Jun | Jul | Aug | Sep | Oct | Nov | Dec 
2012: Jan | Feb | Mar | Apr | May | Jun | Jul | Aug | Sep | Oct | Nov | Dec 
2011: Jan | Feb | Mar | Apr | May | Jun | Jul | Aug | Sep | Oct | Nov | Dec 
2010: Jan | Feb | Mar | Apr | May | Jun | Jul | Aug | Sep | Oct | Nov | Dec 
2009: Jan | Feb | Mar | Apr | May | Jun | Jul | Aug | Sep | Oct | Nov | Dec 
2008: Jan | Feb | Mar | Apr | May | Jun | Jul | Aug | Sep | Oct | Nov | Dec 
2007: Jan | Feb | Mar | Apr | May | Jun | Jul | Aug | Sep | Oct | Nov | Dec 
2006: Jan | Feb | Mar | Apr | May | Jun | Jul | Aug | Sep | Oct | Nov | Dec 
2005: Jan | Feb | Mar | Apr | May | Jun | Jul | Aug | Sep | Oct | Nov | Dec 
2004: Jan | Feb | Mar | Apr | May | Jun | Jul | Aug | Sep | Oct | Nov | Dec 
2003: Jan | Feb | Mar | Apr | May | Jun | Jul | Aug | Sep | Oct | Nov | Dec 
2002: Jan | Feb | Mar | Apr | May | Jun | Jul | Aug | Sep | Oct | Nov | Dec 
2001: Jan | Feb | Mar | Apr | May | Jun | Jul | Aug | Sep | Oct | Nov | Dec 
2000: Jan | Feb | Mar | Apr | May | Jun | Jul | Aug | Sep | Oct | Nov | Dec 
1999: Jan | Feb | Mar | Apr | May | Jun | Jul | Aug | Sep | Oct | Nov | Dec 
1998: Jan | Feb | Mar | Apr | May | Jun | Jul | Aug | Sep | Oct | Nov | Dec 
1997: Jan | Feb | Mar | Apr | May | Jun | Jul | Aug | Sep | Oct | Nov | Dec 
1996: Jan | Feb | Mar | Apr | May | Jun | Jul | Aug | Sep | Oct | Nov | Dec 
1995: Jan | Feb | Mar | Apr | May | Jun | Jul | Aug | Sep | Oct | Nov | Dec 

Report for 1998 09
MONTHLY CLIMATOLOGICAL SUMMARY for SEP. 1998 NAME: HornSpri CITY: Lebanon STATE: TN ELEV: 612 ft LAT: 36 14' 05" N LONG: 86 22' 55" W TEMPERATURE (F), RAIN (in), WIND SPEED (mph) HEAT COOL AVG MEAN DEG DEG WIND DOM DAY TEMP HIGH TIME LOW TIME DAYS DAYS RAIN SPEED HIGH TIME DIR ------------------------------------------------------------------------------------ 1 77.5 96.0 0:08 59.0 0:08 0.0 12.5 0.00 --- --- --- --- 2 75.0 92.0 0:08 58.0 0:08 0.0 10.0 0.00 --- --- --- --- 3 72.5 91.0 0:08 54.0 0:08 0.0 7.5 0.00 --- --- --- --- 4 71.0 90.0 0:08 52.0 0:08 0.0 6.0 0.00 --- --- --- --- 5 75.5 98.0 0:08 53.0 0:08 0.0 10.5 0.00 --- --- --- --- 6 79.5 100.0 0:08 59.0 0:08 0.0 14.5 0.00 --- --- --- --- 7 81.0 102.0 0:08 60.0 0:08 0.0 16.0 0.00 --- --- --- --- 8 9 62.0 83.0 0:08 41.0 0:08 3.0 0.0 0.00 --- --- --- --- 10 60.0 80.0 0:08 40.0 0:08 5.0 0.0 0.00 --- --- --- --- 11 62.5 85.0 0:08 40.0 0:08 2.5 0.0 0.00 --- --- --- --- 12 66.5 88.0 0:08 45.0 0:08 0.0 1.5 0.00 --- --- --- --- 13 69.5 94.0 0:08 45.0 0:08 0.0 4.5 0.00 --- --- --- --- 14 74.5 99.0 0:08 50.0 0:08 0.0 9.5 0.00 --- --- --- --- 15 80.0 97.0 0:08 63.0 0:08 0.0 15.0 0.00 --- --- --- --- 16 75.0 91.0 0:08 59.0 0:08 0.0 10.0 0.00 --- --- --- --- 17 77.5 95.0 0:08 60.0 0:08 0.0 12.5 0.00 --- --- --- --- 18 77.5 93.0 0:08 62.0 0:08 0.0 12.5 0.00 --- --- --- --- 19 79.0 95.0 0:08 63.0 0:08 0.0 14.0 0.02 --- --- --- --- 20 80.0 96.0 0:08 64.0 0:08 0.0 15.0 0.00 --- --- --- --- 21 72.0 79.0 0:08 65.0 0:08 0.0 7.0 0.09 --- --- --- --- 22 77.0 91.0 0:08 63.0 0:08 0.0 12.0 0.00 --- --- --- --- 23 71.0 89.0 0:08 53.0 0:08 0.0 6.0 0.00 --- --- --- --- 24 62.0 83.0 0:08 41.0 0:08 3.0 0.0 0.00 --- --- --- --- 25 66.0 90.0 0:08 42.0 0:08 0.0 1.0 0.00 --- --- --- --- 26 74.0 94.0 0:08 54.0 0:08 0.0 9.0 0.00 --- --- --- --- 27 74.5 95.0 0:08 54.0 0:08 0.0 9.5 0.00 --- --- --- --- 28 79.5 97.0 0:08 62.0 0:08 0.0 14.5 0.00 --- --- --- --- 29 76.5 93.0 0:08 60.0 0:08 0.0 11.5 0.00 --- --- --- --- 30 76.5 94.0 0:08 59.0 0:08 0.0 11.5 0.00 --- --- --- --- ------------------------------------------------------------------------------------- 73.3 102.0 7 40.0 10 13.5 253.5 0.11 --- --- --- --- Max >= 90.0: 22 Max <= 32.0: 0 Min <= 32.0: 0 Min <= 0.0: 0 Max Rain: 0.09 ON 09/21/98 Days of Rain: 2 (>.01 in) 0 (>.1 in) 0 (>1 in) Heat Base: 65.0 Cool Base: 65.0 Method: (High + Low) / 2