Warning: file(http://www.wunderground.com/climate/extremes.asp): failed to open stream: HTTP request failed! HTTP/1.0 500 Internal Server Error in /homepages/6/d330860172/htdocs/usaextremes.php on line 55

Warning: implode(): Invalid arguments passed in /homepages/6/d330860172/htdocs/usaextremes.php on line 55

NOAA Style Climate Reports for Lebanon, TN

NOAA style reports

NOAA-style Climate Reports

2018: Jan | Feb | Mar | Apr | May | Jun | Jul | Aug | Sep | Oct | Nov | Dec 
2017: Jan | Feb | Mar | Apr | May | Jun | Jul | Aug | Sep | Oct | Nov | Dec 
2016: Jan | Feb | Mar | Apr | May | Jun | Jul | Aug | Sep | Oct | Nov | Dec 
2015: Jan | Feb | Mar | Apr | May | Jun | Jul | Aug | Sep | Oct | Nov | Dec 
2014: Jan | Feb | Mar | Apr | May | Jun | Jul | Aug | Sep | Oct | Nov | Dec 
2013: Jan | Feb | Mar | Apr | May | Jun | Jul | Aug | Sep | Oct | Nov | Dec 
2012: Jan | Feb | Mar | Apr | May | Jun | Jul | Aug | Sep | Oct | Nov | Dec 
2011: Jan | Feb | Mar | Apr | May | Jun | Jul | Aug | Sep | Oct | Nov | Dec 
2010: Jan | Feb | Mar | Apr | May | Jun | Jul | Aug | Sep | Oct | Nov | Dec 
2009: Jan | Feb | Mar | Apr | May | Jun | Jul | Aug | Sep | Oct | Nov | Dec 
2008: Jan | Feb | Mar | Apr | May | Jun | Jul | Aug | Sep | Oct | Nov | Dec 
2007: Jan | Feb | Mar | Apr | May | Jun | Jul | Aug | Sep | Oct | Nov | Dec 
2006: Jan | Feb | Mar | Apr | May | Jun | Jul | Aug | Sep | Oct | Nov | Dec 
2005: Jan | Feb | Mar | Apr | May | Jun | Jul | Aug | Sep | Oct | Nov | Dec 
2004: Jan | Feb | Mar | Apr | May | Jun | Jul | Aug | Sep | Oct | Nov | Dec 
2003: Jan | Feb | Mar | Apr | May | Jun | Jul | Aug | Sep | Oct | Nov | Dec 
2002: Jan | Feb | Mar | Apr | May | Jun | Jul | Aug | Sep | Oct | Nov | Dec 
2001: Jan | Feb | Mar | Apr | May | Jun | Jul | Aug | Sep | Oct | Nov | Dec 
2000: Jan | Feb | Mar | Apr | May | Jun | Jul | Aug | Sep | Oct | Nov | Dec 
1999: Jan | Feb | Mar | Apr | May | Jun | Jul | Aug | Sep | Oct | Nov | Dec 
1998: Jan | Feb | Mar | Apr | May | Jun | Jul | Aug | Sep | Oct | Nov | Dec 
1997: Jan | Feb | Mar | Apr | May | Jun | Jul | Aug | Sep | Oct | Nov | Dec 
1996: Jan | Feb | Mar | Apr | May | Jun | Jul | Aug | Sep | Oct | Nov | Dec 
1995: Jan | Feb | Mar | Apr | May | Jun | Jul | Aug | Sep | Oct | Nov | Dec 

Report for 1998 11
MONTHLY CLIMATOLOGICAL SUMMARY for NOV. 1998 NAME: HornSpri CITY: Lebanon STATE: TN ELEV: 612 ft LAT: 36 14' 05" N LONG: 86 22' 55" W TEMPERATURE (F), RAIN (in), WIND SPEED (mph) HEAT COOL AVG MEAN DEG DEG WIND DOM DAY TEMP HIGH TIME LOW TIME DAYS DAYS RAIN SPEED HIGH TIME DIR ------------------------------------------------------------------------------------ 1 56.0 74.0 0:08 38.0 0:08 9.0 0.0 0.00 --- --- --- --- 2 59.0 77.0 0:08 41.0 0:08 6.0 0.0 0.00 --- --- --- --- 3 59.0 77.0 0:08 41.0 0:08 6.0 0.0 0.11 --- --- --- --- 4 5 37.5 46.0 0:08 29.0 0:08 27.5 0.0 0.00 --- --- --- --- 6 40.0 50.0 0:08 30.0 0:08 25.0 0.0 0.00 --- --- --- --- 7 33.5 50.0 0:08 17.0 0:08 31.5 0.0 0.00 --- --- --- --- 8 37.5 58.0 0:08 17.0 0:08 27.5 0.0 0.09 --- --- --- --- 9 45.5 51.0 0:08 40.0 0:08 19.5 0.0 0.07 --- --- --- --- 10 11 49.0 70.0 0:08 28.0 0:08 16.0 0.0 0.80 --- --- --- --- 12 40.0 58.0 0:08 22.0 0:08 25.0 0.0 0.00 --- --- --- --- 13 40.5 58.0 0:08 23.0 0:08 24.5 0.0 0.00 --- --- --- --- 14 49.5 62.0 0:08 37.0 0:08 15.5 0.0 0.06 --- --- --- --- 15 51.0 61.0 0:08 41.0 0:08 14.0 0.0 0.00 --- --- --- --- 16 46.0 64.0 0:08 28.0 0:08 19.0 0.0 0.00 --- --- --- --- 17 52.0 74.0 0:08 30.0 0:08 13.0 0.0 0.00 --- --- --- --- 18 41.5 58.0 0:08 25.0 0:08 23.5 0.0 0.00 --- --- --- --- 19 49.5 73.0 0:08 26.0 0:08 15.5 0.0 0.00 --- --- --- --- 20 56.0 71.0 0:08 41.0 0:08 9.0 0.0 0.29 --- --- --- --- 21 42.0 60.0 0:08 24.0 0:08 23.0 0.0 0.01 --- --- --- --- 22 40.0 56.0 0:08 24.0 0:08 25.0 0.0 0.00 --- --- --- --- 23 45.5 65.0 0:08 26.0 0:08 19.5 0.0 0.00 --- --- --- --- 24 58.0 75.0 0:08 41.0 0:08 7.0 0.0 0.00 --- --- --- --- 25 50.0 69.0 0:08 31.0 0:08 15.0 0.0 0.00 --- --- --- --- 26 49.0 69.0 0:08 29.0 0:08 16.0 0.0 0.01 --- --- --- --- 27 45.5 66.0 0:08 25.0 0:08 19.5 0.0 0.00 --- --- --- --- 28 50.0 73.0 0:08 27.0 0:08 15.0 0.0 0.00 --- --- --- --- 29 51.0 74.0 0:08 28.0 0:08 14.0 0.0 0.00 --- --- --- --- 30 55.5 75.0 0:08 36.0 0:08 9.5 0.0 0.00 --- --- --- --- ------------------------------------------------------------------------------------- 47.5 77.0 2 17.0 7 490.5 0.0 1.44 --- --- --- --- Max >= 90.0: 0 Max <= 32.0: 0 Min <= 32.0: 19 Min <= 0.0: 0 Max Rain: 0.80 ON 11/11/98 Days of Rain: 6 (>.01 in) 3 (>.1 in) 0 (>1 in) Heat Base: 65.0 Cool Base: 65.0 Method: (High + Low) / 2