Warning: file(http://www.wunderground.com/climate/extremes.asp): failed to open stream: HTTP request failed! HTTP/1.0 500 Internal Server Error in /homepages/6/d330860172/htdocs/usaextremes.php on line 55

Warning: implode(): Invalid arguments passed in /homepages/6/d330860172/htdocs/usaextremes.php on line 55

NOAA Style Climate Reports for Lebanon, TN

NOAA style reports

NOAA-style Climate Reports

2018: Jan | Feb | Mar | Apr | May | Jun | Jul | Aug | Sep | Oct | Nov | Dec 
2017: Jan | Feb | Mar | Apr | May | Jun | Jul | Aug | Sep | Oct | Nov | Dec 
2016: Jan | Feb | Mar | Apr | May | Jun | Jul | Aug | Sep | Oct | Nov | Dec 
2015: Jan | Feb | Mar | Apr | May | Jun | Jul | Aug | Sep | Oct | Nov | Dec 
2014: Jan | Feb | Mar | Apr | May | Jun | Jul | Aug | Sep | Oct | Nov | Dec 
2013: Jan | Feb | Mar | Apr | May | Jun | Jul | Aug | Sep | Oct | Nov | Dec 
2012: Jan | Feb | Mar | Apr | May | Jun | Jul | Aug | Sep | Oct | Nov | Dec 
2011: Jan | Feb | Mar | Apr | May | Jun | Jul | Aug | Sep | Oct | Nov | Dec 
2010: Jan | Feb | Mar | Apr | May | Jun | Jul | Aug | Sep | Oct | Nov | Dec 
2009: Jan | Feb | Mar | Apr | May | Jun | Jul | Aug | Sep | Oct | Nov | Dec 
2008: Jan | Feb | Mar | Apr | May | Jun | Jul | Aug | Sep | Oct | Nov | Dec 
2007: Jan | Feb | Mar | Apr | May | Jun | Jul | Aug | Sep | Oct | Nov | Dec 
2006: Jan | Feb | Mar | Apr | May | Jun | Jul | Aug | Sep | Oct | Nov | Dec 
2005: Jan | Feb | Mar | Apr | May | Jun | Jul | Aug | Sep | Oct | Nov | Dec 
2004: Jan | Feb | Mar | Apr | May | Jun | Jul | Aug | Sep | Oct | Nov | Dec 
2003: Jan | Feb | Mar | Apr | May | Jun | Jul | Aug | Sep | Oct | Nov | Dec 
2002: Jan | Feb | Mar | Apr | May | Jun | Jul | Aug | Sep | Oct | Nov | Dec 
2001: Jan | Feb | Mar | Apr | May | Jun | Jul | Aug | Sep | Oct | Nov | Dec 
2000: Jan | Feb | Mar | Apr | May | Jun | Jul | Aug | Sep | Oct | Nov | Dec 
1999: Jan | Feb | Mar | Apr | May | Jun | Jul | Aug | Sep | Oct | Nov | Dec 
1998: Jan | Feb | Mar | Apr | May | Jun | Jul | Aug | Sep | Oct | Nov | Dec 
1997: Jan | Feb | Mar | Apr | May | Jun | Jul | Aug | Sep | Oct | Nov | Dec 
1996: Jan | Feb | Mar | Apr | May | Jun | Jul | Aug | Sep | Oct | Nov | Dec 
1995: Jan | Feb | Mar | Apr | May | Jun | Jul | Aug | Sep | Oct | Nov | Dec 

Report for 1998 12
MONTHLY CLIMATOLOGICAL SUMMARY for DEC. 1998 NAME: HornSpri CITY: Lebanon STATE: TN ELEV: 612 ft LAT: 36 14' 05" N LONG: 86 22' 55" W TEMPERATURE (F), RAIN (in), WIND SPEED (mph) HEAT COOL AVG MEAN DEG DEG WIND DOM DAY TEMP HIGH TIME LOW TIME DAYS DAYS RAIN SPEED HIGH TIME DIR ------------------------------------------------------------------------------------ 1 56.5 71.0 0:08 42.0 0:08 8.5 0.0 0.09 --- --- --- --- 2 46.0 65.0 0:08 27.0 0:08 19.0 0.0 0.00 --- --- --- --- 3 51.0 74.0 0:08 28.0 0:08 14.0 0.0 0.00 --- --- --- --- 4 60.5 76.0 0:08 45.0 0:08 4.5 0.0 0.00 --- --- --- --- 5 63.0 79.0 0:08 47.0 0:08 2.0 0.0 0.78 --- --- --- --- 6 7 68.5 79.0 0:08 58.0 0:08 0.0 3.5 0.41 --- --- --- --- 8 56.5 68.0 0:08 45.0 0:08 8.5 0.0 1.49 --- --- --- --- 9 37.5 50.0 0:08 25.0 0:08 27.5 0.0 0.40 --- --- --- --- 10 37.5 52.0 0:08 23.0 0:08 27.5 0.0 0.00 --- --- --- --- 11 36.0 44.0 0:08 28.0 0:08 29.0 0.0 0.07 --- --- --- --- 12 43.0 50.0 0:08 36.0 0:08 22.0 0.0 0.36 --- --- --- --- 13 42.5 47.0 0:08 38.0 0:08 22.5 0.0 1.79 --- --- --- --- 14 38.0 48.0 0:08 28.0 0:08 27.0 0.0 0.05 --- --- --- --- 15 35.5 53.0 0:08 18.0 0:08 29.5 0.0 0.00 --- --- --- --- 16 34.5 52.0 0:08 17.0 0:08 30.5 0.0 0.00 --- --- --- --- 17 38.0 59.0 0:08 17.0 0:08 27.0 0.0 0.00 --- --- --- --- 18 30.5 43.0 0:08 18.0 0:08 34.5 0.0 0.03 --- --- --- --- 19 39.0 53.0 0:08 25.0 0:08 26.0 0.0 0.10 --- --- --- --- 20 46.0 54.0 0:08 38.0 0:08 19.0 0.0 0.13 --- --- --- --- 21 22 44.0 71.0 0:08 17.0 0:08 21.0 0.0 0.29 --- --- --- --- 23 24 21.0 27.0 0:08 15.0 0:08 44.0 0.0 0.60 --- --- --- --- 25 26 27 29.5 43.0 0:08 16.0 0:08 35.5 0.0 0.00 --- --- --- --- 28 35.0 41.0 0:08 29.0 0:08 30.0 0.0 0.20 --- --- --- --- 29 40.0 45.0 0:08 35.0 0:08 25.0 0.0 0.01 --- --- --- --- 30 31.5 48.0 0:08 15.0 0:08 33.5 0.0 0.01 --- --- --- --- 31 23.5 32.0 0:08 15.0 0:08 41.5 0.0 0.00 --- --- --- --- ------------------------------------------------------------------------------------- 41.7 79.0 5 15.0 24 609.0 3.5 6.81 --- --- --- --- Max >= 90.0: 0 Max <= 32.0: 2 Min <= 32.0: 17 Min <= 0.0: 0 Max Rain: 1.79 ON 12/13/98 Days of Rain: 15 (>.01 in) 10 (>.1 in) 2 (>1 in) Heat Base: 65.0 Cool Base: 65.0 Method: (High + Low) / 2