Warning: file(http://www.wunderground.com/climate/extremes.asp): failed to open stream: HTTP request failed! HTTP/1.0 500 Internal Server Error in /homepages/6/d330860172/htdocs/usaextremes.php on line 55

Warning: implode(): Invalid arguments passed in /homepages/6/d330860172/htdocs/usaextremes.php on line 55

NOAA Style Climate Reports for Lebanon, TN

NOAA style reports

NOAA-style Climate Reports

2018: Jan | Feb | Mar | Apr | May | Jun | Jul | Aug | Sep | Oct | Nov | Dec 
2017: Jan | Feb | Mar | Apr | May | Jun | Jul | Aug | Sep | Oct | Nov | Dec 
2016: Jan | Feb | Mar | Apr | May | Jun | Jul | Aug | Sep | Oct | Nov | Dec 
2015: Jan | Feb | Mar | Apr | May | Jun | Jul | Aug | Sep | Oct | Nov | Dec 
2014: Jan | Feb | Mar | Apr | May | Jun | Jul | Aug | Sep | Oct | Nov | Dec 
2013: Jan | Feb | Mar | Apr | May | Jun | Jul | Aug | Sep | Oct | Nov | Dec 
2012: Jan | Feb | Mar | Apr | May | Jun | Jul | Aug | Sep | Oct | Nov | Dec 
2011: Jan | Feb | Mar | Apr | May | Jun | Jul | Aug | Sep | Oct | Nov | Dec 
2010: Jan | Feb | Mar | Apr | May | Jun | Jul | Aug | Sep | Oct | Nov | Dec 
2009: Jan | Feb | Mar | Apr | May | Jun | Jul | Aug | Sep | Oct | Nov | Dec 
2008: Jan | Feb | Mar | Apr | May | Jun | Jul | Aug | Sep | Oct | Nov | Dec 
2007: Jan | Feb | Mar | Apr | May | Jun | Jul | Aug | Sep | Oct | Nov | Dec 
2006: Jan | Feb | Mar | Apr | May | Jun | Jul | Aug | Sep | Oct | Nov | Dec 
2005: Jan | Feb | Mar | Apr | May | Jun | Jul | Aug | Sep | Oct | Nov | Dec 
2004: Jan | Feb | Mar | Apr | May | Jun | Jul | Aug | Sep | Oct | Nov | Dec 
2003: Jan | Feb | Mar | Apr | May | Jun | Jul | Aug | Sep | Oct | Nov | Dec 
2002: Jan | Feb | Mar | Apr | May | Jun | Jul | Aug | Sep | Oct | Nov | Dec 
2001: Jan | Feb | Mar | Apr | May | Jun | Jul | Aug | Sep | Oct | Nov | Dec 
2000: Jan | Feb | Mar | Apr | May | Jun | Jul | Aug | Sep | Oct | Nov | Dec 
1999: Jan | Feb | Mar | Apr | May | Jun | Jul | Aug | Sep | Oct | Nov | Dec 
1998: Jan | Feb | Mar | Apr | May | Jun | Jul | Aug | Sep | Oct | Nov | Dec 
1997: Jan | Feb | Mar | Apr | May | Jun | Jul | Aug | Sep | Oct | Nov | Dec 
1996: Jan | Feb | Mar | Apr | May | Jun | Jul | Aug | Sep | Oct | Nov | Dec 
1995: Jan | Feb | Mar | Apr | May | Jun | Jul | Aug | Sep | Oct | Nov | Dec 

Report for 1999
ANNUAL CLIMATOLOGICAL SUMMARY NAME: LEBANONT CITY: Lebanon STATE: TN ELEV: 626 LAT: 36.14.04 LONG: 86.22.54 TEMPERATURE (F), HEAT BASE 65.0, COOL BASE 65.0 DEP. HEAT COOL MEAN MEAN FROM DEG DEG MAX MAX MIN MIN YR MO MAX MIN MEAN NORM DAYS DAYS HI DATE LOW DATE >=90 <=32 <=32 <=0 ------------------------------------------------------------------------------------ 99 1 99 2 99 3 99 4 99 5 99 6 86.0 67.2 76.4 2.2 1 325 93.5 9 50.0 18 8 0 0 0 99 7 91.0 71.7 80.4 2.6 0 501 102.0 30 66.8 8 19 0 0 0 99 8 90.6 65.8 77.3 0.7 0 408 98.1 12 58.9 22 20 0 0 0 99 9 85.4 58.2 72.1 2.1 23 228 97.8 5 42.4 23 10 0 0 0 99 10 72.7 48.6 60.5 2.3 172 36 83.3 12 29.7 25 0 0 1 0 99 11 65.8 45.1 55.0 6.5 293 5 80.3 8 24.7 30 0 0 2 0 99 12 53.1 34.3 43.6 4.5 659 0 68.9 4 13.0 25 0 0 13 0 ------------------------------------------------------------------------------------ 77.7 55.8 66.4 3.0 1148 1503 102.0 JUL 13.0 DEC 57 0 16 0 PRECIPITATION (in) DEP. MAX DAYS OF RAIN FROM OBS. OVER YR MO TOTAL NORM DAY DATE .01 .1 1 -------------------------------------------- 99 1 0.00 -3.98 0.00 1 0 0 0 99 2 0.00 -4.22 0.00 1 0 0 0 99 3 0.00 -5.32 0.00 1 0 0 0 99 4 0.00 -4.47 0.00 1 0 0 0 99 5 0.00 -4.78 0.00 1 0 0 0 99 6 4.86 0.75 1.93 28 9 6 1 99 7 5.46 0.88 2.53 1 7 5 1 99 8 2.99 -1.13 2.41 12 6 3 1 99 9 1.60 -2.16 0.68 29 6 4 0 99 10 2.25 -1.01 1.75 9 4 3 1 99 11 2.44 -2.10 0.90 2 6 5 0 99 12 2.57 -2.46 1.09 12 8 4 1 -------------------------------------------- 22.17-30.00 2.53 JUL 46 30 5 WIND SPEED (mph) DOM YR MO AVG. HI DATE DIR --------------------------------- 99 1 99 2 99 3 99 4 99 5 99 6 2.1 45.0 5 SW 99 7 1.5 30.0 1 SW 99 8 2.1 43.0 12 E 99 9 2.3 25.0 15 NNW 99 10 2.3 25.0 8 NNW 99 11 3.3 36.0 2 SW 99 12 4.2 38.0 15 SW --------------------------------- 2.6 45.0 JUN SW