Warning: file(http://www.wunderground.com/climate/extremes.asp): failed to open stream: HTTP request failed! HTTP/1.0 500 Internal Server Error in /homepages/6/d330860172/htdocs/usaextremes.php on line 55

Warning: implode(): Invalid arguments passed in /homepages/6/d330860172/htdocs/usaextremes.php on line 55

NOAA Style Climate Reports for Lebanon, TN

NOAA style reports

NOAA-style Climate Reports

2018: Jan | Feb | Mar | Apr | May | Jun | Jul | Aug | Sep | Oct | Nov | Dec 
2017: Jan | Feb | Mar | Apr | May | Jun | Jul | Aug | Sep | Oct | Nov | Dec 
2016: Jan | Feb | Mar | Apr | May | Jun | Jul | Aug | Sep | Oct | Nov | Dec 
2015: Jan | Feb | Mar | Apr | May | Jun | Jul | Aug | Sep | Oct | Nov | Dec 
2014: Jan | Feb | Mar | Apr | May | Jun | Jul | Aug | Sep | Oct | Nov | Dec 
2013: Jan | Feb | Mar | Apr | May | Jun | Jul | Aug | Sep | Oct | Nov | Dec 
2012: Jan | Feb | Mar | Apr | May | Jun | Jul | Aug | Sep | Oct | Nov | Dec 
2011: Jan | Feb | Mar | Apr | May | Jun | Jul | Aug | Sep | Oct | Nov | Dec 
2010: Jan | Feb | Mar | Apr | May | Jun | Jul | Aug | Sep | Oct | Nov | Dec 
2009: Jan | Feb | Mar | Apr | May | Jun | Jul | Aug | Sep | Oct | Nov | Dec 
2008: Jan | Feb | Mar | Apr | May | Jun | Jul | Aug | Sep | Oct | Nov | Dec 
2007: Jan | Feb | Mar | Apr | May | Jun | Jul | Aug | Sep | Oct | Nov | Dec 
2006: Jan | Feb | Mar | Apr | May | Jun | Jul | Aug | Sep | Oct | Nov | Dec 
2005: Jan | Feb | Mar | Apr | May | Jun | Jul | Aug | Sep | Oct | Nov | Dec 
2004: Jan | Feb | Mar | Apr | May | Jun | Jul | Aug | Sep | Oct | Nov | Dec 
2003: Jan | Feb | Mar | Apr | May | Jun | Jul | Aug | Sep | Oct | Nov | Dec 
2002: Jan | Feb | Mar | Apr | May | Jun | Jul | Aug | Sep | Oct | Nov | Dec 
2001: Jan | Feb | Mar | Apr | May | Jun | Jul | Aug | Sep | Oct | Nov | Dec 
2000: Jan | Feb | Mar | Apr | May | Jun | Jul | Aug | Sep | Oct | Nov | Dec 
1999: Jan | Feb | Mar | Apr | May | Jun | Jul | Aug | Sep | Oct | Nov | Dec 
1998: Jan | Feb | Mar | Apr | May | Jun | Jul | Aug | Sep | Oct | Nov | Dec 
1997: Jan | Feb | Mar | Apr | May | Jun | Jul | Aug | Sep | Oct | Nov | Dec 
1996: Jan | Feb | Mar | Apr | May | Jun | Jul | Aug | Sep | Oct | Nov | Dec 
1995: Jan | Feb | Mar | Apr | May | Jun | Jul | Aug | Sep | Oct | Nov | Dec 

Report for 1999 01
MONTHLY CLIMATOLOGICAL SUMMARY for JAN. 1999 NAME: HornSpri CITY: Lebanon STATE: TN ELEV: 612 ft LAT: 36 14' 05" N LONG: 86 22' 55" W TEMPERATURE (F), RAIN (in), WIND SPEED (mph) HEAT COOL AVG MEAN DEG DEG WIND DOM DAY TEMP HIGH TIME LOW TIME DAYS DAYS RAIN SPEED HIGH TIME DIR ------------------------------------------------------------------------------------ 1 2 32.5 50.0 0:08 15.0 0:08 32.5 0.0 0.19 --- --- --- --- 3 33.0 51.0 0:08 15.0 0:08 32.0 0.0 1.16 --- --- --- --- 4 16.5 23.0 0:08 10.0 0:08 48.5 0.0 0.00 --- --- --- --- 5 14.0 23.0 0:08 5.0 0:08 51.0 0.0 0.02 --- --- --- --- 6 17.5 29.0 0:08 6.0 0:08 47.5 0.0 0.03 --- --- --- --- 7 8 39.5 53.0 0:08 26.0 0:08 25.5 0.0 0.31 --- --- --- --- 9 37.5 57.0 0:08 18.0 0:08 27.5 0.0 1.76 --- --- --- --- 10 11 24.0 37.0 0:08 11.0 0:08 41.0 0.0 0.00 --- --- --- --- 12 30.0 42.0 0:08 18.0 0:08 35.0 0.0 0.00 --- --- --- --- 13 51.0 61.0 0:08 41.0 0:08 14.0 0.0 0.06 --- --- --- --- 14 40.5 50.0 0:08 31.0 0:08 24.5 0.0 0.41 --- --- --- --- 15 28.0 36.0 0:08 20.0 0:08 37.0 0.0 0.02 --- --- --- --- 16 17 44.5 63.0 0:08 26.0 0:08 20.5 0.0 0.00 --- --- --- --- 18 49.5 63.0 0:08 36.0 0:08 15.5 0.0 0.28 --- --- --- --- 19 39.5 58.0 0:08 21.0 0:08 25.5 0.0 0.00 --- --- --- --- 20 42.5 64.0 0:08 21.0 0:08 22.5 0.0 0.00 --- --- --- --- 21 57.0 69.0 0:08 45.0 0:08 8.0 0.0 0.00 --- --- --- --- 22 65.0 73.0 0:08 57.0 0:08 0.0 0.0 0.00 --- --- --- --- 23 63.5 74.0 0:08 53.0 0:08 1.5 0.0 3.92 --- --- --- --- 24 49.5 65.0 0:08 34.0 0:08 15.5 0.0 0.00 --- --- --- --- 25 38.5 49.0 0:08 28.0 0:08 26.5 0.0 0.00 --- --- --- --- 26 40.5 56.0 0:08 25.0 0:08 24.5 0.0 0.00 --- --- --- --- 27 47.0 69.0 0:08 25.0 0:08 18.0 0.0 0.00 --- --- --- --- 28 61.0 72.0 0:08 50.0 0:08 4.0 0.0 0.00 --- --- --- --- 29 54.0 68.0 0:08 40.0 0:08 11.0 0.0 0.21 --- --- --- --- 30 43.5 49.0 0:08 38.0 0:08 21.5 0.0 0.16 --- --- --- --- 31 47.0 54.0 0:08 40.0 0:08 18.0 0.0 0.92 --- --- --- --- ------------------------------------------------------------------------------------- 41.0 74.0 23 5.0 5 648.5 0.0 9.45 --- --- --- --- Max >= 90.0: 0 Max <= 32.0: 3 Min <= 32.0: 17 Min <= 0.0: 0 Max Rain: 3.92 ON 01/23/99 Days of Rain: 14 (>.01 in) 10 (>.1 in) 3 (>1 in) Heat Base: 65.0 Cool Base: 65.0 Method: (High + Low) / 2