Warning: file(http://www.wunderground.com/climate/extremes.asp): failed to open stream: HTTP request failed! HTTP/1.0 500 Internal Server Error in /homepages/6/d330860172/htdocs/usaextremes.php on line 55

Warning: implode(): Invalid arguments passed in /homepages/6/d330860172/htdocs/usaextremes.php on line 55

NOAA Style Climate Reports for Lebanon, TN

NOAA style reports

NOAA-style Climate Reports

2018: Jan | Feb | Mar | Apr | May | Jun | Jul | Aug | Sep | Oct | Nov | Dec 
2017: Jan | Feb | Mar | Apr | May | Jun | Jul | Aug | Sep | Oct | Nov | Dec 
2016: Jan | Feb | Mar | Apr | May | Jun | Jul | Aug | Sep | Oct | Nov | Dec 
2015: Jan | Feb | Mar | Apr | May | Jun | Jul | Aug | Sep | Oct | Nov | Dec 
2014: Jan | Feb | Mar | Apr | May | Jun | Jul | Aug | Sep | Oct | Nov | Dec 
2013: Jan | Feb | Mar | Apr | May | Jun | Jul | Aug | Sep | Oct | Nov | Dec 
2012: Jan | Feb | Mar | Apr | May | Jun | Jul | Aug | Sep | Oct | Nov | Dec 
2011: Jan | Feb | Mar | Apr | May | Jun | Jul | Aug | Sep | Oct | Nov | Dec 
2010: Jan | Feb | Mar | Apr | May | Jun | Jul | Aug | Sep | Oct | Nov | Dec 
2009: Jan | Feb | Mar | Apr | May | Jun | Jul | Aug | Sep | Oct | Nov | Dec 
2008: Jan | Feb | Mar | Apr | May | Jun | Jul | Aug | Sep | Oct | Nov | Dec 
2007: Jan | Feb | Mar | Apr | May | Jun | Jul | Aug | Sep | Oct | Nov | Dec 
2006: Jan | Feb | Mar | Apr | May | Jun | Jul | Aug | Sep | Oct | Nov | Dec 
2005: Jan | Feb | Mar | Apr | May | Jun | Jul | Aug | Sep | Oct | Nov | Dec 
2004: Jan | Feb | Mar | Apr | May | Jun | Jul | Aug | Sep | Oct | Nov | Dec 
2003: Jan | Feb | Mar | Apr | May | Jun | Jul | Aug | Sep | Oct | Nov | Dec 
2002: Jan | Feb | Mar | Apr | May | Jun | Jul | Aug | Sep | Oct | Nov | Dec 
2001: Jan | Feb | Mar | Apr | May | Jun | Jul | Aug | Sep | Oct | Nov | Dec 
2000: Jan | Feb | Mar | Apr | May | Jun | Jul | Aug | Sep | Oct | Nov | Dec 
1999: Jan | Feb | Mar | Apr | May | Jun | Jul | Aug | Sep | Oct | Nov | Dec 
1998: Jan | Feb | Mar | Apr | May | Jun | Jul | Aug | Sep | Oct | Nov | Dec 
1997: Jan | Feb | Mar | Apr | May | Jun | Jul | Aug | Sep | Oct | Nov | Dec 
1996: Jan | Feb | Mar | Apr | May | Jun | Jul | Aug | Sep | Oct | Nov | Dec 
1995: Jan | Feb | Mar | Apr | May | Jun | Jul | Aug | Sep | Oct | Nov | Dec 

Report for 1999 02
MONTHLY CLIMATOLOGICAL SUMMARY for FEB. 1999 NAME: HornSpri CITY: Lebanon STATE: TN ELEV: 612 ft LAT: 36 14' 05" N LONG: 86 22' 55" W TEMPERATURE (F), RAIN (in), WIND SPEED (mph) HEAT COOL AVG MEAN DEG DEG WIND DOM DAY TEMP HIGH TIME LOW TIME DAYS DAYS RAIN SPEED HIGH TIME DIR ------------------------------------------------------------------------------------ 1 44.5 52.0 0:08 37.0 0:08 20.5 0.0 0.49 --- --- --- --- 2 43.0 48.0 0:08 38.0 0:08 22.0 0.0 0.00 --- --- --- --- 3 4 39.5 58.0 0:08 21.0 0:08 25.5 0.0 0.02 --- --- --- --- 5 39.0 58.0 0:08 20.0 0:08 26.0 0.0 0.00 --- --- --- --- 6 43.0 65.0 0:08 21.0 0:08 22.0 0.0 0.01 --- --- --- --- 7 55.5 65.0 0:08 46.0 0:08 9.5 0.0 0.19 --- --- --- --- 8 9 49.0 68.0 0:08 30.0 0:08 16.0 0.0 0.00 --- --- --- --- 10 53.5 70.0 0:08 37.0 0:08 11.5 0.0 0.32 --- --- --- --- 11 12 49.5 72.0 0:08 27.0 0:08 15.5 0.0 1.28 --- --- --- --- 13 14 15 30.5 48.0 0:08 13.0 0:08 34.5 0.0 0.00 --- --- --- --- 16 41.5 61.0 0:08 22.0 0:08 23.5 0.0 0.00 --- --- --- --- 17 50.0 66.0 0:08 34.0 0:08 15.0 0.0 0.73 --- --- --- --- 18 31.5 41.0 0:08 22.0 0:08 33.5 0.0 0.00 --- --- --- --- 19 39.0 54.0 0:08 24.0 0:08 26.0 0.0 0.00 --- --- --- --- 20 37.0 52.0 0:08 22.0 0:08 28.0 0.0 0.00 --- --- --- --- 21 35.0 50.0 0:08 20.0 0:08 30.0 0.0 0.00 --- --- --- --- 22 26.0 39.0 0:08 13.0 0:08 39.0 0.0 0.00 --- --- --- --- 23 28.0 42.0 0:08 14.0 0:08 37.0 0.0 0.00 --- --- --- --- 24 39.5 48.0 0:08 31.0 0:08 25.5 0.0 0.14 --- --- --- --- 25 34.5 44.0 0:08 25.0 0:08 30.5 0.0 0.00 --- --- --- --- 26 42.0 62.0 0:08 22.0 0:08 23.0 0.0 0.00 --- --- --- --- 27 43.5 65.0 0:08 22.0 0:08 21.5 0.0 0.67 --- --- --- --- 28 50.0 62.0 0:08 38.0 0:08 15.0 0.0 0.55 --- --- --- --- ------------------------------------------------------------------------------------- 41.1 72.0 12 13.0 15 550.5 0.0 4.40 --- --- --- --- Max >= 90.0: 0 Max <= 32.0: 0 Min <= 32.0: 17 Min <= 0.0: 0 Max Rain: 1.28 ON 02/12/99 Days of Rain: 9 (>.01 in) 8 (>.1 in) 1 (>1 in) Heat Base: 65.0 Cool Base: 65.0 Method: (High + Low) / 2