Warning: file(http://www.wunderground.com/climate/extremes.asp): failed to open stream: HTTP request failed! HTTP/1.0 500 Internal Server Error in /homepages/6/d330860172/htdocs/usaextremes.php on line 55

Warning: implode(): Invalid arguments passed in /homepages/6/d330860172/htdocs/usaextremes.php on line 55

NOAA Style Climate Reports for Lebanon, TN

NOAA style reports

NOAA-style Climate Reports

2018: Jan | Feb | Mar | Apr | May | Jun | Jul | Aug | Sep | Oct | Nov | Dec 
2017: Jan | Feb | Mar | Apr | May | Jun | Jul | Aug | Sep | Oct | Nov | Dec 
2016: Jan | Feb | Mar | Apr | May | Jun | Jul | Aug | Sep | Oct | Nov | Dec 
2015: Jan | Feb | Mar | Apr | May | Jun | Jul | Aug | Sep | Oct | Nov | Dec 
2014: Jan | Feb | Mar | Apr | May | Jun | Jul | Aug | Sep | Oct | Nov | Dec 
2013: Jan | Feb | Mar | Apr | May | Jun | Jul | Aug | Sep | Oct | Nov | Dec 
2012: Jan | Feb | Mar | Apr | May | Jun | Jul | Aug | Sep | Oct | Nov | Dec 
2011: Jan | Feb | Mar | Apr | May | Jun | Jul | Aug | Sep | Oct | Nov | Dec 
2010: Jan | Feb | Mar | Apr | May | Jun | Jul | Aug | Sep | Oct | Nov | Dec 
2009: Jan | Feb | Mar | Apr | May | Jun | Jul | Aug | Sep | Oct | Nov | Dec 
2008: Jan | Feb | Mar | Apr | May | Jun | Jul | Aug | Sep | Oct | Nov | Dec 
2007: Jan | Feb | Mar | Apr | May | Jun | Jul | Aug | Sep | Oct | Nov | Dec 
2006: Jan | Feb | Mar | Apr | May | Jun | Jul | Aug | Sep | Oct | Nov | Dec 
2005: Jan | Feb | Mar | Apr | May | Jun | Jul | Aug | Sep | Oct | Nov | Dec 
2004: Jan | Feb | Mar | Apr | May | Jun | Jul | Aug | Sep | Oct | Nov | Dec 
2003: Jan | Feb | Mar | Apr | May | Jun | Jul | Aug | Sep | Oct | Nov | Dec 
2002: Jan | Feb | Mar | Apr | May | Jun | Jul | Aug | Sep | Oct | Nov | Dec 
2001: Jan | Feb | Mar | Apr | May | Jun | Jul | Aug | Sep | Oct | Nov | Dec 
2000: Jan | Feb | Mar | Apr | May | Jun | Jul | Aug | Sep | Oct | Nov | Dec 
1999: Jan | Feb | Mar | Apr | May | Jun | Jul | Aug | Sep | Oct | Nov | Dec 
1998: Jan | Feb | Mar | Apr | May | Jun | Jul | Aug | Sep | Oct | Nov | Dec 
1997: Jan | Feb | Mar | Apr | May | Jun | Jul | Aug | Sep | Oct | Nov | Dec 
1996: Jan | Feb | Mar | Apr | May | Jun | Jul | Aug | Sep | Oct | Nov | Dec 
1995: Jan | Feb | Mar | Apr | May | Jun | Jul | Aug | Sep | Oct | Nov | Dec 

Report for 1999 03
MONTHLY CLIMATOLOGICAL SUMMARY for MAR. 1999 NAME: HornSpri CITY: Lebanon STATE: TN ELEV: 612 ft LAT: 36 14' 05" N LONG: 86 22' 55" W TEMPERATURE (F), RAIN (in), WIND SPEED (mph) HEAT COOL AVG MEAN DEG DEG WIND DOM DAY TEMP HIGH TIME LOW TIME DAYS DAYS RAIN SPEED HIGH TIME DIR ------------------------------------------------------------------------------------ 1 38.5 52.0 0:08 25.0 0:08 26.5 0.0 0.00 --- --- --- --- 2 38.0 53.0 0:08 23.0 0:08 27.0 0.0 0.00 --- --- --- --- 3 48.0 71.0 0:08 25.0 0:08 17.0 0.0 1.28 --- --- --- --- 4 29.0 41.0 0:08 17.0 0:08 36.0 0.0 0.01 --- --- --- --- 5 35.5 49.0 0:08 22.0 0:08 29.5 0.0 0.00 --- --- --- --- 6 44.5 59.0 0:08 30.0 0:08 20.5 0.0 0.61 --- --- --- --- 7 39.5 53.0 0:08 26.0 0:08 25.5 0.0 0.00 --- --- --- --- 8 35.0 47.0 0:08 23.0 0:08 30.0 0.0 0.00 --- --- --- --- 9 37.5 50.0 0:08 25.0 0:08 27.5 0.0 0.28 --- --- --- --- 10 40.5 51.0 0:08 30.0 0:08 24.5 0.0 0.06 --- --- --- --- 11 12 33.0 47.0 0:08 19.0 0:08 32.0 0.0 0.00 --- --- --- --- 13 36.0 52.0 0:08 20.0 0:08 29.0 0.0 0.10 --- --- --- --- 14 34.0 42.0 0:08 26.0 0:08 31.0 0.0 1.21 --- --- --- --- 15 32.5 42.0 0:08 23.0 0:08 32.5 0.0 0.72 --- --- --- --- 16 36.0 50.0 0:08 22.0 0:08 29.0 0.0 0.00 --- --- --- --- 17 46.5 67.0 0:08 26.0 0:08 18.5 0.0 0.00 --- --- --- --- 18 61.0 75.0 0:08 47.0 0:08 4.0 0.0 0.00 --- --- --- --- 19 45.0 63.0 0:08 27.0 0:08 20.0 0.0 0.00 --- --- --- --- 20 42.5 59.0 0:08 26.0 0:08 22.5 0.0 0.00 --- --- --- --- 21 46.0 59.0 0:08 33.0 0:08 19.0 0.0 0.03 --- --- --- --- 22 42.5 61.0 0:08 24.0 0:08 22.5 0.0 0.00 --- --- --- --- 23 45.0 60.0 0:08 30.0 0:08 20.0 0.0 0.00 --- --- --- --- 24 54.5 69.0 0:08 40.0 0:08 10.5 0.0 0.11 --- --- --- --- 25 40.0 51.0 0:08 29.0 0:08 25.0 0.0 0.00 --- --- --- --- 26 41.0 57.0 0:08 25.0 0:08 24.0 0.0 0.00 --- --- --- --- 27 38.0 54.0 0:08 22.0 0:08 27.0 0.0 0.00 --- --- --- --- 28 41.5 60.0 0:08 23.0 0:08 23.5 0.0 0.00 --- --- --- --- 29 45.0 62.0 0:08 28.0 0:08 20.0 0.0 0.13 --- --- --- --- 30 47.0 64.0 0:08 30.0 0:08 18.0 0.0 0.02 --- --- --- --- 31 ------------------------------------------------------------------------------------- 41.1 75.0 18 17.0 4 692.0 0.0 4.56 --- --- --- --- Max >= 90.0: 0 Max <= 32.0: 0 Min <= 32.0: 26 Min <= 0.0: 0 Max Rain: 1.28 ON 03/03/99 Days of Rain: 11 (>.01 in) 7 (>.1 in) 2 (>1 in) Heat Base: 65.0 Cool Base: 65.0 Method: (High + Low) / 2