Warning: file(http://www.wunderground.com/climate/extremes.asp): failed to open stream: HTTP request failed! HTTP/1.0 500 Internal Server Error in /homepages/6/d330860172/htdocs/usaextremes.php on line 55

Warning: implode(): Invalid arguments passed in /homepages/6/d330860172/htdocs/usaextremes.php on line 55

NOAA Style Climate Reports for Lebanon, TN

NOAA style reports

NOAA-style Climate Reports

2018: Jan | Feb | Mar | Apr | May | Jun | Jul | Aug | Sep | Oct | Nov | Dec 
2017: Jan | Feb | Mar | Apr | May | Jun | Jul | Aug | Sep | Oct | Nov | Dec 
2016: Jan | Feb | Mar | Apr | May | Jun | Jul | Aug | Sep | Oct | Nov | Dec 
2015: Jan | Feb | Mar | Apr | May | Jun | Jul | Aug | Sep | Oct | Nov | Dec 
2014: Jan | Feb | Mar | Apr | May | Jun | Jul | Aug | Sep | Oct | Nov | Dec 
2013: Jan | Feb | Mar | Apr | May | Jun | Jul | Aug | Sep | Oct | Nov | Dec 
2012: Jan | Feb | Mar | Apr | May | Jun | Jul | Aug | Sep | Oct | Nov | Dec 
2011: Jan | Feb | Mar | Apr | May | Jun | Jul | Aug | Sep | Oct | Nov | Dec 
2010: Jan | Feb | Mar | Apr | May | Jun | Jul | Aug | Sep | Oct | Nov | Dec 
2009: Jan | Feb | Mar | Apr | May | Jun | Jul | Aug | Sep | Oct | Nov | Dec 
2008: Jan | Feb | Mar | Apr | May | Jun | Jul | Aug | Sep | Oct | Nov | Dec 
2007: Jan | Feb | Mar | Apr | May | Jun | Jul | Aug | Sep | Oct | Nov | Dec 
2006: Jan | Feb | Mar | Apr | May | Jun | Jul | Aug | Sep | Oct | Nov | Dec 
2005: Jan | Feb | Mar | Apr | May | Jun | Jul | Aug | Sep | Oct | Nov | Dec 
2004: Jan | Feb | Mar | Apr | May | Jun | Jul | Aug | Sep | Oct | Nov | Dec 
2003: Jan | Feb | Mar | Apr | May | Jun | Jul | Aug | Sep | Oct | Nov | Dec 
2002: Jan | Feb | Mar | Apr | May | Jun | Jul | Aug | Sep | Oct | Nov | Dec 
2001: Jan | Feb | Mar | Apr | May | Jun | Jul | Aug | Sep | Oct | Nov | Dec 
2000: Jan | Feb | Mar | Apr | May | Jun | Jul | Aug | Sep | Oct | Nov | Dec 
1999: Jan | Feb | Mar | Apr | May | Jun | Jul | Aug | Sep | Oct | Nov | Dec 
1998: Jan | Feb | Mar | Apr | May | Jun | Jul | Aug | Sep | Oct | Nov | Dec 
1997: Jan | Feb | Mar | Apr | May | Jun | Jul | Aug | Sep | Oct | Nov | Dec 
1996: Jan | Feb | Mar | Apr | May | Jun | Jul | Aug | Sep | Oct | Nov | Dec 
1995: Jan | Feb | Mar | Apr | May | Jun | Jul | Aug | Sep | Oct | Nov | Dec 

Report for 1999 04
MONTHLY CLIMATOLOGICAL SUMMARY for APR. 1999 NAME: HornSpri CITY: Lebanon STATE: TN ELEV: 612 ft LAT: 36 14' 05" N LONG: 86 22' 55" W TEMPERATURE (F), RAIN (in), WIND SPEED (mph) HEAT COOL AVG MEAN DEG DEG WIND DOM DAY TEMP HIGH TIME LOW TIME DAYS DAYS RAIN SPEED HIGH TIME DIR ------------------------------------------------------------------------------------ 1 53.0 59.0 0:08 47.0 0:08 12.0 0.0 0.45 --- --- --- --- 2 54.5 69.0 0:08 40.0 0:08 10.5 0.0 0.00 --- --- --- --- 3 62.5 80.0 0:08 45.0 0:08 2.5 0.0 0.00 --- --- --- --- 4 72.0 88.0 0:08 56.0 0:08 0.0 7.0 0.16 --- --- --- --- 5 61.0 77.0 0:08 45.0 0:08 4.0 0.0 0.00 --- --- --- --- 6 65.5 83.0 0:08 48.0 0:08 0.0 0.5 0.26 --- --- --- --- 7 60.5 81.0 0:08 40.0 0:08 4.5 0.0 0.00 --- --- --- --- 8 61.0 82.0 0:08 40.0 0:08 4.0 0.0 0.00 --- --- --- --- 9 64.5 84.0 0:08 45.0 0:08 0.5 0.0 0.00 --- --- --- --- 10 66.5 85.0 0:08 48.0 0:08 0.0 1.5 0.00 --- --- --- --- 11 68.0 86.0 0:08 50.0 0:08 0.0 3.0 0.00 --- --- --- --- 12 60.0 80.0 0:08 40.0 0:08 5.0 0.0 0.00 --- --- --- --- 13 47.5 63.0 0:08 32.0 0:08 17.5 0.0 0.00 --- --- --- --- 14 45.5 60.0 0:08 31.0 0:08 19.5 0.0 0.00 --- --- --- --- 15 52.5 60.0 0:08 45.0 0:08 12.5 0.0 0.92 --- --- --- --- 16 53.5 70.0 0:08 37.0 0:08 11.5 0.0 0.13 --- --- --- --- 17 46.5 60.0 0:08 33.0 0:08 18.5 0.0 0.00 --- --- --- --- 18 43.5 53.0 0:08 34.0 0:08 21.5 0.0 0.00 --- --- --- --- 19 48.0 62.0 0:08 34.0 0:08 17.0 0.0 0.00 --- --- --- --- 20 57.0 74.0 0:08 40.0 0:08 8.0 0.0 0.10 --- --- --- --- 21 58.5 75.0 0:08 42.0 0:08 6.5 0.0 0.00 --- --- --- --- 22 70.0 84.0 0:08 56.0 0:08 0.0 5.0 0.00 --- --- --- --- 23 67.0 79.0 0:08 55.0 0:08 0.0 2.0 0.00 --- --- --- --- 24 67.0 85.0 0:08 49.0 0:08 0.0 2.0 0.00 --- --- --- --- 25 57.0 72.0 0:08 42.0 0:08 8.0 0.0 0.00 --- --- --- --- 26 58.5 72.0 0:08 45.0 0:08 6.5 0.0 0.06 --- --- --- --- 27 63.0 70.0 0:08 56.0 0:08 2.0 0.0 1.20 --- --- --- --- 28 65.0 76.0 0:08 54.0 0:08 0.0 0.0 0.28 --- --- --- --- 29 67.5 80.0 0:08 55.0 0:08 0.0 2.5 0.20 --- --- --- --- 30 48.5 61.0 0:08 36.0 0:08 16.5 0.0 0.12 --- --- --- --- ------------------------------------------------------------------------------------- 58.8 88.0 4 31.0 14 208.5 23.5 3.88 --- --- --- --- Max >= 90.0: 0 Max <= 32.0: 0 Min <= 32.0: 2 Min <= 0.0: 0 Max Rain: 1.20 ON 04/27/99 Days of Rain: 11 (>.01 in) 9 (>.1 in) 1 (>1 in) Heat Base: 65.0 Cool Base: 65.0 Method: (High + Low) / 2