Warning: file(http://www.wunderground.com/climate/extremes.asp): failed to open stream: HTTP request failed! HTTP/1.0 500 Internal Server Error in /homepages/6/d330860172/htdocs/usaextremes.php on line 55

Warning: implode(): Invalid arguments passed in /homepages/6/d330860172/htdocs/usaextremes.php on line 55

NOAA Style Climate Reports for Lebanon, TN

NOAA style reports

NOAA-style Climate Reports

2018: Jan | Feb | Mar | Apr | May | Jun | Jul | Aug | Sep | Oct | Nov | Dec 
2017: Jan | Feb | Mar | Apr | May | Jun | Jul | Aug | Sep | Oct | Nov | Dec 
2016: Jan | Feb | Mar | Apr | May | Jun | Jul | Aug | Sep | Oct | Nov | Dec 
2015: Jan | Feb | Mar | Apr | May | Jun | Jul | Aug | Sep | Oct | Nov | Dec 
2014: Jan | Feb | Mar | Apr | May | Jun | Jul | Aug | Sep | Oct | Nov | Dec 
2013: Jan | Feb | Mar | Apr | May | Jun | Jul | Aug | Sep | Oct | Nov | Dec 
2012: Jan | Feb | Mar | Apr | May | Jun | Jul | Aug | Sep | Oct | Nov | Dec 
2011: Jan | Feb | Mar | Apr | May | Jun | Jul | Aug | Sep | Oct | Nov | Dec 
2010: Jan | Feb | Mar | Apr | May | Jun | Jul | Aug | Sep | Oct | Nov | Dec 
2009: Jan | Feb | Mar | Apr | May | Jun | Jul | Aug | Sep | Oct | Nov | Dec 
2008: Jan | Feb | Mar | Apr | May | Jun | Jul | Aug | Sep | Oct | Nov | Dec 
2007: Jan | Feb | Mar | Apr | May | Jun | Jul | Aug | Sep | Oct | Nov | Dec 
2006: Jan | Feb | Mar | Apr | May | Jun | Jul | Aug | Sep | Oct | Nov | Dec 
2005: Jan | Feb | Mar | Apr | May | Jun | Jul | Aug | Sep | Oct | Nov | Dec 
2004: Jan | Feb | Mar | Apr | May | Jun | Jul | Aug | Sep | Oct | Nov | Dec 
2003: Jan | Feb | Mar | Apr | May | Jun | Jul | Aug | Sep | Oct | Nov | Dec 
2002: Jan | Feb | Mar | Apr | May | Jun | Jul | Aug | Sep | Oct | Nov | Dec 
2001: Jan | Feb | Mar | Apr | May | Jun | Jul | Aug | Sep | Oct | Nov | Dec 
2000: Jan | Feb | Mar | Apr | May | Jun | Jul | Aug | Sep | Oct | Nov | Dec 
1999: Jan | Feb | Mar | Apr | May | Jun | Jul | Aug | Sep | Oct | Nov | Dec 
1998: Jan | Feb | Mar | Apr | May | Jun | Jul | Aug | Sep | Oct | Nov | Dec 
1997: Jan | Feb | Mar | Apr | May | Jun | Jul | Aug | Sep | Oct | Nov | Dec 
1996: Jan | Feb | Mar | Apr | May | Jun | Jul | Aug | Sep | Oct | Nov | Dec 
1995: Jan | Feb | Mar | Apr | May | Jun | Jul | Aug | Sep | Oct | Nov | Dec 

Report for 1999 06
MONTHLY CLIMATOLOGICAL SUMMARY for JUN. 1999 NAME: HornSpri CITY: Lebanon STATE: TN ELEV: 612 ft LAT: 36 14' 05" N LONG: 86 22' 55" W TEMPERATURE (F), RAIN (in), WIND SPEED (mph) HEAT COOL AVG MEAN DEG DEG WIND DOM DAY TEMP HIGH TIME LOW TIME DAYS DAYS RAIN SPEED HIGH TIME DIR ------------------------------------------------------------------------------------ 1 69.5 77.0 0:08 62.0 0:08 0.0 4.5 0.11 --- --- --- --- 2 73.5 83.0 0:08 64.0 0:08 0.0 8.5 0.08 --- --- --- --- 3 76.0 88.0 0:08 64.0 0:08 0.0 11.0 0.03 --- --- --- --- 4 75.0 90.0 0:08 60.0 0:08 0.0 10.0 0.00 --- --- --- --- 5 76.0 91.0 0:08 61.0 0:08 0.0 11.0 0.74 --- --- --- --- 6 77.0 91.0 0:08 63.0 0:08 0.0 12.0 0.00 --- --- --- --- 7 77.0 91.0 0:08 63.0 0:08 0.0 12.0 0.00 --- --- --- --- 8 75.5 91.0 0:08 60.0 0:08 0.0 10.5 0.00 --- --- --- --- 9 77.5 92.0 0:08 63.0 0:08 0.0 12.5 0.00 --- --- --- --- 10 78.5 94.0 0:08 63.0 0:08 0.0 13.5 0.00 --- --- --- --- 11 78.0 94.0 0:08 62.0 0:08 0.0 13.0 0.00 --- --- --- --- 12 77.0 91.0 0:08 63.0 0:08 0.0 12.0 0.00 --- --- --- --- 13 75.5 90.0 0:08 61.0 0:08 0.0 10.5 0.00 --- --- --- --- 14 78.0 92.0 0:08 64.0 0:08 0.0 13.0 0.17 --- --- --- --- 15 69.5 81.0 0:08 58.0 0:08 0.0 4.5 0.20 --- --- --- --- 16 69.0 84.0 0:08 54.0 0:08 0.0 4.0 0.00 --- --- --- --- 17 67.5 82.0 0:08 53.0 0:08 0.0 2.5 0.00 --- --- --- --- 18 61.5 78.0 0:08 45.0 0:08 3.5 0.0 0.00 --- --- --- --- 19 65.5 82.0 0:08 49.0 0:08 0.0 0.5 0.00 --- --- --- --- 20 70.5 87.0 0:08 54.0 0:08 0.0 5.5 0.00 --- --- --- --- 21 71.5 88.0 0:08 55.0 0:08 0.0 6.5 0.00 --- --- --- --- 22 74.5 91.0 0:08 58.0 0:08 0.0 9.5 0.00 --- --- --- --- 23 72.0 82.0 0:08 62.0 0:08 0.0 7.0 0.70 --- --- --- --- 24 77.0 88.0 0:08 66.0 0:08 0.0 12.0 0.50 --- --- --- --- 25 74.5 83.0 0:08 66.0 0:08 0.0 9.5 0.13 --- --- --- --- 26 76.0 84.0 0:08 68.0 0:08 0.0 11.0 0.41 --- --- --- --- 27 78.0 89.0 0:08 67.0 0:08 0.0 13.0 0.20 --- --- --- --- 28 75.0 84.0 0:08 66.0 0:08 0.0 10.0 2.72 --- --- --- --- 29 72.5 86.0 0:08 59.0 0:08 0.0 7.5 0.00 --- --- --- --- 30 ------------------------------------------------------------------------------------- 73.7 94.0 10 45.0 18 3.5 257.0 5.99 --- --- --- --- Max >= 90.0: 12 Max <= 32.0: 0 Min <= 32.0: 0 Min <= 0.0: 0 Max Rain: 2.72 ON 06/28/99 Days of Rain: 12 (>.01 in) 10 (>.1 in) 1 (>1 in) Heat Base: 65.0 Cool Base: 65.0 Method: (High + Low) / 2