Warning: file(http://www.wunderground.com/climate/extremes.asp): failed to open stream: HTTP request failed! HTTP/1.0 500 Internal Server Error in /homepages/6/d330860172/htdocs/usaextremes.php on line 55

Warning: implode(): Invalid arguments passed in /homepages/6/d330860172/htdocs/usaextremes.php on line 55

NOAA Style Climate Reports for Lebanon, TN

NOAA style reports

NOAA-style Climate Reports

2018: Jan | Feb | Mar | Apr | May | Jun | Jul | Aug | Sep | Oct | Nov | Dec 
2017: Jan | Feb | Mar | Apr | May | Jun | Jul | Aug | Sep | Oct | Nov | Dec 
2016: Jan | Feb | Mar | Apr | May | Jun | Jul | Aug | Sep | Oct | Nov | Dec 
2015: Jan | Feb | Mar | Apr | May | Jun | Jul | Aug | Sep | Oct | Nov | Dec 
2014: Jan | Feb | Mar | Apr | May | Jun | Jul | Aug | Sep | Oct | Nov | Dec 
2013: Jan | Feb | Mar | Apr | May | Jun | Jul | Aug | Sep | Oct | Nov | Dec 
2012: Jan | Feb | Mar | Apr | May | Jun | Jul | Aug | Sep | Oct | Nov | Dec 
2011: Jan | Feb | Mar | Apr | May | Jun | Jul | Aug | Sep | Oct | Nov | Dec 
2010: Jan | Feb | Mar | Apr | May | Jun | Jul | Aug | Sep | Oct | Nov | Dec 
2009: Jan | Feb | Mar | Apr | May | Jun | Jul | Aug | Sep | Oct | Nov | Dec 
2008: Jan | Feb | Mar | Apr | May | Jun | Jul | Aug | Sep | Oct | Nov | Dec 
2007: Jan | Feb | Mar | Apr | May | Jun | Jul | Aug | Sep | Oct | Nov | Dec 
2006: Jan | Feb | Mar | Apr | May | Jun | Jul | Aug | Sep | Oct | Nov | Dec 
2005: Jan | Feb | Mar | Apr | May | Jun | Jul | Aug | Sep | Oct | Nov | Dec 
2004: Jan | Feb | Mar | Apr | May | Jun | Jul | Aug | Sep | Oct | Nov | Dec 
2003: Jan | Feb | Mar | Apr | May | Jun | Jul | Aug | Sep | Oct | Nov | Dec 
2002: Jan | Feb | Mar | Apr | May | Jun | Jul | Aug | Sep | Oct | Nov | Dec 
2001: Jan | Feb | Mar | Apr | May | Jun | Jul | Aug | Sep | Oct | Nov | Dec 
2000: Jan | Feb | Mar | Apr | May | Jun | Jul | Aug | Sep | Oct | Nov | Dec 
1999: Jan | Feb | Mar | Apr | May | Jun | Jul | Aug | Sep | Oct | Nov | Dec 
1998: Jan | Feb | Mar | Apr | May | Jun | Jul | Aug | Sep | Oct | Nov | Dec 
1997: Jan | Feb | Mar | Apr | May | Jun | Jul | Aug | Sep | Oct | Nov | Dec 
1996: Jan | Feb | Mar | Apr | May | Jun | Jul | Aug | Sep | Oct | Nov | Dec 
1995: Jan | Feb | Mar | Apr | May | Jun | Jul | Aug | Sep | Oct | Nov | Dec 

Report for 1999 07
MONTHLY CLIMATOLOGICAL SUMMARY for JUL. 1999 NAME: HornSpri CITY: Lebanon STATE: TN ELEV: 612 ft LAT: 36 14' 05" N LONG: 86 22' 55" W TEMPERATURE (F), RAIN (in), WIND SPEED (mph) HEAT COOL AVG MEAN DEG DEG WIND DOM DAY TEMP HIGH TIME LOW TIME DAYS DAYS RAIN SPEED HIGH TIME DIR ------------------------------------------------------------------------------------ 1 75.5 89.0 0:08 62.0 0:08 0.0 10.5 0.00 --- --- --- --- 2 81.0 96.0 0:08 66.0 0:08 0.0 16.0 2.16 --- --- --- --- 3 78.0 89.0 0:08 67.0 0:08 0.0 13.0 0.00 --- --- --- --- 4 80.5 93.0 0:08 68.0 0:08 0.0 15.5 0.00 --- --- --- --- 5 80.5 93.0 0:08 68.0 0:08 0.0 15.5 0.00 --- --- --- --- 6 81.5 95.0 0:08 68.0 0:08 0.0 16.5 0.00 --- --- --- --- 7 8 77.0 93.0 0:08 61.0 0:08 0.0 12.0 0.00 --- --- --- --- 9 79.0 94.0 0:08 64.0 0:08 0.0 14.0 0.00 --- --- --- --- 10 80.0 90.0 0:08 70.0 0:08 0.0 15.0 0.00 --- --- --- --- 11 76.0 89.0 0:08 63.0 0:08 0.0 11.0 0.54 --- --- --- --- 12 68.5 75.0 0:08 62.0 0:08 0.0 3.5 0.26 --- --- --- --- 13 73.0 84.0 0:08 62.0 0:08 0.0 8.0 0.00 --- --- --- --- 14 73.5 85.0 0:08 62.0 0:08 0.0 8.5 0.00 --- --- --- --- 15 74.0 87.0 0:08 61.0 0:08 0.0 9.0 0.00 --- --- --- --- 16 75.5 89.0 0:08 62.0 0:08 0.0 10.5 0.00 --- --- --- --- 17 77.0 90.0 0:08 64.0 0:08 0.0 12.0 0.00 --- --- --- --- 18 79.5 92.0 0:08 67.0 0:08 0.0 14.5 0.00 --- --- --- --- 19 20 81.0 94.0 0:08 68.0 0:08 0.0 16.0 0.00 --- --- --- --- 21 81.5 95.0 0:08 68.0 0:08 0.0 16.5 0.00 --- --- --- --- 22 82.0 96.0 0:08 68.0 0:08 0.0 17.0 0.12 --- --- --- --- 23 83.0 96.0 0:08 70.0 0:08 0.0 18.0 0.00 --- --- --- --- 24 84.0 97.0 0:08 71.0 0:08 0.0 19.0 0.00 --- --- --- --- 25 81.0 95.0 0:08 67.0 0:08 0.0 16.0 0.39 --- --- --- --- 26 80.0 95.0 0:08 65.0 0:08 0.0 15.0 0.00 --- --- --- --- 27 81.0 97.0 0:08 65.0 0:08 0.0 16.0 0.00 --- --- --- --- 28 82.5 98.0 0:08 67.0 0:08 0.0 17.5 0.00 --- --- --- --- 29 83.0 98.0 0:08 68.0 0:08 0.0 18.0 0.00 --- --- --- --- 30 80.5 100.0 0:08 61.0 0:08 0.0 15.5 0.00 --- --- --- --- 31 86.0 102.0 0:08 70.0 0:08 0.0 21.0 0.00 --- --- --- --- ------------------------------------------------------------------------------------- 79.2 102.0 31 61.0 8 0.0 410.5 3.47 --- --- --- --- Max >= 90.0: 21 Max <= 32.0: 0 Min <= 32.0: 0 Min <= 0.0: 0 Max Rain: 2.16 ON 07/02/99 Days of Rain: 5 (>.01 in) 5 (>.1 in) 1 (>1 in) Heat Base: 65.0 Cool Base: 65.0 Method: (High + Low) / 2