Warning: file(http://www.wunderground.com/climate/extremes.asp): failed to open stream: HTTP request failed! HTTP/1.0 500 Internal Server Error in /homepages/6/d330860172/htdocs/usaextremes.php on line 55

Warning: implode(): Invalid arguments passed in /homepages/6/d330860172/htdocs/usaextremes.php on line 55

NOAA Style Climate Reports for Lebanon, TN

NOAA style reports

NOAA-style Climate Reports

2018: Jan | Feb | Mar | Apr | May | Jun | Jul | Aug | Sep | Oct | Nov | Dec 
2017: Jan | Feb | Mar | Apr | May | Jun | Jul | Aug | Sep | Oct | Nov | Dec 
2016: Jan | Feb | Mar | Apr | May | Jun | Jul | Aug | Sep | Oct | Nov | Dec 
2015: Jan | Feb | Mar | Apr | May | Jun | Jul | Aug | Sep | Oct | Nov | Dec 
2014: Jan | Feb | Mar | Apr | May | Jun | Jul | Aug | Sep | Oct | Nov | Dec 
2013: Jan | Feb | Mar | Apr | May | Jun | Jul | Aug | Sep | Oct | Nov | Dec 
2012: Jan | Feb | Mar | Apr | May | Jun | Jul | Aug | Sep | Oct | Nov | Dec 
2011: Jan | Feb | Mar | Apr | May | Jun | Jul | Aug | Sep | Oct | Nov | Dec 
2010: Jan | Feb | Mar | Apr | May | Jun | Jul | Aug | Sep | Oct | Nov | Dec 
2009: Jan | Feb | Mar | Apr | May | Jun | Jul | Aug | Sep | Oct | Nov | Dec 
2008: Jan | Feb | Mar | Apr | May | Jun | Jul | Aug | Sep | Oct | Nov | Dec 
2007: Jan | Feb | Mar | Apr | May | Jun | Jul | Aug | Sep | Oct | Nov | Dec 
2006: Jan | Feb | Mar | Apr | May | Jun | Jul | Aug | Sep | Oct | Nov | Dec 
2005: Jan | Feb | Mar | Apr | May | Jun | Jul | Aug | Sep | Oct | Nov | Dec 
2004: Jan | Feb | Mar | Apr | May | Jun | Jul | Aug | Sep | Oct | Nov | Dec 
2003: Jan | Feb | Mar | Apr | May | Jun | Jul | Aug | Sep | Oct | Nov | Dec 
2002: Jan | Feb | Mar | Apr | May | Jun | Jul | Aug | Sep | Oct | Nov | Dec 
2001: Jan | Feb | Mar | Apr | May | Jun | Jul | Aug | Sep | Oct | Nov | Dec 
2000: Jan | Feb | Mar | Apr | May | Jun | Jul | Aug | Sep | Oct | Nov | Dec 
1999: Jan | Feb | Mar | Apr | May | Jun | Jul | Aug | Sep | Oct | Nov | Dec 
1998: Jan | Feb | Mar | Apr | May | Jun | Jul | Aug | Sep | Oct | Nov | Dec 
1997: Jan | Feb | Mar | Apr | May | Jun | Jul | Aug | Sep | Oct | Nov | Dec 
1996: Jan | Feb | Mar | Apr | May | Jun | Jul | Aug | Sep | Oct | Nov | Dec 
1995: Jan | Feb | Mar | Apr | May | Jun | Jul | Aug | Sep | Oct | Nov | Dec 

Report for 1999 09
MONTHLY CLIMATOLOGICAL SUMMARY for SEP. 1999 NAME: HornSpri CITY: Lebanon STATE: TN ELEV: 612 ft LAT: 36 14' 05" N LONG: 86 22' 55" W TEMPERATURE (F), RAIN (in), WIND SPEED (mph) HEAT COOL AVG MEAN DEG DEG WIND DOM DAY TEMP HIGH TIME LOW TIME DAYS DAYS RAIN SPEED HIGH TIME DIR ------------------------------------------------------------------------------------ 1 2 3 4 5 6 7 8 77.5 95.0 0:08 60.0 0:08 0.0 12.5 0.00 --- --- --- --- 9 80.0 98.0 0:08 62.0 0:08 0.0 15.0 0.00 --- --- --- --- 10 69.0 87.0 0:08 51.0 0:08 0.0 4.0 0.00 --- --- --- --- 11 70.0 88.0 0:08 52.0 0:08 0.0 5.0 0.00 --- --- --- --- 12 72.0 89.0 0:08 55.0 0:08 0.0 7.0 0.00 --- --- --- --- 13 79.5 92.0 0:08 67.0 0:08 0.0 14.5 0.10 --- --- --- --- 14 63.0 72.0 0:08 54.0 0:08 2.0 0.0 0.07 --- --- --- --- 15 66.0 82.0 0:08 50.0 0:08 0.0 1.0 0.00 --- --- --- --- 16 67.0 84.0 0:08 50.0 0:08 0.0 2.0 0.00 --- --- --- --- 17 62.0 79.0 0:08 45.0 0:08 3.0 0.0 0.00 --- --- --- --- 18 62.0 79.0 0:08 45.0 0:08 3.0 0.0 0.00 --- --- --- --- 19 64.0 83.0 0:08 45.0 0:08 1.0 0.0 0.00 --- --- --- --- 20 71.5 88.0 0:08 55.0 0:08 0.0 6.5 0.39 --- --- --- --- 21 71.5 80.0 0:08 63.0 0:08 0.0 6.5 0.13 --- --- --- --- 22 56.5 67.0 0:08 46.0 0:08 8.5 0.0 0.31 --- --- --- --- 23 56.5 71.0 0:08 42.0 0:08 8.5 0.0 0.00 --- --- --- --- 24 61.0 80.0 0:08 42.0 0:08 4.0 0.0 0.00 --- --- --- --- 25 66.5 85.0 0:08 48.0 0:08 0.0 1.5 0.00 --- --- --- --- 26 68.0 87.0 0:08 49.0 0:08 0.0 3.0 0.00 --- --- --- --- 27 70.5 88.0 0:08 53.0 0:08 0.0 5.5 0.00 --- --- --- --- 28 74.0 83.0 0:08 65.0 0:08 0.0 9.0 0.11 --- --- --- --- 29 79.0 91.0 0:08 67.0 0:08 0.0 14.0 0.00 --- --- --- --- 30 60.0 74.0 0:08 46.0 0:08 5.0 0.0 0.76 --- --- --- --- ------------------------------------------------------------------------------------- 68.1 98.0 9 42.0 23 35.0 107.0 1.87 --- --- --- --- Max >= 90.0: 4 Max <= 32.0: 0 Min <= 32.0: 0 Min <= 0.0: 0 Max Rain: 0.76 ON 09/30/99 Days of Rain: 7 (>.01 in) 5 (>.1 in) 0 (>1 in) Heat Base: 65.0 Cool Base: 65.0 Method: (High + Low) / 2