Warning: file(http://www.wunderground.com/climate/extremes.asp): failed to open stream: HTTP request failed! HTTP/1.0 500 Internal Server Error in /homepages/6/d330860172/htdocs/usaextremes.php on line 55

Warning: implode(): Invalid arguments passed in /homepages/6/d330860172/htdocs/usaextremes.php on line 55

NOAA Style Climate Reports for Lebanon, TN

NOAA style reports

NOAA-style Climate Reports

2018: Jan | Feb | Mar | Apr | May | Jun | Jul | Aug | Sep | Oct | Nov | Dec 
2017: Jan | Feb | Mar | Apr | May | Jun | Jul | Aug | Sep | Oct | Nov | Dec 
2016: Jan | Feb | Mar | Apr | May | Jun | Jul | Aug | Sep | Oct | Nov | Dec 
2015: Jan | Feb | Mar | Apr | May | Jun | Jul | Aug | Sep | Oct | Nov | Dec 
2014: Jan | Feb | Mar | Apr | May | Jun | Jul | Aug | Sep | Oct | Nov | Dec 
2013: Jan | Feb | Mar | Apr | May | Jun | Jul | Aug | Sep | Oct | Nov | Dec 
2012: Jan | Feb | Mar | Apr | May | Jun | Jul | Aug | Sep | Oct | Nov | Dec 
2011: Jan | Feb | Mar | Apr | May | Jun | Jul | Aug | Sep | Oct | Nov | Dec 
2010: Jan | Feb | Mar | Apr | May | Jun | Jul | Aug | Sep | Oct | Nov | Dec 
2009: Jan | Feb | Mar | Apr | May | Jun | Jul | Aug | Sep | Oct | Nov | Dec 
2008: Jan | Feb | Mar | Apr | May | Jun | Jul | Aug | Sep | Oct | Nov | Dec 
2007: Jan | Feb | Mar | Apr | May | Jun | Jul | Aug | Sep | Oct | Nov | Dec 
2006: Jan | Feb | Mar | Apr | May | Jun | Jul | Aug | Sep | Oct | Nov | Dec 
2005: Jan | Feb | Mar | Apr | May | Jun | Jul | Aug | Sep | Oct | Nov | Dec 
2004: Jan | Feb | Mar | Apr | May | Jun | Jul | Aug | Sep | Oct | Nov | Dec 
2003: Jan | Feb | Mar | Apr | May | Jun | Jul | Aug | Sep | Oct | Nov | Dec 
2002: Jan | Feb | Mar | Apr | May | Jun | Jul | Aug | Sep | Oct | Nov | Dec 
2001: Jan | Feb | Mar | Apr | May | Jun | Jul | Aug | Sep | Oct | Nov | Dec 
2000: Jan | Feb | Mar | Apr | May | Jun | Jul | Aug | Sep | Oct | Nov | Dec 
1999: Jan | Feb | Mar | Apr | May | Jun | Jul | Aug | Sep | Oct | Nov | Dec 
1998: Jan | Feb | Mar | Apr | May | Jun | Jul | Aug | Sep | Oct | Nov | Dec 
1997: Jan | Feb | Mar | Apr | May | Jun | Jul | Aug | Sep | Oct | Nov | Dec 
1996: Jan | Feb | Mar | Apr | May | Jun | Jul | Aug | Sep | Oct | Nov | Dec 
1995: Jan | Feb | Mar | Apr | May | Jun | Jul | Aug | Sep | Oct | Nov | Dec 

Report for 1999 10
MONTHLY CLIMATOLOGICAL SUMMARY for OCT. 1999 NAME: HornSpri CITY: Lebanon STATE: TN ELEV: 612 ft LAT: 36 14' 05" N LONG: 86 22' 55" W TEMPERATURE (F), RAIN (in), WIND SPEED (mph) HEAT COOL AVG MEAN DEG DEG WIND DOM DAY TEMP HIGH TIME LOW TIME DAYS DAYS RAIN SPEED HIGH TIME DIR ------------------------------------------------------------------------------------ 1 56.0 70.0 0:08 42.0 0:08 9.0 0.0 0.00 --- --- --- --- 2 59.5 77.0 0:08 42.0 0:08 5.5 0.0 0.00 --- --- --- --- 3 63.5 81.0 0:08 46.0 0:08 1.5 0.0 0.00 --- --- --- --- 4 65.5 82.0 0:08 49.0 0:08 0.0 0.5 0.00 --- --- --- --- 5 56.5 63.0 0:08 50.0 0:08 8.5 0.0 0.00 --- --- --- --- 6 51.0 64.0 0:08 38.0 0:08 14.0 0.0 0.00 --- --- --- --- 7 57.5 76.0 0:08 39.0 0:08 7.5 0.0 0.00 --- --- --- --- 8 62.5 82.0 0:08 43.0 0:08 2.5 0.0 0.00 --- --- --- --- 9 70.5 82.0 0:08 59.0 0:08 0.0 5.5 1.40 --- --- --- --- 10 67.0 70.0 0:08 64.0 0:08 0.0 2.0 0.90 --- --- --- --- 11 67.0 78.0 0:08 56.0 0:08 0.0 2.0 0.26 --- --- --- --- 12 65.5 78.0 0:08 53.0 0:08 0.0 0.5 0.00 --- --- --- --- 13 69.0 83.0 0:08 55.0 0:08 0.0 4.0 0.00 --- --- --- --- 14 66.0 81.0 0:08 51.0 0:08 0.0 1.0 0.00 --- --- --- --- 15 55.0 67.0 0:08 43.0 0:08 10.0 0.0 0.00 --- --- --- --- 16 61.5 80.0 0:08 43.0 0:08 3.5 0.0 0.00 --- --- --- --- 17 66.5 81.0 0:08 52.0 0:08 0.0 1.5 0.00 --- --- --- --- 18 54.5 65.0 0:08 44.0 0:08 10.5 0.0 0.00 --- --- --- --- 19 53.0 63.0 0:08 43.0 0:08 12.0 0.0 0.00 --- --- --- --- 20 46.0 55.0 0:08 37.0 0:08 19.0 0.0 0.02 --- --- --- --- 21 50.0 65.0 0:08 35.0 0:08 15.0 0.0 0.00 --- --- --- --- 22 51.5 68.0 0:08 35.0 0:08 13.5 0.0 0.00 --- --- --- --- 23 53.0 71.0 0:08 35.0 0:08 12.0 0.0 0.00 --- --- --- --- 24 42.5 54.0 0:08 31.0 0:08 22.5 0.0 0.00 --- --- --- --- 25 42.5 57.0 0:08 28.0 0:08 22.5 0.0 0.00 --- --- --- --- 26 46.0 64.0 0:08 28.0 0:08 19.0 0.0 0.00 --- --- --- --- 27 55.0 73.0 0:08 37.0 0:08 10.0 0.0 0.00 --- --- --- --- 28 57.5 77.0 0:08 38.0 0:08 7.5 0.0 0.00 --- --- --- --- 29 60.0 81.0 0:08 39.0 0:08 5.0 0.0 0.00 --- --- --- --- 30 61.5 79.0 0:08 44.0 0:08 3.5 0.0 0.00 --- --- --- --- 31 61.5 79.0 0:08 44.0 0:08 3.5 0.0 0.00 --- --- --- --- ------------------------------------------------------------------------------------- 57.9 83.0 13 28.0 25 237.5 17.0 2.58 --- --- --- --- Max >= 90.0: 0 Max <= 32.0: 0 Min <= 32.0: 3 Min <= 0.0: 0 Max Rain: 1.40 ON 10/09/99 Days of Rain: 4 (>.01 in) 3 (>.1 in) 1 (>1 in) Heat Base: 65.0 Cool Base: 65.0 Method: (High + Low) / 2