Warning: file(http://www.wunderground.com/climate/extremes.asp): failed to open stream: HTTP request failed! HTTP/1.0 500 Internal Server Error in /homepages/6/d330860172/htdocs/usaextremes.php on line 55

Warning: implode(): Invalid arguments passed in /homepages/6/d330860172/htdocs/usaextremes.php on line 55

NOAA Style Climate Reports for Lebanon, TN

NOAA style reports

NOAA-style Climate Reports

2018: Jan | Feb | Mar | Apr | May | Jun | Jul | Aug | Sep | Oct | Nov | Dec 
2017: Jan | Feb | Mar | Apr | May | Jun | Jul | Aug | Sep | Oct | Nov | Dec 
2016: Jan | Feb | Mar | Apr | May | Jun | Jul | Aug | Sep | Oct | Nov | Dec 
2015: Jan | Feb | Mar | Apr | May | Jun | Jul | Aug | Sep | Oct | Nov | Dec 
2014: Jan | Feb | Mar | Apr | May | Jun | Jul | Aug | Sep | Oct | Nov | Dec 
2013: Jan | Feb | Mar | Apr | May | Jun | Jul | Aug | Sep | Oct | Nov | Dec 
2012: Jan | Feb | Mar | Apr | May | Jun | Jul | Aug | Sep | Oct | Nov | Dec 
2011: Jan | Feb | Mar | Apr | May | Jun | Jul | Aug | Sep | Oct | Nov | Dec 
2010: Jan | Feb | Mar | Apr | May | Jun | Jul | Aug | Sep | Oct | Nov | Dec 
2009: Jan | Feb | Mar | Apr | May | Jun | Jul | Aug | Sep | Oct | Nov | Dec 
2008: Jan | Feb | Mar | Apr | May | Jun | Jul | Aug | Sep | Oct | Nov | Dec 
2007: Jan | Feb | Mar | Apr | May | Jun | Jul | Aug | Sep | Oct | Nov | Dec 
2006: Jan | Feb | Mar | Apr | May | Jun | Jul | Aug | Sep | Oct | Nov | Dec 
2005: Jan | Feb | Mar | Apr | May | Jun | Jul | Aug | Sep | Oct | Nov | Dec 
2004: Jan | Feb | Mar | Apr | May | Jun | Jul | Aug | Sep | Oct | Nov | Dec 
2003: Jan | Feb | Mar | Apr | May | Jun | Jul | Aug | Sep | Oct | Nov | Dec 
2002: Jan | Feb | Mar | Apr | May | Jun | Jul | Aug | Sep | Oct | Nov | Dec 
2001: Jan | Feb | Mar | Apr | May | Jun | Jul | Aug | Sep | Oct | Nov | Dec 
2000: Jan | Feb | Mar | Apr | May | Jun | Jul | Aug | Sep | Oct | Nov | Dec 
1999: Jan | Feb | Mar | Apr | May | Jun | Jul | Aug | Sep | Oct | Nov | Dec 
1998: Jan | Feb | Mar | Apr | May | Jun | Jul | Aug | Sep | Oct | Nov | Dec 
1997: Jan | Feb | Mar | Apr | May | Jun | Jul | Aug | Sep | Oct | Nov | Dec 
1996: Jan | Feb | Mar | Apr | May | Jun | Jul | Aug | Sep | Oct | Nov | Dec 
1995: Jan | Feb | Mar | Apr | May | Jun | Jul | Aug | Sep | Oct | Nov | Dec 

Report for 1999 11
MONTHLY CLIMATOLOGICAL SUMMARY for NOV. 1999 NAME: HornSpri CITY: Lebanon STATE: TN ELEV: 612 ft LAT: 36 14' 05" N LONG: 86 22' 55" W TEMPERATURE (F), RAIN (in), WIND SPEED (mph) HEAT COOL AVG MEAN DEG DEG WIND DOM DAY TEMP HIGH TIME LOW TIME DAYS DAYS RAIN SPEED HIGH TIME DIR ------------------------------------------------------------------------------------ 1 64.5 79.0 0:08 50.0 0:08 0.5 0.0 0.00 --- --- --- --- 2 60.0 75.0 0:08 45.0 0:08 5.0 0.0 1.41 --- --- --- --- 3 43.5 54.0 0:08 33.0 0:08 21.5 0.0 0.10 --- --- --- --- 4 41.5 55.0 0:08 28.0 0:08 23.5 0.0 0.00 --- --- --- --- 5 47.0 65.0 0:08 29.0 0:08 18.0 0.0 0.00 --- --- --- --- 6 60.0 72.0 0:08 48.0 0:08 5.0 0.0 0.00 --- --- --- --- 7 60.5 75.0 0:08 46.0 0:08 4.5 0.0 0.00 --- --- --- --- 8 62.0 78.0 0:08 46.0 0:08 3.0 0.0 0.00 --- --- --- --- 9 65.0 81.0 0:08 49.0 0:08 0.0 0.0 0.00 --- --- --- --- 10 63.0 77.0 0:08 49.0 0:08 2.0 0.0 0.00 --- --- --- --- 11 64.0 76.0 0:08 52.0 0:08 1.0 0.0 0.00 --- --- --- --- 12 56.0 66.0 0:08 46.0 0:08 9.0 0.0 0.00 --- --- --- --- 13 51.5 65.0 0:08 38.0 0:08 13.5 0.0 0.00 --- --- --- --- 14 57.0 76.0 0:08 38.0 0:08 8.0 0.0 0.00 --- --- --- --- 15 58.0 77.0 0:08 39.0 0:08 7.0 0.0 0.00 --- --- --- --- 16 43.5 57.0 0:08 30.0 0:08 21.5 0.0 0.00 --- --- --- --- 17 41.5 57.0 0:08 26.0 0:08 23.5 0.0 0.00 --- --- --- --- 18 41.5 57.0 0:08 26.0 0:08 23.5 0.0 0.00 --- --- --- --- 19 48.0 67.0 0:08 29.0 0:08 17.0 0.0 0.00 --- --- --- --- 20 60.5 72.0 0:08 49.0 0:08 4.5 0.0 0.01 --- --- --- --- 21 59.0 64.0 0:08 54.0 0:08 6.0 0.0 0.01 --- --- --- --- 22 59.5 70.0 0:08 49.0 0:08 5.5 0.0 0.00 --- --- --- --- 23 58.0 71.0 0:08 45.0 0:08 7.0 0.0 0.00 --- --- --- --- 24 60.0 76.0 0:08 44.0 0:08 5.0 0.0 0.13 --- --- --- --- 25 48.0 50.0 0:08 46.0 0:08 17.0 0.0 0.14 --- --- --- --- 26 47.0 51.0 0:08 43.0 0:08 18.0 0.0 0.38 --- --- --- --- 27 43.5 54.0 0:08 33.0 0:08 21.5 0.0 0.00 --- --- --- --- 28 50.5 66.0 0:08 35.0 0:08 14.5 0.0 0.00 --- --- --- --- 29 47.0 61.0 0:08 33.0 0:08 18.0 0.0 0.00 --- --- --- --- 30 40.0 54.0 0:08 26.0 0:08 25.0 0.0 0.00 --- --- --- --- ------------------------------------------------------------------------------------- 53.4 81.0 9 26.0 17 349.0 0.0 2.18 --- --- --- --- Max >= 90.0: 0 Max <= 32.0: 0 Min <= 32.0: 7 Min <= 0.0: 0 Max Rain: 1.41 ON 11/02/99 Days of Rain: 5 (>.01 in) 4 (>.1 in) 1 (>1 in) Heat Base: 65.0 Cool Base: 65.0 Method: (High + Low) / 2