Warning: file(http://www.wunderground.com/climate/extremes.asp): failed to open stream: HTTP request failed! HTTP/1.0 500 Internal Server Error in /homepages/6/d330860172/htdocs/usaextremes.php on line 55

Warning: implode(): Invalid arguments passed in /homepages/6/d330860172/htdocs/usaextremes.php on line 55

NOAA Style Climate Reports for Lebanon, TN

NOAA style reports

NOAA-style Climate Reports

2018: Jan | Feb | Mar | Apr | May | Jun | Jul | Aug | Sep | Oct | Nov | Dec 
2017: Jan | Feb | Mar | Apr | May | Jun | Jul | Aug | Sep | Oct | Nov | Dec 
2016: Jan | Feb | Mar | Apr | May | Jun | Jul | Aug | Sep | Oct | Nov | Dec 
2015: Jan | Feb | Mar | Apr | May | Jun | Jul | Aug | Sep | Oct | Nov | Dec 
2014: Jan | Feb | Mar | Apr | May | Jun | Jul | Aug | Sep | Oct | Nov | Dec 
2013: Jan | Feb | Mar | Apr | May | Jun | Jul | Aug | Sep | Oct | Nov | Dec 
2012: Jan | Feb | Mar | Apr | May | Jun | Jul | Aug | Sep | Oct | Nov | Dec 
2011: Jan | Feb | Mar | Apr | May | Jun | Jul | Aug | Sep | Oct | Nov | Dec 
2010: Jan | Feb | Mar | Apr | May | Jun | Jul | Aug | Sep | Oct | Nov | Dec 
2009: Jan | Feb | Mar | Apr | May | Jun | Jul | Aug | Sep | Oct | Nov | Dec 
2008: Jan | Feb | Mar | Apr | May | Jun | Jul | Aug | Sep | Oct | Nov | Dec 
2007: Jan | Feb | Mar | Apr | May | Jun | Jul | Aug | Sep | Oct | Nov | Dec 
2006: Jan | Feb | Mar | Apr | May | Jun | Jul | Aug | Sep | Oct | Nov | Dec 
2005: Jan | Feb | Mar | Apr | May | Jun | Jul | Aug | Sep | Oct | Nov | Dec 
2004: Jan | Feb | Mar | Apr | May | Jun | Jul | Aug | Sep | Oct | Nov | Dec 
2003: Jan | Feb | Mar | Apr | May | Jun | Jul | Aug | Sep | Oct | Nov | Dec 
2002: Jan | Feb | Mar | Apr | May | Jun | Jul | Aug | Sep | Oct | Nov | Dec 
2001: Jan | Feb | Mar | Apr | May | Jun | Jul | Aug | Sep | Oct | Nov | Dec 
2000: Jan | Feb | Mar | Apr | May | Jun | Jul | Aug | Sep | Oct | Nov | Dec 
1999: Jan | Feb | Mar | Apr | May | Jun | Jul | Aug | Sep | Oct | Nov | Dec 
1998: Jan | Feb | Mar | Apr | May | Jun | Jul | Aug | Sep | Oct | Nov | Dec 
1997: Jan | Feb | Mar | Apr | May | Jun | Jul | Aug | Sep | Oct | Nov | Dec 
1996: Jan | Feb | Mar | Apr | May | Jun | Jul | Aug | Sep | Oct | Nov | Dec 
1995: Jan | Feb | Mar | Apr | May | Jun | Jul | Aug | Sep | Oct | Nov | Dec 

Report for 1999 12
MONTHLY CLIMATOLOGICAL SUMMARY for DEC. 1999 NAME: HornSpri CITY: Lebanon STATE: TN ELEV: 612 ft LAT: 36 14' 05" N LONG: 86 22' 55" W TEMPERATURE (F), RAIN (in), WIND SPEED (mph) HEAT COOL AVG MEAN DEG DEG WIND DOM DAY TEMP HIGH TIME LOW TIME DAYS DAYS RAIN SPEED HIGH TIME DIR ------------------------------------------------------------------------------------ 1 32.5 44.0 0:08 21.0 0:08 32.5 0.0 0.00 --- --- --- --- 2 37.0 53.0 0:08 21.0 0:08 28.0 0.0 0.00 --- --- --- --- 3 39.5 53.0 0:08 26.0 0:08 25.5 0.0 0.00 --- --- --- --- 4 56.0 62.0 0:08 50.0 0:08 9.0 0.0 0.10 --- --- --- --- 5 6 50.5 63.0 0:08 38.0 0:08 14.5 0.0 0.30 --- --- --- --- 7 31.5 41.0 0:08 22.0 0:08 33.5 0.0 0.00 --- --- --- --- 8 37.0 52.0 0:08 22.0 0:08 28.0 0.0 0.00 --- --- --- --- 9 41.5 61.0 0:08 22.0 0:08 23.5 0.0 0.00 --- --- --- --- 10 48.5 67.0 0:08 30.0 0:08 16.5 0.0 0.45 --- --- --- --- 11 40.0 52.0 0:08 28.0 0:08 25.0 0.0 0.00 --- --- --- --- 12 42.5 57.0 0:08 28.0 0:08 22.5 0.0 0.00 --- --- --- --- 13 53.5 63.0 0:08 44.0 0:08 11.5 0.0 0.68 --- --- --- --- 14 49.5 56.0 0:08 43.0 0:08 15.5 0.0 0.56 --- --- --- --- 15 16 41.0 52.0 0:08 30.0 0:08 24.0 0.0 0.00 --- --- --- --- 17 40.5 51.0 0:08 30.0 0:08 24.5 0.0 0.00 --- --- --- --- 18 46.0 59.0 0:08 33.0 0:08 19.0 0.0 0.00 --- --- --- --- 19 20 51.5 57.0 0:08 46.0 0:08 13.5 0.0 0.01 --- --- --- --- 21 44.5 57.0 0:08 32.0 0:08 20.5 0.0 0.01 --- --- --- --- 22 27.0 34.0 0:08 20.0 0:08 38.0 0.0 0.00 --- --- --- --- 23 31.0 43.0 0:08 19.0 0:08 34.0 0.0 0.00 --- --- --- --- 24 32.0 44.0 0:08 20.0 0:08 33.0 0.0 0.00 --- --- --- --- 25 26.5 39.0 0:08 14.0 0:08 38.5 0.0 0.00 --- --- --- --- 26 25.0 37.0 0:08 13.0 0:08 40.0 0.0 0.00 --- --- --- --- 27 35.5 51.0 0:08 20.0 0:08 29.5 0.0 0.00 --- --- --- --- 28 34.0 48.0 0:08 20.0 0:08 31.0 0.0 0.00 --- --- --- --- 29 33.5 43.0 0:08 24.0 0:08 31.5 0.0 0.00 --- --- --- --- 30 43.0 52.0 0:08 34.0 0:08 22.0 0.0 0.00 --- --- --- --- 31 51.0 64.0 0:08 38.0 0:08 14.0 0.0 0.00 --- --- --- --- ------------------------------------------------------------------------------------- 40.1 67.0 10 13.0 26 698.5 0.0 2.11 --- --- --- --- Max >= 90.0: 0 Max <= 32.0: 0 Min <= 32.0: 20 Min <= 0.0: 0 Max Rain: 0.68 ON 12/13/99 Days of Rain: 5 (>.01 in) 4 (>.1 in) 0 (>1 in) Heat Base: 65.0 Cool Base: 65.0 Method: (High + Low) / 2