Warning: file(http://www.wunderground.com/climate/extremes.asp): failed to open stream: HTTP request failed! HTTP/1.0 500 Internal Server Error in /homepages/6/d330860172/htdocs/usaextremes.php on line 55

Warning: implode(): Invalid arguments passed in /homepages/6/d330860172/htdocs/usaextremes.php on line 55

NOAA Style Climate Reports for Lebanon, TN

NOAA style reports

NOAA-style Climate Reports

2018: Jan | Feb | Mar | Apr | May | Jun | Jul | Aug | Sep | Oct | Nov | Dec 
2017: Jan | Feb | Mar | Apr | May | Jun | Jul | Aug | Sep | Oct | Nov | Dec 
2016: Jan | Feb | Mar | Apr | May | Jun | Jul | Aug | Sep | Oct | Nov | Dec 
2015: Jan | Feb | Mar | Apr | May | Jun | Jul | Aug | Sep | Oct | Nov | Dec 
2014: Jan | Feb | Mar | Apr | May | Jun | Jul | Aug | Sep | Oct | Nov | Dec 
2013: Jan | Feb | Mar | Apr | May | Jun | Jul | Aug | Sep | Oct | Nov | Dec 
2012: Jan | Feb | Mar | Apr | May | Jun | Jul | Aug | Sep | Oct | Nov | Dec 
2011: Jan | Feb | Mar | Apr | May | Jun | Jul | Aug | Sep | Oct | Nov | Dec 
2010: Jan | Feb | Mar | Apr | May | Jun | Jul | Aug | Sep | Oct | Nov | Dec 
2009: Jan | Feb | Mar | Apr | May | Jun | Jul | Aug | Sep | Oct | Nov | Dec 
2008: Jan | Feb | Mar | Apr | May | Jun | Jul | Aug | Sep | Oct | Nov | Dec 
2007: Jan | Feb | Mar | Apr | May | Jun | Jul | Aug | Sep | Oct | Nov | Dec 
2006: Jan | Feb | Mar | Apr | May | Jun | Jul | Aug | Sep | Oct | Nov | Dec 
2005: Jan | Feb | Mar | Apr | May | Jun | Jul | Aug | Sep | Oct | Nov | Dec 
2004: Jan | Feb | Mar | Apr | May | Jun | Jul | Aug | Sep | Oct | Nov | Dec 
2003: Jan | Feb | Mar | Apr | May | Jun | Jul | Aug | Sep | Oct | Nov | Dec 
2002: Jan | Feb | Mar | Apr | May | Jun | Jul | Aug | Sep | Oct | Nov | Dec 
2001: Jan | Feb | Mar | Apr | May | Jun | Jul | Aug | Sep | Oct | Nov | Dec 
2000: Jan | Feb | Mar | Apr | May | Jun | Jul | Aug | Sep | Oct | Nov | Dec 
1999: Jan | Feb | Mar | Apr | May | Jun | Jul | Aug | Sep | Oct | Nov | Dec 
1998: Jan | Feb | Mar | Apr | May | Jun | Jul | Aug | Sep | Oct | Nov | Dec 
1997: Jan | Feb | Mar | Apr | May | Jun | Jul | Aug | Sep | Oct | Nov | Dec 
1996: Jan | Feb | Mar | Apr | May | Jun | Jul | Aug | Sep | Oct | Nov | Dec 
1995: Jan | Feb | Mar | Apr | May | Jun | Jul | Aug | Sep | Oct | Nov | Dec 

Report for 2000
ANNUAL CLIMATOLOGICAL SUMMARY NAME: LEBANONT CITY: Lebanon STATE: TN ELEV: 626 LAT: 36.14.04 LONG: 86.22.54 TEMPERATURE (F), HEAT BASE 65.0, COOL BASE 65.0 DEP. HEAT COOL MEAN MEAN FROM DEG DEG MAX MAX MIN MIN YR MO MAX MIN MEAN NORM DAYS DAYS HI DATE LOW DATE >=90 <=32 <=32 <=0 ------------------------------------------------------------------------------------ 0 1 46.8 30.3 38.5 3.8 820 0 70.9 3 10.8 25 0 3 21 0 0 2 57.0 36.0 47.0 8.6 538 2 74.6 25 18.1 6 0 0 11 0 0 3 63.3 41.5 53.3 4.9 395 6 79.6 7 27.8 12 0 0 4 0 0 4 66.6 46.8 56.6 -1.5 234 5 80.7 19 28.5 9 0 0 2 0 0 5 79.4 59.9 69.9 3.7 20 161 87.3 18 43.7 15 0 0 0 0 0 6 84.7 65.3 74.9 0.7 6 305 91.8 12 47.4 7 7 0 0 0 0 7 89.3 68.4 78.1 0.3 0 430 97.0 10 60.6 25 16 0 0 0 0 8 89.9 69.2 78.8 2.2 0 436 100.1 17 58.5 13 14 0 0 0 0 9 81.2 61.2 70.4 0.4 39 226 90.6 1 43.0 27 2 0 0 0 0 10 75.5 50.9 62.6 4.4 138 82 87.2 3 28.5 9 0 0 3 0 0 11 55.9 38.7 47.1 -1.4 521 13 82.8 1 21.4 21 0 0 10 0 0 12 38.3 22.3 30.3 -8.8 1045 0 59.9 16 8.1 22 0 10 29 0 ------------------------------------------------------------------------------------ 69.0 49.2 58.9 1.4 3757 1666 100.1 AUG 8.1 DEC 39 13 80 0 PRECIPITATION (in) DEP. MAX DAYS OF RAIN FROM OBS. OVER YR MO TOTAL NORM DAY DATE .01 .1 1 -------------------------------------------- 0 1 3.29 -1.27 1.32 3 10 7 1 0 2 3.62 -0.55 1.23 13 8 8 1 0 3 3.10 -2.48 1.90 19 9 5 1 0 4 5.58 1.20 1.64 24 13 9 1 0 5 6.53 1.29 2.04 25 13 11 3 0 6 5.61 1.03 3.29 26 10 5 2 0 7 4.52 -0.19 2.48 6 10 7 2 0 8 3.17 -0.85 1.48 27 7 4 1 0 9 2.41 -1.56 0.77 23 6 5 0 0 10 0.32 -3.07 0.18 6 4 1 0 0 11 5.94 1.30 2.28 8 7 6 2 0 12 4.90 -0.31 2.24 16 4 4 2 -------------------------------------------- 48.99 -5.46 3.29 JUN 101 72 16 WIND SPEED (mph) DOM YR MO AVG. HI DATE DIR --------------------------------- 0 1 4.7 39.0 3 NNW 0 2 4.5 33.0 26 SW 0 3 4.0 30.0 28 NNW 0 4 3.9 37.0 20 SW 0 5 2.7 44.0 27 SW 0 6 1.9 34.0 26 N 0 7 1.1 33.0 28 SW 0 8 1.9 29.0 27 SW 0 9 2.2 30.0 25 ESE 0 10 1.8 22.0 5 NNW 0 11 3.1 52.0 9 SW 0 12 4.1 37.0 17 NNW --------------------------------- 3.0 52.0 NOV SW