Warning: file(http://www.wunderground.com/climate/extremes.asp): failed to open stream: HTTP request failed! HTTP/1.0 500 Internal Server Error in /homepages/6/d330860172/htdocs/usaextremes.php on line 55

Warning: implode(): Invalid arguments passed in /homepages/6/d330860172/htdocs/usaextremes.php on line 55

NOAA Style Climate Reports for Lebanon, TN

NOAA style reports

NOAA-style Climate Reports

2018: Jan | Feb | Mar | Apr | May | Jun | Jul | Aug | Sep | Oct | Nov | Dec 
2017: Jan | Feb | Mar | Apr | May | Jun | Jul | Aug | Sep | Oct | Nov | Dec 
2016: Jan | Feb | Mar | Apr | May | Jun | Jul | Aug | Sep | Oct | Nov | Dec 
2015: Jan | Feb | Mar | Apr | May | Jun | Jul | Aug | Sep | Oct | Nov | Dec 
2014: Jan | Feb | Mar | Apr | May | Jun | Jul | Aug | Sep | Oct | Nov | Dec 
2013: Jan | Feb | Mar | Apr | May | Jun | Jul | Aug | Sep | Oct | Nov | Dec 
2012: Jan | Feb | Mar | Apr | May | Jun | Jul | Aug | Sep | Oct | Nov | Dec 
2011: Jan | Feb | Mar | Apr | May | Jun | Jul | Aug | Sep | Oct | Nov | Dec 
2010: Jan | Feb | Mar | Apr | May | Jun | Jul | Aug | Sep | Oct | Nov | Dec 
2009: Jan | Feb | Mar | Apr | May | Jun | Jul | Aug | Sep | Oct | Nov | Dec 
2008: Jan | Feb | Mar | Apr | May | Jun | Jul | Aug | Sep | Oct | Nov | Dec 
2007: Jan | Feb | Mar | Apr | May | Jun | Jul | Aug | Sep | Oct | Nov | Dec 
2006: Jan | Feb | Mar | Apr | May | Jun | Jul | Aug | Sep | Oct | Nov | Dec 
2005: Jan | Feb | Mar | Apr | May | Jun | Jul | Aug | Sep | Oct | Nov | Dec 
2004: Jan | Feb | Mar | Apr | May | Jun | Jul | Aug | Sep | Oct | Nov | Dec 
2003: Jan | Feb | Mar | Apr | May | Jun | Jul | Aug | Sep | Oct | Nov | Dec 
2002: Jan | Feb | Mar | Apr | May | Jun | Jul | Aug | Sep | Oct | Nov | Dec 
2001: Jan | Feb | Mar | Apr | May | Jun | Jul | Aug | Sep | Oct | Nov | Dec 
2000: Jan | Feb | Mar | Apr | May | Jun | Jul | Aug | Sep | Oct | Nov | Dec 
1999: Jan | Feb | Mar | Apr | May | Jun | Jul | Aug | Sep | Oct | Nov | Dec 
1998: Jan | Feb | Mar | Apr | May | Jun | Jul | Aug | Sep | Oct | Nov | Dec 
1997: Jan | Feb | Mar | Apr | May | Jun | Jul | Aug | Sep | Oct | Nov | Dec 
1996: Jan | Feb | Mar | Apr | May | Jun | Jul | Aug | Sep | Oct | Nov | Dec 
1995: Jan | Feb | Mar | Apr | May | Jun | Jul | Aug | Sep | Oct | Nov | Dec 

Report for 2000 01
MONTHLY CLIMATOLOGICAL SUMMARY for JAN. 2000 NAME: HornSpri CITY: Lebanon STATE: TN ELEV: 612 ft LAT: 36 14' 05" N LONG: 86 22' 55" W TEMPERATURE (F), RAIN (in), WIND SPEED (mph) HEAT COOL AVG MEAN DEG DEG WIND DOM DAY TEMP HIGH TIME LOW TIME DAYS DAYS RAIN SPEED HIGH TIME DIR ------------------------------------------------------------------------------------ 1 2 3 63.0 67.0 0:08 59.0 0:08 2.0 0.0 0.00 --- --- --- --- 4 61.0 72.0 0:08 50.0 0:08 4.0 0.0 2.01 --- --- --- --- 5 6 30.5 38.0 0:08 23.0 0:08 34.5 0.0 0.00 --- --- --- --- 7 38.0 53.0 0:08 23.0 0:08 27.0 0.0 0.00 --- --- --- --- 8 39.0 53.0 0:08 25.0 0:08 26.0 0.0 0.00 --- --- --- --- 9 38.5 48.0 0:08 29.0 0:08 26.5 0.0 0.73 --- --- --- --- 10 53.5 63.0 0:08 44.0 0:08 11.5 0.0 0.00 --- --- --- --- 11 51.5 62.0 0:08 41.0 0:08 13.5 0.0 0.00 --- --- --- --- 12 45.5 62.0 0:08 29.0 0:08 19.5 0.0 0.00 --- --- --- --- 13 46.5 63.0 0:08 30.0 0:08 18.5 0.0 0.30 --- --- --- --- 14 37.0 49.0 0:08 25.0 0:08 28.0 0.0 0.00 --- --- --- --- 15 32.0 41.0 0:08 23.0 0:08 33.0 0.0 0.00 --- --- --- --- 16 17 45.0 55.0 0:08 35.0 0:08 20.0 0.0 0.10 --- --- --- --- 18 42.0 49.0 0:08 35.0 0:08 23.0 0.0 0.51 --- --- --- --- 19 37.5 42.0 0:08 33.0 0:08 27.5 0.0 0.01 --- --- --- --- 20 39.5 46.0 0:08 33.0 0:08 25.5 0.0 0.30 --- --- --- --- 21 25.0 35.0 0:08 15.0 0:08 40.0 0.0 0.00 --- --- --- --- 22 24.0 33.0 0:08 15.0 0:08 41.0 0.0 0.00 --- --- --- --- 23 31.5 35.0 0:08 28.0 0:08 33.5 0.0 0.23 --- --- --- --- 24 29.5 37.0 0:08 22.0 0:08 35.5 0.0 0.00 --- --- --- --- 25 21.5 30.0 0:08 13.0 0:08 43.5 0.0 0.00 --- --- --- --- 26 19.5 26.0 0:08 13.0 0:08 45.5 0.0 0.00 --- --- --- --- 27 22.5 31.0 0:08 14.0 0:08 42.5 0.0 0.00 --- --- --- --- 28 22.0 31.0 0:08 13.0 0:08 43.0 0.0 0.00 --- --- --- --- 29 31.5 39.0 0:08 24.0 0:08 33.5 0.0 0.25 --- --- --- --- 30 35.0 38.0 0:08 32.0 0:08 30.0 0.0 0.20 --- --- --- --- 31 30.0 33.0 0:08 27.0 0:08 35.0 0.0 0.00 --- --- --- --- ------------------------------------------------------------------------------------- 36.7 72.0 4 13.0 25 763.0 0.0 4.64 --- --- --- --- Max >= 90.0: 0 Max <= 32.0: 4 Min <= 32.0: 19 Min <= 0.0: 0 Max Rain: 2.01 ON 01/04/00 Days of Rain: 9 (>.01 in) 8 (>.1 in) 1 (>1 in) Heat Base: 65.0 Cool Base: 65.0 Method: (High + Low) / 2